{"id":99656,"date":"2025-12-23T05:06:35","date_gmt":"2025-12-23T05:06:35","guid":{"rendered":"https:\/\/adl-regalosempresa.com\/tiendaonline\/articulos\/merchandising\/camiseta-de-manga-corta-para-mujer-heros-para-personalizar\/"},"modified":"2026-04-19T05:26:19","modified_gmt":"2026-04-19T05:26:19","slug":"camiseta-de-manga-corta-para-mujer-heros-para-personalizar-con-logo","status":"publish","type":"product","link":"https:\/\/adl-regalosempresa.com\/tiendaonline\/articulos\/merchandising\/camiseta-de-manga-corta-para-mujer-heros-para-personalizar-con-logo\/","title":{"rendered":"Camiseta de manga corta para mujer \u201dHeros\u201d para personalizar con logo"},"content":{"rendered":"<p>La camiseta Heros de manga corta para mujer es perfecta para todos los eventos. Las costuras laterales entalladas, las mangas m\u00e1s cortas y el escote m\u00e1s bajo se han considerado cuidadosamente para crear un ajuste y un dise\u00f1o femeninos. Fabricada con algod\u00f3n de 150 g\/m\u00b2, es ligera y c\u00f3moda de llevar. Adem\u00e1s, el material de algod\u00f3n es suave al tacto e ideal para marcas de alta calidad. Gracias a la etiqueta interior del cuello que se puede quitar f\u00e1cilmente en dos segmentos, el dise\u00f1o deja espacio para la marca interior personalizada, manteniendo la informaci\u00f3n de la talla.<\/p>\n","protected":false},"excerpt":{"rendered":"<p><strong>Descuentos por cantidades<\/strong><br \/>&#8211; a partir de 100 unidades: 4,15 \u20ac\/ud<br \/>&#8211; a partir de 250 unidades: 4,15 \u20ac\/ud<br \/>&#8211; a partir de 1000 unidades: 4,06 \u20ac\/ud<\/p>\n<p>Para cantidades superiores a las aqu\u00ed indicadas, no dudes en ponerte en contacto con nuestro departamento comercial o <a href='https:\/\/adl-regalosempresa.com\/tiendaonline\/solicitud-presupuesto\/'>pedirnos presupuesto personalizado<\/a>, ajustaremos el presupuesto a tus necesidades.<\/p>\n","protected":false},"featured_media":99658,"template":"","meta":{"_kad_post_transparent":"","_kad_post_title":"","_kad_post_layout":"","_kad_post_sidebar_id":"","_kad_post_content_style":"","_kad_post_vertical_padding":"","_kad_post_feature":"","_kad_post_feature_position":"","_kad_post_header":false,"_kad_post_footer":false,"_kad_post_classname":""},"product_brand":[],"product_cat":[5430,3649],"product_tag":[],"class_list":{"0":"post-99656","1":"product","2":"type-product","3":"status-publish","4":"has-post-thumbnail","6":"product_cat-camisetas","7":"product_cat-ropa","8":"pa_color-amarillo","9":"pa_color-aqua","10":"pa_color-azul","11":"pa_color-azul-aqua","12":"pa_color-azul-claro","13":"pa_color-azul-marino","14":"pa_color-blanco","15":"pa_color-burdeos","16":"pa_color-carbon","17":"pa_color-gris-claro","18":"pa_color-gris-mezcla","19":"pa_color-gris-tormenta","20":"pa_color-magenta","21":"pa_color-naranja","22":"pa_color-negro-intenso","23":"pa_color-rojo","24":"pa_color-rosa-claro","25":"pa_color-verde-bosque","26":"pa_color-verde-helecho","27":"pa_color-verde-manzana","28":"pa_color-verde-militar","29":"pa_color-simple-amarillo","30":"pa_color-simple-azul","31":"pa_color-simple-gris","32":"pa_color-simple-negro-intenso","33":"pa_color-simple-rojo","34":"pa_color-simple-rosa","35":"pa_color-simple-verde","36":"pa_genero-mujer","37":"pa_marca-elevate","38":"pa_material-punto-de-jersey-sencillo-100-algodon-bci-150-g-m2","39":"pa_talla-2xl","40":"pa_talla-xs","41":"pa_talla-s","42":"pa_talla-m","43":"pa_talla-l","44":"pa_talla-xl","45":"pa_talla-xxl","46":"pa_talla-3xl","47":"pa_talla-4xl","49":"first","50":"onbackorder","51":"taxable","52":"shipping-taxable","53":"purchasable","54":"product-type-variable","55":"entry","56":"content-bg","57":"loop-entry"},"yoast_head":"<!-- This site is optimized with the Yoast SEO plugin v26.3 - https:\/\/yoast.com\/wordpress\/plugins\/seo\/ -->\n<title>Merchandising Camiseta de manga corta para mujer \u201dHeros\u201d para personalizar con logo - ADL<\/title>\n<meta name=\"description\" content=\"Art\u00edculo de merchandising Camiseta de manga corta para mujer \u201dHeros\u201d. La camiseta Heros de manga corta para mujer es perfecta para todos los eventos. Las costuras laterales entalladas, las mangas m\u00e1s cortas y el escote m\u00e1s bajo se han considerado cuidadosamente para crear un ajuste y un dise\u00f1o femeninos. Fabricada con algod\u00f3n de 150 g\/m\u00b2, es ligera y c\u00f3moda de llevar. Adem\u00e1s, el material de algod\u00f3n es suave al tacto e ideal para marcas de alta calidad. Gracias a la etiqueta interior del cuello que se puede quitar f\u00e1cilmente en dos segmentos, el dise\u00f1o deja espacio para la marca interior personalizada, manteniendo la informaci\u00f3n de la talla.\" \/>\n<meta name=\"robots\" content=\"index, follow, max-snippet:-1, max-image-preview:large, max-video-preview:-1\" \/>\n<link rel=\"canonical\" href=\"https:\/\/adl-regalosempresa.com\/tiendaonline\/articulos\/merchandising\/camiseta-de-manga-corta-para-mujer-heros-para-personalizar-con-logo\/\" \/>\n<meta property=\"og:locale\" content=\"es_ES\" \/>\n<meta property=\"og:type\" content=\"article\" \/>\n<meta property=\"og:title\" content=\"Merchandising Camiseta de manga corta para mujer \u201dHeros\u201d para personalizar con logo - ADL\" \/>\n<meta property=\"og:description\" content=\"Art\u00edculo de merchandising Camiseta de manga corta para mujer \u201dHeros\u201d. La camiseta Heros de manga corta para mujer es perfecta para todos los eventos. Las costuras laterales entalladas, las mangas m\u00e1s cortas y el escote m\u00e1s bajo se han considerado cuidadosamente para crear un ajuste y un dise\u00f1o femeninos. Fabricada con algod\u00f3n de 150 g\/m\u00b2, es ligera y c\u00f3moda de llevar. Adem\u00e1s, el material de algod\u00f3n es suave al tacto e ideal para marcas de alta calidad. Gracias a la etiqueta interior del cuello que se puede quitar f\u00e1cilmente en dos segmentos, el dise\u00f1o deja espacio para la marca interior personalizada, manteniendo la informaci\u00f3n de la talla.\" \/>\n<meta property=\"og:url\" content=\"https:\/\/adl-regalosempresa.com\/tiendaonline\/articulos\/merchandising\/camiseta-de-manga-corta-para-mujer-heros-para-personalizar-con-logo\/\" \/>\n<meta property=\"og:site_name\" content=\"ADL Comunicaci\u00f3n\" \/>\n<meta property=\"article:modified_time\" content=\"2026-04-19T05:26:19+00:00\" \/>\n<meta property=\"og:image\" content=\"https:\/\/adl-regalosempresa.com\/tiendaonline\/wp-content\/uploads\/2022\/06\/3802901.jpg\" \/>\n\t<meta property=\"og:image:width\" content=\"1600\" \/>\n\t<meta property=\"og:image:height\" content=\"1600\" \/>\n\t<meta property=\"og:image:type\" content=\"image\/jpeg\" \/>\n<meta name=\"twitter:card\" content=\"summary_large_image\" \/>\n<meta name=\"twitter:title\" content=\"Merchandising Camiseta de manga corta para mujer \u201dHeros\u201d para personalizar con logo - ADL\" \/>\n<meta name=\"twitter:label1\" content=\"Tiempo de lectura\" \/>\n\t<meta name=\"twitter:data1\" content=\"1 minuto\" \/>\n<script type=\"application\/ld+json\" class=\"yoast-schema-graph\">{\"@context\":\"https:\/\/schema.org\",\"@graph\":[{\"@type\":\"WebPage\",\"@id\":\"https:\/\/adl-regalosempresa.com\/tiendaonline\/articulos\/merchandising\/camiseta-de-manga-corta-para-mujer-heros-para-personalizar-con-logo\/\",\"url\":\"https:\/\/adl-regalosempresa.com\/tiendaonline\/articulos\/merchandising\/camiseta-de-manga-corta-para-mujer-heros-para-personalizar-con-logo\/\",\"name\":\"Merchandising Camiseta de manga corta para mujer \u201dHeros\u201d para personalizar con logo - ADL\",\"isPartOf\":{\"@id\":\"https:\/\/adl-regalosempresa.com\/tiendaonline\/#website\"},\"primaryImageOfPage\":{\"@id\":\"https:\/\/adl-regalosempresa.com\/tiendaonline\/articulos\/merchandising\/camiseta-de-manga-corta-para-mujer-heros-para-personalizar-con-logo\/#primaryimage\"},\"image\":{\"@id\":\"https:\/\/adl-regalosempresa.com\/tiendaonline\/articulos\/merchandising\/camiseta-de-manga-corta-para-mujer-heros-para-personalizar-con-logo\/#primaryimage\"},\"thumbnailUrl\":\"https:\/\/adl-regalosempresa.com\/tiendaonline\/wp-content\/uploads\/2022\/06\/3802901.jpg\",\"datePublished\":\"2025-12-23T05:06:35+00:00\",\"dateModified\":\"2026-04-19T05:26:19+00:00\",\"description\":\"Art\u00edculo de merchandising Camiseta de manga corta para mujer \u201dHeros\u201d. La camiseta Heros de manga corta para mujer es perfecta para todos los eventos. Las costuras laterales entalladas, las mangas m\u00e1s cortas y el escote m\u00e1s bajo se han considerado cuidadosamente para crear un ajuste y un dise\u00f1o femeninos. Fabricada con algod\u00f3n de 150 g\/m\u00b2, es ligera y c\u00f3moda de llevar. Adem\u00e1s, el material de algod\u00f3n es suave al tacto e ideal para marcas de alta calidad. Gracias a la etiqueta interior del cuello que se puede quitar f\u00e1cilmente en dos segmentos, el dise\u00f1o deja espacio para la marca interior personalizada, manteniendo la informaci\u00f3n de la talla.\",\"breadcrumb\":{\"@id\":\"https:\/\/adl-regalosempresa.com\/tiendaonline\/articulos\/merchandising\/camiseta-de-manga-corta-para-mujer-heros-para-personalizar-con-logo\/#breadcrumb\"},\"inLanguage\":\"es\",\"potentialAction\":[{\"@type\":\"ReadAction\",\"target\":[\"https:\/\/adl-regalosempresa.com\/tiendaonline\/articulos\/merchandising\/camiseta-de-manga-corta-para-mujer-heros-para-personalizar-con-logo\/\"]}]},{\"@type\":\"ImageObject\",\"inLanguage\":\"es\",\"@id\":\"https:\/\/adl-regalosempresa.com\/tiendaonline\/articulos\/merchandising\/camiseta-de-manga-corta-para-mujer-heros-para-personalizar-con-logo\/#primaryimage\",\"url\":\"https:\/\/adl-regalosempresa.com\/tiendaonline\/wp-content\/uploads\/2022\/06\/3802901.jpg\",\"contentUrl\":\"https:\/\/adl-regalosempresa.com\/tiendaonline\/wp-content\/uploads\/2022\/06\/3802901.jpg\",\"width\":1600,\"height\":1600,\"caption\":\"Camiseta de manga corta para mujer \u201dHeros\u201d\"},{\"@type\":\"BreadcrumbList\",\"@id\":\"https:\/\/adl-regalosempresa.com\/tiendaonline\/articulos\/merchandising\/camiseta-de-manga-corta-para-mujer-heros-para-personalizar-con-logo\/#breadcrumb\",\"itemListElement\":[{\"@type\":\"ListItem\",\"position\":1,\"name\":\"Portada\",\"item\":\"https:\/\/adl-regalosempresa.com\/tiendaonline\/\"},{\"@type\":\"ListItem\",\"position\":2,\"name\":\"Tienda\",\"item\":\"https:\/\/adl-regalosempresa.com\/tiendaonline\/tienda\/\"},{\"@type\":\"ListItem\",\"position\":3,\"name\":\"Camiseta de manga corta para mujer \u201dHeros\u201d para personalizar con logo\"}]},{\"@type\":\"WebSite\",\"@id\":\"https:\/\/adl-regalosempresa.com\/tiendaonline\/#website\",\"url\":\"https:\/\/adl-regalosempresa.com\/tiendaonline\/\",\"name\":\"ADL Comunicaci\u00f3n\",\"description\":\"Regalos de empresa\",\"publisher\":{\"@id\":\"https:\/\/adl-regalosempresa.com\/tiendaonline\/#organization\"},\"potentialAction\":[{\"@type\":\"SearchAction\",\"target\":{\"@type\":\"EntryPoint\",\"urlTemplate\":\"https:\/\/adl-regalosempresa.com\/tiendaonline\/?s={search_term_string}\"},\"query-input\":{\"@type\":\"PropertyValueSpecification\",\"valueRequired\":true,\"valueName\":\"search_term_string\"}}],\"inLanguage\":\"es\"},{\"@type\":\"Organization\",\"@id\":\"https:\/\/adl-regalosempresa.com\/tiendaonline\/#organization\",\"name\":\"ADL Comunicaci\u00f3n\",\"url\":\"https:\/\/adl-regalosempresa.com\/tiendaonline\/\",\"logo\":{\"@type\":\"ImageObject\",\"inLanguage\":\"es\",\"@id\":\"https:\/\/adl-regalosempresa.com\/tiendaonline\/#\/schema\/logo\/image\/\",\"url\":\"https:\/\/adl-regalosempresa.com\/tiendaonline\/wp-content\/uploads\/2017\/09\/logo-adl-wp.png\",\"contentUrl\":\"https:\/\/adl-regalosempresa.com\/tiendaonline\/wp-content\/uploads\/2017\/09\/logo-adl-wp.png\",\"width\":407,\"height\":185,\"caption\":\"ADL Comunicaci\u00f3n\"},\"image\":{\"@id\":\"https:\/\/adl-regalosempresa.com\/tiendaonline\/#\/schema\/logo\/image\/\"}}]}<\/script>\n<!-- \/ Yoast SEO plugin. -->","yoast_head_json":{"title":"Merchandising Camiseta de manga corta para mujer \u201dHeros\u201d para personalizar con logo - ADL","description":"Art\u00edculo de merchandising Camiseta de manga corta para mujer \u201dHeros\u201d. La camiseta Heros de manga corta para mujer es perfecta para todos los eventos. Las costuras laterales entalladas, las mangas m\u00e1s cortas y el escote m\u00e1s bajo se han considerado cuidadosamente para crear un ajuste y un dise\u00f1o femeninos. Fabricada con algod\u00f3n de 150 g\/m\u00b2, es ligera y c\u00f3moda de llevar. Adem\u00e1s, el material de algod\u00f3n es suave al tacto e ideal para marcas de alta calidad. Gracias a la etiqueta interior del cuello que se puede quitar f\u00e1cilmente en dos segmentos, el dise\u00f1o deja espacio para la marca interior personalizada, manteniendo la informaci\u00f3n de la talla.","robots":{"index":"index","follow":"follow","max-snippet":"max-snippet:-1","max-image-preview":"max-image-preview:large","max-video-preview":"max-video-preview:-1"},"canonical":"https:\/\/adl-regalosempresa.com\/tiendaonline\/articulos\/merchandising\/camiseta-de-manga-corta-para-mujer-heros-para-personalizar-con-logo\/","og_locale":"es_ES","og_type":"article","og_title":"Merchandising Camiseta de manga corta para mujer \u201dHeros\u201d para personalizar con logo - ADL","og_description":"Art\u00edculo de merchandising Camiseta de manga corta para mujer \u201dHeros\u201d. La camiseta Heros de manga corta para mujer es perfecta para todos los eventos. Las costuras laterales entalladas, las mangas m\u00e1s cortas y el escote m\u00e1s bajo se han considerado cuidadosamente para crear un ajuste y un dise\u00f1o femeninos. Fabricada con algod\u00f3n de 150 g\/m\u00b2, es ligera y c\u00f3moda de llevar. Adem\u00e1s, el material de algod\u00f3n es suave al tacto e ideal para marcas de alta calidad. Gracias a la etiqueta interior del cuello que se puede quitar f\u00e1cilmente en dos segmentos, el dise\u00f1o deja espacio para la marca interior personalizada, manteniendo la informaci\u00f3n de la talla.","og_url":"https:\/\/adl-regalosempresa.com\/tiendaonline\/articulos\/merchandising\/camiseta-de-manga-corta-para-mujer-heros-para-personalizar-con-logo\/","og_site_name":"ADL Comunicaci\u00f3n","article_modified_time":"2026-04-19T05:26:19+00:00","og_image":[{"width":1600,"height":1600,"url":"https:\/\/adl-regalosempresa.com\/tiendaonline\/wp-content\/uploads\/2022\/06\/3802901.jpg","type":"image\/jpeg"}],"twitter_card":"summary_large_image","twitter_title":"Merchandising Camiseta de manga corta para mujer \u201dHeros\u201d para personalizar con logo - ADL","twitter_misc":{"Tiempo de lectura":"1 minuto"},"schema":{"@context":"https:\/\/schema.org","@graph":[{"@type":"WebPage","@id":"https:\/\/adl-regalosempresa.com\/tiendaonline\/articulos\/merchandising\/camiseta-de-manga-corta-para-mujer-heros-para-personalizar-con-logo\/","url":"https:\/\/adl-regalosempresa.com\/tiendaonline\/articulos\/merchandising\/camiseta-de-manga-corta-para-mujer-heros-para-personalizar-con-logo\/","name":"Merchandising Camiseta de manga corta para mujer \u201dHeros\u201d para personalizar con logo - ADL","isPartOf":{"@id":"https:\/\/adl-regalosempresa.com\/tiendaonline\/#website"},"primaryImageOfPage":{"@id":"https:\/\/adl-regalosempresa.com\/tiendaonline\/articulos\/merchandising\/camiseta-de-manga-corta-para-mujer-heros-para-personalizar-con-logo\/#primaryimage"},"image":{"@id":"https:\/\/adl-regalosempresa.com\/tiendaonline\/articulos\/merchandising\/camiseta-de-manga-corta-para-mujer-heros-para-personalizar-con-logo\/#primaryimage"},"thumbnailUrl":"https:\/\/adl-regalosempresa.com\/tiendaonline\/wp-content\/uploads\/2022\/06\/3802901.jpg","datePublished":"2025-12-23T05:06:35+00:00","dateModified":"2026-04-19T05:26:19+00:00","description":"Art\u00edculo de merchandising Camiseta de manga corta para mujer \u201dHeros\u201d. La camiseta Heros de manga corta para mujer es perfecta para todos los eventos. Las costuras laterales entalladas, las mangas m\u00e1s cortas y el escote m\u00e1s bajo se han considerado cuidadosamente para crear un ajuste y un dise\u00f1o femeninos. Fabricada con algod\u00f3n de 150 g\/m\u00b2, es ligera y c\u00f3moda de llevar. Adem\u00e1s, el material de algod\u00f3n es suave al tacto e ideal para marcas de alta calidad. Gracias a la etiqueta interior del cuello que se puede quitar f\u00e1cilmente en dos segmentos, el dise\u00f1o deja espacio para la marca interior personalizada, manteniendo la informaci\u00f3n de la talla.","breadcrumb":{"@id":"https:\/\/adl-regalosempresa.com\/tiendaonline\/articulos\/merchandising\/camiseta-de-manga-corta-para-mujer-heros-para-personalizar-con-logo\/#breadcrumb"},"inLanguage":"es","potentialAction":[{"@type":"ReadAction","target":["https:\/\/adl-regalosempresa.com\/tiendaonline\/articulos\/merchandising\/camiseta-de-manga-corta-para-mujer-heros-para-personalizar-con-logo\/"]}]},{"@type":"ImageObject","inLanguage":"es","@id":"https:\/\/adl-regalosempresa.com\/tiendaonline\/articulos\/merchandising\/camiseta-de-manga-corta-para-mujer-heros-para-personalizar-con-logo\/#primaryimage","url":"https:\/\/adl-regalosempresa.com\/tiendaonline\/wp-content\/uploads\/2022\/06\/3802901.jpg","contentUrl":"https:\/\/adl-regalosempresa.com\/tiendaonline\/wp-content\/uploads\/2022\/06\/3802901.jpg","width":1600,"height":1600,"caption":"Camiseta de manga corta para mujer \u201dHeros\u201d"},{"@type":"BreadcrumbList","@id":"https:\/\/adl-regalosempresa.com\/tiendaonline\/articulos\/merchandising\/camiseta-de-manga-corta-para-mujer-heros-para-personalizar-con-logo\/#breadcrumb","itemListElement":[{"@type":"ListItem","position":1,"name":"Portada","item":"https:\/\/adl-regalosempresa.com\/tiendaonline\/"},{"@type":"ListItem","position":2,"name":"Tienda","item":"https:\/\/adl-regalosempresa.com\/tiendaonline\/tienda\/"},{"@type":"ListItem","position":3,"name":"Camiseta de manga corta para mujer \u201dHeros\u201d para personalizar con logo"}]},{"@type":"WebSite","@id":"https:\/\/adl-regalosempresa.com\/tiendaonline\/#website","url":"https:\/\/adl-regalosempresa.com\/tiendaonline\/","name":"ADL Comunicaci\u00f3n","description":"Regalos de empresa","publisher":{"@id":"https:\/\/adl-regalosempresa.com\/tiendaonline\/#organization"},"potentialAction":[{"@type":"SearchAction","target":{"@type":"EntryPoint","urlTemplate":"https:\/\/adl-regalosempresa.com\/tiendaonline\/?s={search_term_string}"},"query-input":{"@type":"PropertyValueSpecification","valueRequired":true,"valueName":"search_term_string"}}],"inLanguage":"es"},{"@type":"Organization","@id":"https:\/\/adl-regalosempresa.com\/tiendaonline\/#organization","name":"ADL Comunicaci\u00f3n","url":"https:\/\/adl-regalosempresa.com\/tiendaonline\/","logo":{"@type":"ImageObject","inLanguage":"es","@id":"https:\/\/adl-regalosempresa.com\/tiendaonline\/#\/schema\/logo\/image\/","url":"https:\/\/adl-regalosempresa.com\/tiendaonline\/wp-content\/uploads\/2017\/09\/logo-adl-wp.png","contentUrl":"https:\/\/adl-regalosempresa.com\/tiendaonline\/wp-content\/uploads\/2017\/09\/logo-adl-wp.png","width":407,"height":185,"caption":"ADL Comunicaci\u00f3n"},"image":{"@id":"https:\/\/adl-regalosempresa.com\/tiendaonline\/#\/schema\/logo\/image\/"}}]}},"_links":{"self":[{"href":"https:\/\/adl-regalosempresa.com\/tiendaonline\/wp-json\/wp\/v2\/product\/99656","targetHints":{"allow":["GET"]}}],"collection":[{"href":"https:\/\/adl-regalosempresa.com\/tiendaonline\/wp-json\/wp\/v2\/product"}],"about":[{"href":"https:\/\/adl-regalosempresa.com\/tiendaonline\/wp-json\/wp\/v2\/types\/product"}],"wp:featuredmedia":[{"embeddable":true,"href":"https:\/\/adl-regalosempresa.com\/tiendaonline\/wp-json\/wp\/v2\/media\/99658"}],"wp:attachment":[{"href":"https:\/\/adl-regalosempresa.com\/tiendaonline\/wp-json\/wp\/v2\/media?parent=99656"}],"wp:term":[{"taxonomy":"product_brand","embeddable":true,"href":"https:\/\/adl-regalosempresa.com\/tiendaonline\/wp-json\/wp\/v2\/product_brand?post=99656"},{"taxonomy":"product_cat","embeddable":true,"href":"https:\/\/adl-regalosempresa.com\/tiendaonline\/wp-json\/wp\/v2\/product_cat?post=99656"},{"taxonomy":"product_tag","embeddable":true,"href":"https:\/\/adl-regalosempresa.com\/tiendaonline\/wp-json\/wp\/v2\/product_tag?post=99656"}],"curies":[{"name":"wp","href":"https:\/\/api.w.org\/{rel}","templated":true}]}}