{"id":90939,"date":"2026-05-15T04:03:02","date_gmt":"2026-05-15T04:03:02","guid":{"rendered":"https:\/\/adl-regalosempresa.com\/tiendaonline\/articulos\/merchandising\/mochila-23l-para-personalizar-2\/"},"modified":"2026-05-15T06:59:51","modified_gmt":"2026-05-15T06:59:51","slug":"mochila-23l-vancouver-para-personalizar-con-logo","status":"publish","type":"product","link":"https:\/\/adl-regalosempresa.com\/tiendaonline\/articulos\/merchandising\/mochila-23l-vancouver-para-personalizar-con-logo\/","title":{"rendered":"Mochila 23L Vancouver para personalizar con logo"},"content":{"rendered":"<p>La mochila Vancouver es una mochila sencilla con muchas opciones para imprimir un logotipo u otro mensaje corporativo. La bolsa est\u00e1 fabricada en poli\u00e9ster 600D, un material resistente adecuado para mochilas de alta calidad. La bolsa tiene un compartimento principal con cremallera para los objetos grandes, mientras que el bolsillo frontal con cremallera es \u00fatil para los objetos m\u00e1s peque\u00f1os. Gracias a los tirantes acolchados ajustables, esta mochila se adapta a cualquier adulto o ni\u00f1o. Adem\u00e1s, la mochila Vancouver es f\u00e1cil de transportar gracias al asa superior.<\/p>\n","protected":false},"excerpt":{"rendered":"<p><strong>Descuentos por cantidades<\/strong><br \/>&#8211; a partir de 100 unidades: 9,45 \u20ac\/ud<br \/>&#8211; a partir de 250 unidades: 9,16 \u20ac\/ud<br \/>&#8211; a partir de 1000 unidades: 8,99 \u20ac\/ud<\/p>\n<p>Para cantidades superiores a las aqu\u00ed indicadas, no dudes en ponerte en contacto con nuestro departamento comercial o <a href='https:\/\/adl-regalosempresa.com\/tiendaonline\/solicitud-presupuesto\/'>pedirnos presupuesto personalizado<\/a>, ajustaremos el presupuesto a tus necesidades.<\/p>\n","protected":false},"featured_media":90943,"template":"","meta":{"_kad_post_transparent":"","_kad_post_title":"","_kad_post_layout":"","_kad_post_sidebar_id":"","_kad_post_content_style":"","_kad_post_vertical_padding":"","_kad_post_feature":"","_kad_post_feature_position":"","_kad_post_header":false,"_kad_post_footer":false,"_kad_post_classname":""},"product_brand":[],"product_cat":[3526,4808],"product_tag":[],"class_list":{"0":"post-90939","1":"product","2":"type-product","3":"status-publish","4":"has-post-thumbnail","6":"product_cat-bolsas","7":"product_cat-mochilas","8":"pa_alto-45-cm","9":"pa_ancho-17-cm","10":"pa_color-azul-marino","11":"pa_color-gris","12":"pa_color-negro-intenso","13":"pa_color-process-blue","14":"pa_color-rojo","15":"pa_color-simple-negro-intenso","16":"pa_largo-35-cm","17":"pa_marca-unbranded","18":"pa_material-600d-poliester","19":"pa_peso-360-gr","21":"first","22":"instock","23":"taxable","24":"shipping-taxable","25":"purchasable","26":"product-type-variable","27":"entry","28":"content-bg","29":"loop-entry"},"yoast_head":"<!-- This site is optimized with the Yoast SEO plugin v26.3 - https:\/\/yoast.com\/wordpress\/plugins\/seo\/ -->\n<title>Merchandising Mochila 23L Vancouver para personalizar con logo - ADL<\/title>\n<meta name=\"description\" content=\"Art\u00edculo de merchandising Mochila 23L Vancouver. La mochila Vancouver es una mochila sencilla con muchas opciones para imprimir un logotipo u otro mensaje corporativo. La bolsa est\u00e1 fabricada en poli\u00e9ster 600D, un material resistente adecuado para mochilas de alta calidad. La bolsa tiene un compartimento principal con cremallera para los objetos grandes, mientras que el bolsillo frontal con cremallera es \u00fatil para los objetos m\u00e1s peque\u00f1os. Gracias a los tirantes acolchados ajustables, esta mochila se adapta a cualquier adulto o ni\u00f1o. Adem\u00e1s, la mochila Vancouver es f\u00e1cil de transportar gracias al asa superior.\" \/>\n<meta name=\"robots\" content=\"index, follow, max-snippet:-1, max-image-preview:large, max-video-preview:-1\" \/>\n<link rel=\"canonical\" href=\"https:\/\/adl-regalosempresa.com\/tiendaonline\/articulos\/merchandising\/mochila-23l-vancouver-para-personalizar-con-logo\/\" \/>\n<meta property=\"og:locale\" content=\"es_ES\" \/>\n<meta property=\"og:type\" content=\"article\" \/>\n<meta property=\"og:title\" content=\"Merchandising Mochila 23L Vancouver para personalizar con logo - ADL\" \/>\n<meta property=\"og:description\" content=\"Art\u00edculo de merchandising Mochila 23L Vancouver. La mochila Vancouver es una mochila sencilla con muchas opciones para imprimir un logotipo u otro mensaje corporativo. La bolsa est\u00e1 fabricada en poli\u00e9ster 600D, un material resistente adecuado para mochilas de alta calidad. La bolsa tiene un compartimento principal con cremallera para los objetos grandes, mientras que el bolsillo frontal con cremallera es \u00fatil para los objetos m\u00e1s peque\u00f1os. Gracias a los tirantes acolchados ajustables, esta mochila se adapta a cualquier adulto o ni\u00f1o. Adem\u00e1s, la mochila Vancouver es f\u00e1cil de transportar gracias al asa superior.\" \/>\n<meta property=\"og:url\" content=\"https:\/\/adl-regalosempresa.com\/tiendaonline\/articulos\/merchandising\/mochila-23l-vancouver-para-personalizar-con-logo\/\" \/>\n<meta property=\"og:site_name\" content=\"ADL Comunicaci\u00f3n\" \/>\n<meta property=\"article:modified_time\" content=\"2026-05-15T06:59:51+00:00\" \/>\n<meta property=\"og:image\" content=\"https:\/\/adl-regalosempresa.com\/tiendaonline\/wp-content\/uploads\/2022\/06\/11942800.jpg\" \/>\n\t<meta property=\"og:image:width\" content=\"1600\" \/>\n\t<meta property=\"og:image:height\" content=\"1600\" \/>\n\t<meta property=\"og:image:type\" content=\"image\/jpeg\" \/>\n<meta name=\"twitter:card\" content=\"summary_large_image\" \/>\n<meta name=\"twitter:title\" content=\"Merchandising Mochila 23L Vancouver para personalizar con logo - ADL\" \/>\n<script type=\"application\/ld+json\" class=\"yoast-schema-graph\">{\"@context\":\"https:\/\/schema.org\",\"@graph\":[{\"@type\":\"WebPage\",\"@id\":\"https:\/\/adl-regalosempresa.com\/tiendaonline\/articulos\/merchandising\/mochila-23l-vancouver-para-personalizar-con-logo\/\",\"url\":\"https:\/\/adl-regalosempresa.com\/tiendaonline\/articulos\/merchandising\/mochila-23l-vancouver-para-personalizar-con-logo\/\",\"name\":\"Merchandising Mochila 23L Vancouver para personalizar con logo - ADL\",\"isPartOf\":{\"@id\":\"https:\/\/adl-regalosempresa.com\/tiendaonline\/#website\"},\"primaryImageOfPage\":{\"@id\":\"https:\/\/adl-regalosempresa.com\/tiendaonline\/articulos\/merchandising\/mochila-23l-vancouver-para-personalizar-con-logo\/#primaryimage\"},\"image\":{\"@id\":\"https:\/\/adl-regalosempresa.com\/tiendaonline\/articulos\/merchandising\/mochila-23l-vancouver-para-personalizar-con-logo\/#primaryimage\"},\"thumbnailUrl\":\"https:\/\/adl-regalosempresa.com\/tiendaonline\/wp-content\/uploads\/2022\/06\/11942800.jpg\",\"datePublished\":\"2026-05-15T04:03:02+00:00\",\"dateModified\":\"2026-05-15T06:59:51+00:00\",\"description\":\"Art\u00edculo de merchandising Mochila 23L Vancouver. La mochila Vancouver es una mochila sencilla con muchas opciones para imprimir un logotipo u otro mensaje corporativo. La bolsa est\u00e1 fabricada en poli\u00e9ster 600D, un material resistente adecuado para mochilas de alta calidad. La bolsa tiene un compartimento principal con cremallera para los objetos grandes, mientras que el bolsillo frontal con cremallera es \u00fatil para los objetos m\u00e1s peque\u00f1os. Gracias a los tirantes acolchados ajustables, esta mochila se adapta a cualquier adulto o ni\u00f1o. Adem\u00e1s, la mochila Vancouver es f\u00e1cil de transportar gracias al asa superior.\",\"breadcrumb\":{\"@id\":\"https:\/\/adl-regalosempresa.com\/tiendaonline\/articulos\/merchandising\/mochila-23l-vancouver-para-personalizar-con-logo\/#breadcrumb\"},\"inLanguage\":\"es\",\"potentialAction\":[{\"@type\":\"ReadAction\",\"target\":[\"https:\/\/adl-regalosempresa.com\/tiendaonline\/articulos\/merchandising\/mochila-23l-vancouver-para-personalizar-con-logo\/\"]}]},{\"@type\":\"ImageObject\",\"inLanguage\":\"es\",\"@id\":\"https:\/\/adl-regalosempresa.com\/tiendaonline\/articulos\/merchandising\/mochila-23l-vancouver-para-personalizar-con-logo\/#primaryimage\",\"url\":\"https:\/\/adl-regalosempresa.com\/tiendaonline\/wp-content\/uploads\/2022\/06\/11942800.jpg\",\"contentUrl\":\"https:\/\/adl-regalosempresa.com\/tiendaonline\/wp-content\/uploads\/2022\/06\/11942800.jpg\",\"width\":1600,\"height\":1600,\"caption\":\"Mochila 23L Vancouver\"},{\"@type\":\"BreadcrumbList\",\"@id\":\"https:\/\/adl-regalosempresa.com\/tiendaonline\/articulos\/merchandising\/mochila-23l-vancouver-para-personalizar-con-logo\/#breadcrumb\",\"itemListElement\":[{\"@type\":\"ListItem\",\"position\":1,\"name\":\"Portada\",\"item\":\"https:\/\/adl-regalosempresa.com\/tiendaonline\/\"},{\"@type\":\"ListItem\",\"position\":2,\"name\":\"Tienda\",\"item\":\"https:\/\/adl-regalosempresa.com\/tiendaonline\/tienda\/\"},{\"@type\":\"ListItem\",\"position\":3,\"name\":\"Mochila 23L Vancouver para personalizar con logo\"}]},{\"@type\":\"WebSite\",\"@id\":\"https:\/\/adl-regalosempresa.com\/tiendaonline\/#website\",\"url\":\"https:\/\/adl-regalosempresa.com\/tiendaonline\/\",\"name\":\"ADL Comunicaci\u00f3n\",\"description\":\"Regalos de empresa\",\"publisher\":{\"@id\":\"https:\/\/adl-regalosempresa.com\/tiendaonline\/#organization\"},\"potentialAction\":[{\"@type\":\"SearchAction\",\"target\":{\"@type\":\"EntryPoint\",\"urlTemplate\":\"https:\/\/adl-regalosempresa.com\/tiendaonline\/?s={search_term_string}\"},\"query-input\":{\"@type\":\"PropertyValueSpecification\",\"valueRequired\":true,\"valueName\":\"search_term_string\"}}],\"inLanguage\":\"es\"},{\"@type\":\"Organization\",\"@id\":\"https:\/\/adl-regalosempresa.com\/tiendaonline\/#organization\",\"name\":\"ADL Comunicaci\u00f3n\",\"url\":\"https:\/\/adl-regalosempresa.com\/tiendaonline\/\",\"logo\":{\"@type\":\"ImageObject\",\"inLanguage\":\"es\",\"@id\":\"https:\/\/adl-regalosempresa.com\/tiendaonline\/#\/schema\/logo\/image\/\",\"url\":\"https:\/\/adl-regalosempresa.com\/tiendaonline\/wp-content\/uploads\/2017\/09\/logo-adl-wp.png\",\"contentUrl\":\"https:\/\/adl-regalosempresa.com\/tiendaonline\/wp-content\/uploads\/2017\/09\/logo-adl-wp.png\",\"width\":407,\"height\":185,\"caption\":\"ADL Comunicaci\u00f3n\"},\"image\":{\"@id\":\"https:\/\/adl-regalosempresa.com\/tiendaonline\/#\/schema\/logo\/image\/\"}}]}<\/script>\n<!-- \/ Yoast SEO plugin. -->","yoast_head_json":{"title":"Merchandising Mochila 23L Vancouver para personalizar con logo - ADL","description":"Art\u00edculo de merchandising Mochila 23L Vancouver. La mochila Vancouver es una mochila sencilla con muchas opciones para imprimir un logotipo u otro mensaje corporativo. La bolsa est\u00e1 fabricada en poli\u00e9ster 600D, un material resistente adecuado para mochilas de alta calidad. La bolsa tiene un compartimento principal con cremallera para los objetos grandes, mientras que el bolsillo frontal con cremallera es \u00fatil para los objetos m\u00e1s peque\u00f1os. Gracias a los tirantes acolchados ajustables, esta mochila se adapta a cualquier adulto o ni\u00f1o. Adem\u00e1s, la mochila Vancouver es f\u00e1cil de transportar gracias al asa superior.","robots":{"index":"index","follow":"follow","max-snippet":"max-snippet:-1","max-image-preview":"max-image-preview:large","max-video-preview":"max-video-preview:-1"},"canonical":"https:\/\/adl-regalosempresa.com\/tiendaonline\/articulos\/merchandising\/mochila-23l-vancouver-para-personalizar-con-logo\/","og_locale":"es_ES","og_type":"article","og_title":"Merchandising Mochila 23L Vancouver para personalizar con logo - ADL","og_description":"Art\u00edculo de merchandising Mochila 23L Vancouver. La mochila Vancouver es una mochila sencilla con muchas opciones para imprimir un logotipo u otro mensaje corporativo. La bolsa est\u00e1 fabricada en poli\u00e9ster 600D, un material resistente adecuado para mochilas de alta calidad. La bolsa tiene un compartimento principal con cremallera para los objetos grandes, mientras que el bolsillo frontal con cremallera es \u00fatil para los objetos m\u00e1s peque\u00f1os. Gracias a los tirantes acolchados ajustables, esta mochila se adapta a cualquier adulto o ni\u00f1o. Adem\u00e1s, la mochila Vancouver es f\u00e1cil de transportar gracias al asa superior.","og_url":"https:\/\/adl-regalosempresa.com\/tiendaonline\/articulos\/merchandising\/mochila-23l-vancouver-para-personalizar-con-logo\/","og_site_name":"ADL Comunicaci\u00f3n","article_modified_time":"2026-05-15T06:59:51+00:00","og_image":[{"width":1600,"height":1600,"url":"https:\/\/adl-regalosempresa.com\/tiendaonline\/wp-content\/uploads\/2022\/06\/11942800.jpg","type":"image\/jpeg"}],"twitter_card":"summary_large_image","twitter_title":"Merchandising Mochila 23L Vancouver para personalizar con logo - ADL","schema":{"@context":"https:\/\/schema.org","@graph":[{"@type":"WebPage","@id":"https:\/\/adl-regalosempresa.com\/tiendaonline\/articulos\/merchandising\/mochila-23l-vancouver-para-personalizar-con-logo\/","url":"https:\/\/adl-regalosempresa.com\/tiendaonline\/articulos\/merchandising\/mochila-23l-vancouver-para-personalizar-con-logo\/","name":"Merchandising Mochila 23L Vancouver para personalizar con logo - ADL","isPartOf":{"@id":"https:\/\/adl-regalosempresa.com\/tiendaonline\/#website"},"primaryImageOfPage":{"@id":"https:\/\/adl-regalosempresa.com\/tiendaonline\/articulos\/merchandising\/mochila-23l-vancouver-para-personalizar-con-logo\/#primaryimage"},"image":{"@id":"https:\/\/adl-regalosempresa.com\/tiendaonline\/articulos\/merchandising\/mochila-23l-vancouver-para-personalizar-con-logo\/#primaryimage"},"thumbnailUrl":"https:\/\/adl-regalosempresa.com\/tiendaonline\/wp-content\/uploads\/2022\/06\/11942800.jpg","datePublished":"2026-05-15T04:03:02+00:00","dateModified":"2026-05-15T06:59:51+00:00","description":"Art\u00edculo de merchandising Mochila 23L Vancouver. La mochila Vancouver es una mochila sencilla con muchas opciones para imprimir un logotipo u otro mensaje corporativo. La bolsa est\u00e1 fabricada en poli\u00e9ster 600D, un material resistente adecuado para mochilas de alta calidad. La bolsa tiene un compartimento principal con cremallera para los objetos grandes, mientras que el bolsillo frontal con cremallera es \u00fatil para los objetos m\u00e1s peque\u00f1os. Gracias a los tirantes acolchados ajustables, esta mochila se adapta a cualquier adulto o ni\u00f1o. Adem\u00e1s, la mochila Vancouver es f\u00e1cil de transportar gracias al asa superior.","breadcrumb":{"@id":"https:\/\/adl-regalosempresa.com\/tiendaonline\/articulos\/merchandising\/mochila-23l-vancouver-para-personalizar-con-logo\/#breadcrumb"},"inLanguage":"es","potentialAction":[{"@type":"ReadAction","target":["https:\/\/adl-regalosempresa.com\/tiendaonline\/articulos\/merchandising\/mochila-23l-vancouver-para-personalizar-con-logo\/"]}]},{"@type":"ImageObject","inLanguage":"es","@id":"https:\/\/adl-regalosempresa.com\/tiendaonline\/articulos\/merchandising\/mochila-23l-vancouver-para-personalizar-con-logo\/#primaryimage","url":"https:\/\/adl-regalosempresa.com\/tiendaonline\/wp-content\/uploads\/2022\/06\/11942800.jpg","contentUrl":"https:\/\/adl-regalosempresa.com\/tiendaonline\/wp-content\/uploads\/2022\/06\/11942800.jpg","width":1600,"height":1600,"caption":"Mochila 23L Vancouver"},{"@type":"BreadcrumbList","@id":"https:\/\/adl-regalosempresa.com\/tiendaonline\/articulos\/merchandising\/mochila-23l-vancouver-para-personalizar-con-logo\/#breadcrumb","itemListElement":[{"@type":"ListItem","position":1,"name":"Portada","item":"https:\/\/adl-regalosempresa.com\/tiendaonline\/"},{"@type":"ListItem","position":2,"name":"Tienda","item":"https:\/\/adl-regalosempresa.com\/tiendaonline\/tienda\/"},{"@type":"ListItem","position":3,"name":"Mochila 23L Vancouver para personalizar con logo"}]},{"@type":"WebSite","@id":"https:\/\/adl-regalosempresa.com\/tiendaonline\/#website","url":"https:\/\/adl-regalosempresa.com\/tiendaonline\/","name":"ADL Comunicaci\u00f3n","description":"Regalos de empresa","publisher":{"@id":"https:\/\/adl-regalosempresa.com\/tiendaonline\/#organization"},"potentialAction":[{"@type":"SearchAction","target":{"@type":"EntryPoint","urlTemplate":"https:\/\/adl-regalosempresa.com\/tiendaonline\/?s={search_term_string}"},"query-input":{"@type":"PropertyValueSpecification","valueRequired":true,"valueName":"search_term_string"}}],"inLanguage":"es"},{"@type":"Organization","@id":"https:\/\/adl-regalosempresa.com\/tiendaonline\/#organization","name":"ADL Comunicaci\u00f3n","url":"https:\/\/adl-regalosempresa.com\/tiendaonline\/","logo":{"@type":"ImageObject","inLanguage":"es","@id":"https:\/\/adl-regalosempresa.com\/tiendaonline\/#\/schema\/logo\/image\/","url":"https:\/\/adl-regalosempresa.com\/tiendaonline\/wp-content\/uploads\/2017\/09\/logo-adl-wp.png","contentUrl":"https:\/\/adl-regalosempresa.com\/tiendaonline\/wp-content\/uploads\/2017\/09\/logo-adl-wp.png","width":407,"height":185,"caption":"ADL Comunicaci\u00f3n"},"image":{"@id":"https:\/\/adl-regalosempresa.com\/tiendaonline\/#\/schema\/logo\/image\/"}}]}},"_links":{"self":[{"href":"https:\/\/adl-regalosempresa.com\/tiendaonline\/wp-json\/wp\/v2\/product\/90939","targetHints":{"allow":["GET"]}}],"collection":[{"href":"https:\/\/adl-regalosempresa.com\/tiendaonline\/wp-json\/wp\/v2\/product"}],"about":[{"href":"https:\/\/adl-regalosempresa.com\/tiendaonline\/wp-json\/wp\/v2\/types\/product"}],"wp:featuredmedia":[{"embeddable":true,"href":"https:\/\/adl-regalosempresa.com\/tiendaonline\/wp-json\/wp\/v2\/media\/90943"}],"wp:attachment":[{"href":"https:\/\/adl-regalosempresa.com\/tiendaonline\/wp-json\/wp\/v2\/media?parent=90939"}],"wp:term":[{"taxonomy":"product_brand","embeddable":true,"href":"https:\/\/adl-regalosempresa.com\/tiendaonline\/wp-json\/wp\/v2\/product_brand?post=90939"},{"taxonomy":"product_cat","embeddable":true,"href":"https:\/\/adl-regalosempresa.com\/tiendaonline\/wp-json\/wp\/v2\/product_cat?post=90939"},{"taxonomy":"product_tag","embeddable":true,"href":"https:\/\/adl-regalosempresa.com\/tiendaonline\/wp-json\/wp\/v2\/product_tag?post=90939"}],"curies":[{"name":"wp","href":"https:\/\/api.w.org\/{rel}","templated":true}]}}