{"id":145631,"date":"2026-04-12T04:48:06","date_gmt":"2026-04-12T04:48:06","guid":{"rendered":"https:\/\/adl-regalosempresa.com\/tiendaonline\/articulos\/merchandising\/mochila-con-ruedas-de-17-para-personalizar-con-logo\/"},"modified":"2026-04-18T08:12:04","modified_gmt":"2026-04-18T08:12:04","slug":"mochila-viaje-de-17-para-personalizar-con-logo","status":"publish","type":"product","link":"https:\/\/adl-regalosempresa.com\/tiendaonline\/articulos\/merchandising\/mochila-viaje-de-17-para-personalizar-con-logo\/","title":{"rendered":"Mochila viaje de 17&#8243; para personalizar con logo"},"content":{"rendered":"<p>Fabricada en poli\u00e9ster reciclado con certificado GRS con un forro de RPET, la mochila \u00abLibra\u00bb de 17&#8243; est\u00e1 dise\u00f1ada para cumplir los requisitos de equipaje de mano de las aerol\u00edneas, lo que la convierte en la compa\u00f1era de viaje ideal. Incluye un compartimento espec\u00edfico para un port\u00e1til de hasta 17&#8243;, una espaciosa secci\u00f3n principal con correas el\u00e1sticas y divisores de malla para mantener las pertenencias seguras y organizadas, as\u00ed como dos grandes bolsillos delanteros con cremallera para acceder f\u00e1cilmente a lo esencial. Para mayor comodidad, la mochila cuenta con un panel trasero transpirable, una correa para sujetarla a la maleta, correas ajustables para los hombros con una correa horizontal para el pecho, y asas superiores y laterales para ofrecer m\u00e1s opciones de transporte. Adecuada para viajes de negocios, trabajo a distancia o escapadas de fin de semana, esta mochila combina un dise\u00f1o elegante con una funcionalidad pr\u00e1ctica para viajar.<\/p>\n","protected":false},"excerpt":{"rendered":"<p><strong>Descuentos por cantidades<\/strong><br \/>&#8211; a partir de 50 unidades: 24,29 \u20ac\/ud<br \/>&#8211; a partir de 100 unidades: 24,29 \u20ac\/ud<br \/>&#8211; a partir de 500 unidades: 23,82 \u20ac\/ud<\/p>\n<p>Para cantidades superiores a las aqu\u00ed indicadas, no dudes en ponerte en contacto con nuestro departamento comercial o <a href='https:\/\/adl-regalosempresa.com\/tiendaonline\/solicitud-presupuesto\/'>pedirnos presupuesto personalizado<\/a>, ajustaremos el presupuesto a tus necesidades.<\/p>\n","protected":false},"featured_media":145633,"template":"","meta":{"_kad_post_transparent":"","_kad_post_title":"","_kad_post_layout":"","_kad_post_sidebar_id":"","_kad_post_content_style":"","_kad_post_vertical_padding":"","_kad_post_feature":"","_kad_post_feature_position":"","_kad_post_header":false,"_kad_post_footer":false,"_kad_post_classname":""},"product_brand":[],"product_cat":[3526,4808],"product_tag":[],"class_list":{"0":"post-145631","1":"product","2":"type-product","3":"status-publish","4":"has-post-thumbnail","6":"product_cat-bolsas","7":"product_cat-mochilas","8":"pa_alto-45-cm","9":"pa_ancho-17-cm","10":"pa_color-antracita-jaspeado","11":"pa_color-azul-jaspeado","12":"pa_color-gris-mezcla","13":"pa_color-simple-azul","14":"pa_color-simple-gris","15":"pa_largo-315-cm","16":"pa_marca-unbranded","17":"pa_material-poliester-reciclado-con-certificado-grs","18":"pa_peso-796-gr","20":"first","21":"instock","22":"taxable","23":"shipping-taxable","24":"purchasable","25":"product-type-variable","26":"entry","27":"content-bg","28":"loop-entry"},"yoast_head":"<!-- This site is optimized with the Yoast SEO plugin v26.3 - https:\/\/yoast.com\/wordpress\/plugins\/seo\/ -->\n<title>Merchandising Mochila viaje de 17&quot; para personalizar con logo - ADL<\/title>\n<meta name=\"description\" content=\"Art\u00edculo de merchandising Mochila viaje de 17&quot; de material reciclado GRS de 25\u00a0l &quot;Libra&quot;. Fabricada en poli\u00e9ster reciclado con certificado GRS con un forro de RPET, la mochila &quot;Libra&quot; de 17&quot; est\u00e1 dise\u00f1ada para cumplir los requisitos de equipaje de mano de las aerol\u00edneas, lo que la convierte en la compa\u00f1era de viaje ideal. Incluye un compartimento espec\u00edfico para un port\u00e1til de hasta 17&quot;, una espaciosa secci\u00f3n principal con correas el\u00e1sticas y divisores de malla para mantener las pertenencias seguras y organizadas, as\u00ed como dos grandes bolsillos delanteros con cremallera para acceder f\u00e1cilmente a lo esencial. Para mayor comodidad, la mochila cuenta con un panel trasero transpirable, una correa para sujetarla a la maleta, correas ajustables para los hombros con una correa horizontal para el pecho, y asas superiores y laterales para ofrecer m\u00e1s opciones de transporte. Adecuada para viajes de negocios, trabajo a distancia o escapadas de fin de semana, esta mochila combina un dise\u00f1o elegante con una funcionalidad pr\u00e1ctica para viajar.\" \/>\n<meta name=\"robots\" content=\"index, follow, max-snippet:-1, max-image-preview:large, max-video-preview:-1\" \/>\n<link rel=\"canonical\" href=\"https:\/\/adl-regalosempresa.com\/tiendaonline\/articulos\/merchandising\/mochila-viaje-de-17-para-personalizar-con-logo\/\" \/>\n<meta property=\"og:locale\" content=\"es_ES\" \/>\n<meta property=\"og:type\" content=\"article\" \/>\n<meta property=\"og:title\" content=\"Merchandising Mochila viaje de 17&quot; para personalizar con logo - ADL\" \/>\n<meta property=\"og:description\" content=\"Art\u00edculo de merchandising Mochila viaje de 17&quot; de material reciclado GRS de 25\u00a0l &quot;Libra&quot;. Fabricada en poli\u00e9ster reciclado con certificado GRS con un forro de RPET, la mochila &quot;Libra&quot; de 17&quot; est\u00e1 dise\u00f1ada para cumplir los requisitos de equipaje de mano de las aerol\u00edneas, lo que la convierte en la compa\u00f1era de viaje ideal. Incluye un compartimento espec\u00edfico para un port\u00e1til de hasta 17&quot;, una espaciosa secci\u00f3n principal con correas el\u00e1sticas y divisores de malla para mantener las pertenencias seguras y organizadas, as\u00ed como dos grandes bolsillos delanteros con cremallera para acceder f\u00e1cilmente a lo esencial. Para mayor comodidad, la mochila cuenta con un panel trasero transpirable, una correa para sujetarla a la maleta, correas ajustables para los hombros con una correa horizontal para el pecho, y asas superiores y laterales para ofrecer m\u00e1s opciones de transporte. Adecuada para viajes de negocios, trabajo a distancia o escapadas de fin de semana, esta mochila combina un dise\u00f1o elegante con una funcionalidad pr\u00e1ctica para viajar.\" \/>\n<meta property=\"og:url\" content=\"https:\/\/adl-regalosempresa.com\/tiendaonline\/articulos\/merchandising\/mochila-viaje-de-17-para-personalizar-con-logo\/\" \/>\n<meta property=\"og:site_name\" content=\"ADL Comunicaci\u00f3n\" \/>\n<meta property=\"article:modified_time\" content=\"2026-04-18T08:12:04+00:00\" \/>\n<meta property=\"og:image\" content=\"https:\/\/adl-regalosempresa.com\/tiendaonline\/wp-content\/uploads\/2026\/01\/13011155.jpg\" \/>\n\t<meta property=\"og:image:width\" content=\"1600\" \/>\n\t<meta property=\"og:image:height\" content=\"1600\" \/>\n\t<meta property=\"og:image:type\" content=\"image\/jpeg\" \/>\n<meta name=\"twitter:card\" content=\"summary_large_image\" \/>\n<meta name=\"twitter:title\" content=\"Merchandising Mochila viaje de 17&quot; para personalizar con logo - ADL\" \/>\n<meta name=\"twitter:label1\" content=\"Tiempo de lectura\" \/>\n\t<meta name=\"twitter:data1\" content=\"1 minuto\" \/>\n<script type=\"application\/ld+json\" class=\"yoast-schema-graph\">{\"@context\":\"https:\/\/schema.org\",\"@graph\":[{\"@type\":\"WebPage\",\"@id\":\"https:\/\/adl-regalosempresa.com\/tiendaonline\/articulos\/merchandising\/mochila-viaje-de-17-para-personalizar-con-logo\/\",\"url\":\"https:\/\/adl-regalosempresa.com\/tiendaonline\/articulos\/merchandising\/mochila-viaje-de-17-para-personalizar-con-logo\/\",\"name\":\"Merchandising Mochila viaje de 17\\\" para personalizar con logo - ADL\",\"isPartOf\":{\"@id\":\"https:\/\/adl-regalosempresa.com\/tiendaonline\/#website\"},\"primaryImageOfPage\":{\"@id\":\"https:\/\/adl-regalosempresa.com\/tiendaonline\/articulos\/merchandising\/mochila-viaje-de-17-para-personalizar-con-logo\/#primaryimage\"},\"image\":{\"@id\":\"https:\/\/adl-regalosempresa.com\/tiendaonline\/articulos\/merchandising\/mochila-viaje-de-17-para-personalizar-con-logo\/#primaryimage\"},\"thumbnailUrl\":\"https:\/\/adl-regalosempresa.com\/tiendaonline\/wp-content\/uploads\/2026\/01\/13011155.jpg\",\"datePublished\":\"2026-04-12T04:48:06+00:00\",\"dateModified\":\"2026-04-18T08:12:04+00:00\",\"description\":\"Art\u00edculo de merchandising Mochila viaje de 17\\\" de material reciclado GRS de 25\u00a0l \\\"Libra\\\". Fabricada en poli\u00e9ster reciclado con certificado GRS con un forro de RPET, la mochila \\\"Libra\\\" de 17\\\" est\u00e1 dise\u00f1ada para cumplir los requisitos de equipaje de mano de las aerol\u00edneas, lo que la convierte en la compa\u00f1era de viaje ideal. Incluye un compartimento espec\u00edfico para un port\u00e1til de hasta 17\\\", una espaciosa secci\u00f3n principal con correas el\u00e1sticas y divisores de malla para mantener las pertenencias seguras y organizadas, as\u00ed como dos grandes bolsillos delanteros con cremallera para acceder f\u00e1cilmente a lo esencial. Para mayor comodidad, la mochila cuenta con un panel trasero transpirable, una correa para sujetarla a la maleta, correas ajustables para los hombros con una correa horizontal para el pecho, y asas superiores y laterales para ofrecer m\u00e1s opciones de transporte. Adecuada para viajes de negocios, trabajo a distancia o escapadas de fin de semana, esta mochila combina un dise\u00f1o elegante con una funcionalidad pr\u00e1ctica para viajar.\",\"breadcrumb\":{\"@id\":\"https:\/\/adl-regalosempresa.com\/tiendaonline\/articulos\/merchandising\/mochila-viaje-de-17-para-personalizar-con-logo\/#breadcrumb\"},\"inLanguage\":\"es\",\"potentialAction\":[{\"@type\":\"ReadAction\",\"target\":[\"https:\/\/adl-regalosempresa.com\/tiendaonline\/articulos\/merchandising\/mochila-viaje-de-17-para-personalizar-con-logo\/\"]}]},{\"@type\":\"ImageObject\",\"inLanguage\":\"es\",\"@id\":\"https:\/\/adl-regalosempresa.com\/tiendaonline\/articulos\/merchandising\/mochila-viaje-de-17-para-personalizar-con-logo\/#primaryimage\",\"url\":\"https:\/\/adl-regalosempresa.com\/tiendaonline\/wp-content\/uploads\/2026\/01\/13011155.jpg\",\"contentUrl\":\"https:\/\/adl-regalosempresa.com\/tiendaonline\/wp-content\/uploads\/2026\/01\/13011155.jpg\",\"width\":1600,\"height\":1600,\"caption\":\"Mochila viaje de 17\\\" de material reciclado GRS de 25\u00a0l \\\"Libra\\\"\"},{\"@type\":\"BreadcrumbList\",\"@id\":\"https:\/\/adl-regalosempresa.com\/tiendaonline\/articulos\/merchandising\/mochila-viaje-de-17-para-personalizar-con-logo\/#breadcrumb\",\"itemListElement\":[{\"@type\":\"ListItem\",\"position\":1,\"name\":\"Portada\",\"item\":\"https:\/\/adl-regalosempresa.com\/tiendaonline\/\"},{\"@type\":\"ListItem\",\"position\":2,\"name\":\"Tienda\",\"item\":\"https:\/\/adl-regalosempresa.com\/tiendaonline\/tienda\/\"},{\"@type\":\"ListItem\",\"position\":3,\"name\":\"Mochila viaje de 17&#8243; para personalizar con logo\"}]},{\"@type\":\"WebSite\",\"@id\":\"https:\/\/adl-regalosempresa.com\/tiendaonline\/#website\",\"url\":\"https:\/\/adl-regalosempresa.com\/tiendaonline\/\",\"name\":\"ADL Comunicaci\u00f3n\",\"description\":\"Regalos de empresa\",\"publisher\":{\"@id\":\"https:\/\/adl-regalosempresa.com\/tiendaonline\/#organization\"},\"potentialAction\":[{\"@type\":\"SearchAction\",\"target\":{\"@type\":\"EntryPoint\",\"urlTemplate\":\"https:\/\/adl-regalosempresa.com\/tiendaonline\/?s={search_term_string}\"},\"query-input\":{\"@type\":\"PropertyValueSpecification\",\"valueRequired\":true,\"valueName\":\"search_term_string\"}}],\"inLanguage\":\"es\"},{\"@type\":\"Organization\",\"@id\":\"https:\/\/adl-regalosempresa.com\/tiendaonline\/#organization\",\"name\":\"ADL Comunicaci\u00f3n\",\"url\":\"https:\/\/adl-regalosempresa.com\/tiendaonline\/\",\"logo\":{\"@type\":\"ImageObject\",\"inLanguage\":\"es\",\"@id\":\"https:\/\/adl-regalosempresa.com\/tiendaonline\/#\/schema\/logo\/image\/\",\"url\":\"https:\/\/adl-regalosempresa.com\/tiendaonline\/wp-content\/uploads\/2017\/09\/logo-adl-wp.png\",\"contentUrl\":\"https:\/\/adl-regalosempresa.com\/tiendaonline\/wp-content\/uploads\/2017\/09\/logo-adl-wp.png\",\"width\":407,\"height\":185,\"caption\":\"ADL Comunicaci\u00f3n\"},\"image\":{\"@id\":\"https:\/\/adl-regalosempresa.com\/tiendaonline\/#\/schema\/logo\/image\/\"}}]}<\/script>\n<!-- \/ Yoast SEO plugin. -->","yoast_head_json":{"title":"Merchandising Mochila viaje de 17\" para personalizar con logo - ADL","description":"Art\u00edculo de merchandising Mochila viaje de 17\" de material reciclado GRS de 25\u00a0l \"Libra\". Fabricada en poli\u00e9ster reciclado con certificado GRS con un forro de RPET, la mochila \"Libra\" de 17\" est\u00e1 dise\u00f1ada para cumplir los requisitos de equipaje de mano de las aerol\u00edneas, lo que la convierte en la compa\u00f1era de viaje ideal. Incluye un compartimento espec\u00edfico para un port\u00e1til de hasta 17\", una espaciosa secci\u00f3n principal con correas el\u00e1sticas y divisores de malla para mantener las pertenencias seguras y organizadas, as\u00ed como dos grandes bolsillos delanteros con cremallera para acceder f\u00e1cilmente a lo esencial. Para mayor comodidad, la mochila cuenta con un panel trasero transpirable, una correa para sujetarla a la maleta, correas ajustables para los hombros con una correa horizontal para el pecho, y asas superiores y laterales para ofrecer m\u00e1s opciones de transporte. Adecuada para viajes de negocios, trabajo a distancia o escapadas de fin de semana, esta mochila combina un dise\u00f1o elegante con una funcionalidad pr\u00e1ctica para viajar.","robots":{"index":"index","follow":"follow","max-snippet":"max-snippet:-1","max-image-preview":"max-image-preview:large","max-video-preview":"max-video-preview:-1"},"canonical":"https:\/\/adl-regalosempresa.com\/tiendaonline\/articulos\/merchandising\/mochila-viaje-de-17-para-personalizar-con-logo\/","og_locale":"es_ES","og_type":"article","og_title":"Merchandising Mochila viaje de 17\" para personalizar con logo - ADL","og_description":"Art\u00edculo de merchandising Mochila viaje de 17\" de material reciclado GRS de 25\u00a0l \"Libra\". Fabricada en poli\u00e9ster reciclado con certificado GRS con un forro de RPET, la mochila \"Libra\" de 17\" est\u00e1 dise\u00f1ada para cumplir los requisitos de equipaje de mano de las aerol\u00edneas, lo que la convierte en la compa\u00f1era de viaje ideal. Incluye un compartimento espec\u00edfico para un port\u00e1til de hasta 17\", una espaciosa secci\u00f3n principal con correas el\u00e1sticas y divisores de malla para mantener las pertenencias seguras y organizadas, as\u00ed como dos grandes bolsillos delanteros con cremallera para acceder f\u00e1cilmente a lo esencial. Para mayor comodidad, la mochila cuenta con un panel trasero transpirable, una correa para sujetarla a la maleta, correas ajustables para los hombros con una correa horizontal para el pecho, y asas superiores y laterales para ofrecer m\u00e1s opciones de transporte. Adecuada para viajes de negocios, trabajo a distancia o escapadas de fin de semana, esta mochila combina un dise\u00f1o elegante con una funcionalidad pr\u00e1ctica para viajar.","og_url":"https:\/\/adl-regalosempresa.com\/tiendaonline\/articulos\/merchandising\/mochila-viaje-de-17-para-personalizar-con-logo\/","og_site_name":"ADL Comunicaci\u00f3n","article_modified_time":"2026-04-18T08:12:04+00:00","og_image":[{"width":1600,"height":1600,"url":"https:\/\/adl-regalosempresa.com\/tiendaonline\/wp-content\/uploads\/2026\/01\/13011155.jpg","type":"image\/jpeg"}],"twitter_card":"summary_large_image","twitter_title":"Merchandising Mochila viaje de 17\" para personalizar con logo - ADL","twitter_misc":{"Tiempo de lectura":"1 minuto"},"schema":{"@context":"https:\/\/schema.org","@graph":[{"@type":"WebPage","@id":"https:\/\/adl-regalosempresa.com\/tiendaonline\/articulos\/merchandising\/mochila-viaje-de-17-para-personalizar-con-logo\/","url":"https:\/\/adl-regalosempresa.com\/tiendaonline\/articulos\/merchandising\/mochila-viaje-de-17-para-personalizar-con-logo\/","name":"Merchandising Mochila viaje de 17\" para personalizar con logo - ADL","isPartOf":{"@id":"https:\/\/adl-regalosempresa.com\/tiendaonline\/#website"},"primaryImageOfPage":{"@id":"https:\/\/adl-regalosempresa.com\/tiendaonline\/articulos\/merchandising\/mochila-viaje-de-17-para-personalizar-con-logo\/#primaryimage"},"image":{"@id":"https:\/\/adl-regalosempresa.com\/tiendaonline\/articulos\/merchandising\/mochila-viaje-de-17-para-personalizar-con-logo\/#primaryimage"},"thumbnailUrl":"https:\/\/adl-regalosempresa.com\/tiendaonline\/wp-content\/uploads\/2026\/01\/13011155.jpg","datePublished":"2026-04-12T04:48:06+00:00","dateModified":"2026-04-18T08:12:04+00:00","description":"Art\u00edculo de merchandising Mochila viaje de 17\" de material reciclado GRS de 25\u00a0l \"Libra\". Fabricada en poli\u00e9ster reciclado con certificado GRS con un forro de RPET, la mochila \"Libra\" de 17\" est\u00e1 dise\u00f1ada para cumplir los requisitos de equipaje de mano de las aerol\u00edneas, lo que la convierte en la compa\u00f1era de viaje ideal. Incluye un compartimento espec\u00edfico para un port\u00e1til de hasta 17\", una espaciosa secci\u00f3n principal con correas el\u00e1sticas y divisores de malla para mantener las pertenencias seguras y organizadas, as\u00ed como dos grandes bolsillos delanteros con cremallera para acceder f\u00e1cilmente a lo esencial. Para mayor comodidad, la mochila cuenta con un panel trasero transpirable, una correa para sujetarla a la maleta, correas ajustables para los hombros con una correa horizontal para el pecho, y asas superiores y laterales para ofrecer m\u00e1s opciones de transporte. Adecuada para viajes de negocios, trabajo a distancia o escapadas de fin de semana, esta mochila combina un dise\u00f1o elegante con una funcionalidad pr\u00e1ctica para viajar.","breadcrumb":{"@id":"https:\/\/adl-regalosempresa.com\/tiendaonline\/articulos\/merchandising\/mochila-viaje-de-17-para-personalizar-con-logo\/#breadcrumb"},"inLanguage":"es","potentialAction":[{"@type":"ReadAction","target":["https:\/\/adl-regalosempresa.com\/tiendaonline\/articulos\/merchandising\/mochila-viaje-de-17-para-personalizar-con-logo\/"]}]},{"@type":"ImageObject","inLanguage":"es","@id":"https:\/\/adl-regalosempresa.com\/tiendaonline\/articulos\/merchandising\/mochila-viaje-de-17-para-personalizar-con-logo\/#primaryimage","url":"https:\/\/adl-regalosempresa.com\/tiendaonline\/wp-content\/uploads\/2026\/01\/13011155.jpg","contentUrl":"https:\/\/adl-regalosempresa.com\/tiendaonline\/wp-content\/uploads\/2026\/01\/13011155.jpg","width":1600,"height":1600,"caption":"Mochila viaje de 17\" de material reciclado GRS de 25\u00a0l \"Libra\""},{"@type":"BreadcrumbList","@id":"https:\/\/adl-regalosempresa.com\/tiendaonline\/articulos\/merchandising\/mochila-viaje-de-17-para-personalizar-con-logo\/#breadcrumb","itemListElement":[{"@type":"ListItem","position":1,"name":"Portada","item":"https:\/\/adl-regalosempresa.com\/tiendaonline\/"},{"@type":"ListItem","position":2,"name":"Tienda","item":"https:\/\/adl-regalosempresa.com\/tiendaonline\/tienda\/"},{"@type":"ListItem","position":3,"name":"Mochila viaje de 17&#8243; para personalizar con logo"}]},{"@type":"WebSite","@id":"https:\/\/adl-regalosempresa.com\/tiendaonline\/#website","url":"https:\/\/adl-regalosempresa.com\/tiendaonline\/","name":"ADL Comunicaci\u00f3n","description":"Regalos de empresa","publisher":{"@id":"https:\/\/adl-regalosempresa.com\/tiendaonline\/#organization"},"potentialAction":[{"@type":"SearchAction","target":{"@type":"EntryPoint","urlTemplate":"https:\/\/adl-regalosempresa.com\/tiendaonline\/?s={search_term_string}"},"query-input":{"@type":"PropertyValueSpecification","valueRequired":true,"valueName":"search_term_string"}}],"inLanguage":"es"},{"@type":"Organization","@id":"https:\/\/adl-regalosempresa.com\/tiendaonline\/#organization","name":"ADL Comunicaci\u00f3n","url":"https:\/\/adl-regalosempresa.com\/tiendaonline\/","logo":{"@type":"ImageObject","inLanguage":"es","@id":"https:\/\/adl-regalosempresa.com\/tiendaonline\/#\/schema\/logo\/image\/","url":"https:\/\/adl-regalosempresa.com\/tiendaonline\/wp-content\/uploads\/2017\/09\/logo-adl-wp.png","contentUrl":"https:\/\/adl-regalosempresa.com\/tiendaonline\/wp-content\/uploads\/2017\/09\/logo-adl-wp.png","width":407,"height":185,"caption":"ADL Comunicaci\u00f3n"},"image":{"@id":"https:\/\/adl-regalosempresa.com\/tiendaonline\/#\/schema\/logo\/image\/"}}]}},"_links":{"self":[{"href":"https:\/\/adl-regalosempresa.com\/tiendaonline\/wp-json\/wp\/v2\/product\/145631","targetHints":{"allow":["GET"]}}],"collection":[{"href":"https:\/\/adl-regalosempresa.com\/tiendaonline\/wp-json\/wp\/v2\/product"}],"about":[{"href":"https:\/\/adl-regalosempresa.com\/tiendaonline\/wp-json\/wp\/v2\/types\/product"}],"wp:featuredmedia":[{"embeddable":true,"href":"https:\/\/adl-regalosempresa.com\/tiendaonline\/wp-json\/wp\/v2\/media\/145633"}],"wp:attachment":[{"href":"https:\/\/adl-regalosempresa.com\/tiendaonline\/wp-json\/wp\/v2\/media?parent=145631"}],"wp:term":[{"taxonomy":"product_brand","embeddable":true,"href":"https:\/\/adl-regalosempresa.com\/tiendaonline\/wp-json\/wp\/v2\/product_brand?post=145631"},{"taxonomy":"product_cat","embeddable":true,"href":"https:\/\/adl-regalosempresa.com\/tiendaonline\/wp-json\/wp\/v2\/product_cat?post=145631"},{"taxonomy":"product_tag","embeddable":true,"href":"https:\/\/adl-regalosempresa.com\/tiendaonline\/wp-json\/wp\/v2\/product_tag?post=145631"}],"curies":[{"name":"wp","href":"https:\/\/api.w.org\/{rel}","templated":true}]}}