{"id":144147,"date":"2026-04-09T04:45:44","date_gmt":"2026-04-09T04:45:44","guid":{"rendered":"https:\/\/adl-regalosempresa.com\/tiendaonline\/articulos\/merchandising\/pantalla-de-lampara-portatil-reciclada-para-personalizar-con-logo\/"},"modified":"2026-04-09T08:18:12","modified_gmt":"2026-04-09T08:18:12","slug":"pantalla-de-lampara-portatil-reciclada-para-personalizar-con-logo","status":"publish","type":"product","link":"https:\/\/adl-regalosempresa.com\/tiendaonline\/articulos\/merchandising\/pantalla-de-lampara-portatil-reciclada-para-personalizar-con-logo\/","title":{"rendered":"Pantalla de l\u00e1mpara port\u00e1til reciclada  para personalizar con logo"},"content":{"rendered":"<p>La pantalla port\u00e1til \u00abLampion\u00bb es peque\u00f1a, pero de gran impacto. Fabricada con pl\u00e1stico reciclado de la costa, apoya una iniciativa de limpieza en Indonesia y contribuye a salvar el oc\u00e9ano de los residuos pl\u00e1sticos. Adecuada tanto para interiores como para exteriores. Consejo de dise\u00f1o: a\u00f1ade un dispositivo solar para usarla en exteriores, un cable colgante para usarla suspendida o un cable con interruptor para usarla como l\u00e1mpara de pie o de mesa.<\/p>\n","protected":false},"excerpt":{"rendered":"<p><strong>Descuentos por cantidades<\/strong><br \/>&#8211; a partir de 25 unidades: 76,48 \u20ac\/ud<br \/>&#8211; a partir de 50 unidades: 76,48 \u20ac\/ud<br \/>&#8211; a partir de 100 unidades: 76,48 \u20ac\/ud<\/p>\n<p>Para cantidades superiores a las aqu\u00ed indicadas, no dudes en ponerte en contacto con nuestro departamento comercial o <a href='https:\/\/adl-regalosempresa.com\/tiendaonline\/solicitud-presupuesto\/'>pedirnos presupuesto personalizado<\/a>, ajustaremos el presupuesto a tus necesidades.<\/p>\n","protected":false},"featured_media":144149,"template":"","meta":{"_kad_post_transparent":"","_kad_post_title":"","_kad_post_layout":"","_kad_post_sidebar_id":"","_kad_post_content_style":"","_kad_post_vertical_padding":"","_kad_post_feature":"","_kad_post_feature_position":"","_kad_post_header":false,"_kad_post_footer":false,"_kad_post_classname":""},"product_brand":[],"product_cat":[4186,3519],"product_tag":[],"class_list":{"0":"post-144147","1":"product","2":"type-product","3":"status-publish","4":"has-post-thumbnail","6":"product_cat-accesorios-del-hogar","7":"product_cat-articulos-personalizados-hogar","8":"pa_alto-30-cm","9":"pa_ancho-20-cm","10":"pa_color-gris-claro","11":"pa_color-rojo-ladrillo","12":"pa_color-verde","13":"pa_color-simple-gris","14":"pa_color-simple-rojo","15":"pa_color-simple-verde","16":"pa_largo-20-cm","17":"pa_marca-originalhome","18":"pa_material-plastico-reciclado","19":"pa_peso-500-gr","21":"first","22":"instock","23":"taxable","24":"shipping-taxable","25":"purchasable","26":"product-type-variable","27":"entry","28":"content-bg","29":"loop-entry"},"yoast_head":"<!-- This site is optimized with the Yoast SEO plugin v26.3 - https:\/\/yoast.com\/wordpress\/plugins\/seo\/ -->\n<title>Merchandising Pantalla de l\u00e1mpara port\u00e1til reciclada para personalizar con logo - ADL<\/title>\n<meta name=\"description\" content=\"Art\u00edculo de merchandising Pantalla de l\u00e1mpara port\u00e1til reciclada &quot;Originalhome&quot;\u00a0&quot;Lampion&quot;. La pantalla port\u00e1til &quot;Lampion&quot; es peque\u00f1a, pero de gran impacto. Fabricada con pl\u00e1stico reciclado de la costa, apoya una iniciativa de limpieza en Indonesia y contribuye a salvar el oc\u00e9ano de los residuos pl\u00e1sticos. Adecuada tanto para interiores como para exteriores. Consejo de dise\u00f1o: a\u00f1ade un dispositivo solar para usarla en exteriores, un cable colgante para usarla suspendida o un cable con interruptor para usarla como l\u00e1mpara de pie o de mesa.\" \/>\n<meta name=\"robots\" content=\"index, follow, max-snippet:-1, max-image-preview:large, max-video-preview:-1\" \/>\n<link rel=\"canonical\" href=\"https:\/\/adl-regalosempresa.com\/tiendaonline\/articulos\/merchandising\/pantalla-de-lampara-portatil-reciclada-para-personalizar-con-logo\/\" \/>\n<meta property=\"og:locale\" content=\"es_ES\" \/>\n<meta property=\"og:type\" content=\"article\" \/>\n<meta property=\"og:title\" content=\"Merchandising Pantalla de l\u00e1mpara port\u00e1til reciclada para personalizar con logo - ADL\" \/>\n<meta property=\"og:description\" content=\"Art\u00edculo de merchandising Pantalla de l\u00e1mpara port\u00e1til reciclada &quot;Originalhome&quot;\u00a0&quot;Lampion&quot;. La pantalla port\u00e1til &quot;Lampion&quot; es peque\u00f1a, pero de gran impacto. Fabricada con pl\u00e1stico reciclado de la costa, apoya una iniciativa de limpieza en Indonesia y contribuye a salvar el oc\u00e9ano de los residuos pl\u00e1sticos. Adecuada tanto para interiores como para exteriores. Consejo de dise\u00f1o: a\u00f1ade un dispositivo solar para usarla en exteriores, un cable colgante para usarla suspendida o un cable con interruptor para usarla como l\u00e1mpara de pie o de mesa.\" \/>\n<meta property=\"og:url\" content=\"https:\/\/adl-regalosempresa.com\/tiendaonline\/articulos\/merchandising\/pantalla-de-lampara-portatil-reciclada-para-personalizar-con-logo\/\" \/>\n<meta property=\"og:site_name\" content=\"ADL Comunicaci\u00f3n\" \/>\n<meta property=\"article:modified_time\" content=\"2026-04-09T08:18:12+00:00\" \/>\n<meta property=\"og:image\" content=\"https:\/\/adl-regalosempresa.com\/tiendaonline\/wp-content\/uploads\/2025\/10\/12449122.jpg\" \/>\n\t<meta property=\"og:image:width\" content=\"1600\" \/>\n\t<meta property=\"og:image:height\" content=\"1600\" \/>\n\t<meta property=\"og:image:type\" content=\"image\/jpeg\" \/>\n<meta name=\"twitter:card\" content=\"summary_large_image\" \/>\n<meta name=\"twitter:title\" content=\"Merchandising Pantalla de l\u00e1mpara port\u00e1til reciclada para personalizar con logo - ADL\" \/>\n<script type=\"application\/ld+json\" class=\"yoast-schema-graph\">{\"@context\":\"https:\/\/schema.org\",\"@graph\":[{\"@type\":\"WebPage\",\"@id\":\"https:\/\/adl-regalosempresa.com\/tiendaonline\/articulos\/merchandising\/pantalla-de-lampara-portatil-reciclada-para-personalizar-con-logo\/\",\"url\":\"https:\/\/adl-regalosempresa.com\/tiendaonline\/articulos\/merchandising\/pantalla-de-lampara-portatil-reciclada-para-personalizar-con-logo\/\",\"name\":\"Merchandising Pantalla de l\u00e1mpara port\u00e1til reciclada para personalizar con logo - ADL\",\"isPartOf\":{\"@id\":\"https:\/\/adl-regalosempresa.com\/tiendaonline\/#website\"},\"primaryImageOfPage\":{\"@id\":\"https:\/\/adl-regalosempresa.com\/tiendaonline\/articulos\/merchandising\/pantalla-de-lampara-portatil-reciclada-para-personalizar-con-logo\/#primaryimage\"},\"image\":{\"@id\":\"https:\/\/adl-regalosempresa.com\/tiendaonline\/articulos\/merchandising\/pantalla-de-lampara-portatil-reciclada-para-personalizar-con-logo\/#primaryimage\"},\"thumbnailUrl\":\"https:\/\/adl-regalosempresa.com\/tiendaonline\/wp-content\/uploads\/2025\/10\/12449122.jpg\",\"datePublished\":\"2026-04-09T04:45:44+00:00\",\"dateModified\":\"2026-04-09T08:18:12+00:00\",\"description\":\"Art\u00edculo de merchandising Pantalla de l\u00e1mpara port\u00e1til reciclada \\\"Originalhome\\\"\u00a0\\\"Lampion\\\". La pantalla port\u00e1til \\\"Lampion\\\" es peque\u00f1a, pero de gran impacto. Fabricada con pl\u00e1stico reciclado de la costa, apoya una iniciativa de limpieza en Indonesia y contribuye a salvar el oc\u00e9ano de los residuos pl\u00e1sticos. Adecuada tanto para interiores como para exteriores. Consejo de dise\u00f1o: a\u00f1ade un dispositivo solar para usarla en exteriores, un cable colgante para usarla suspendida o un cable con interruptor para usarla como l\u00e1mpara de pie o de mesa.\",\"breadcrumb\":{\"@id\":\"https:\/\/adl-regalosempresa.com\/tiendaonline\/articulos\/merchandising\/pantalla-de-lampara-portatil-reciclada-para-personalizar-con-logo\/#breadcrumb\"},\"inLanguage\":\"es\",\"potentialAction\":[{\"@type\":\"ReadAction\",\"target\":[\"https:\/\/adl-regalosempresa.com\/tiendaonline\/articulos\/merchandising\/pantalla-de-lampara-portatil-reciclada-para-personalizar-con-logo\/\"]}]},{\"@type\":\"ImageObject\",\"inLanguage\":\"es\",\"@id\":\"https:\/\/adl-regalosempresa.com\/tiendaonline\/articulos\/merchandising\/pantalla-de-lampara-portatil-reciclada-para-personalizar-con-logo\/#primaryimage\",\"url\":\"https:\/\/adl-regalosempresa.com\/tiendaonline\/wp-content\/uploads\/2025\/10\/12449122.jpg\",\"contentUrl\":\"https:\/\/adl-regalosempresa.com\/tiendaonline\/wp-content\/uploads\/2025\/10\/12449122.jpg\",\"width\":1600,\"height\":1600,\"caption\":\"Pantalla de l\u00e1mpara port\u00e1til reciclada \\\"Originalhome\\\"\u00a0\\\"Lampion\\\"\"},{\"@type\":\"BreadcrumbList\",\"@id\":\"https:\/\/adl-regalosempresa.com\/tiendaonline\/articulos\/merchandising\/pantalla-de-lampara-portatil-reciclada-para-personalizar-con-logo\/#breadcrumb\",\"itemListElement\":[{\"@type\":\"ListItem\",\"position\":1,\"name\":\"Portada\",\"item\":\"https:\/\/adl-regalosempresa.com\/tiendaonline\/\"},{\"@type\":\"ListItem\",\"position\":2,\"name\":\"Tienda\",\"item\":\"https:\/\/adl-regalosempresa.com\/tiendaonline\/tienda\/\"},{\"@type\":\"ListItem\",\"position\":3,\"name\":\"Pantalla de l\u00e1mpara port\u00e1til reciclada para personalizar con logo\"}]},{\"@type\":\"WebSite\",\"@id\":\"https:\/\/adl-regalosempresa.com\/tiendaonline\/#website\",\"url\":\"https:\/\/adl-regalosempresa.com\/tiendaonline\/\",\"name\":\"ADL Comunicaci\u00f3n\",\"description\":\"Regalos de empresa\",\"publisher\":{\"@id\":\"https:\/\/adl-regalosempresa.com\/tiendaonline\/#organization\"},\"potentialAction\":[{\"@type\":\"SearchAction\",\"target\":{\"@type\":\"EntryPoint\",\"urlTemplate\":\"https:\/\/adl-regalosempresa.com\/tiendaonline\/?s={search_term_string}\"},\"query-input\":{\"@type\":\"PropertyValueSpecification\",\"valueRequired\":true,\"valueName\":\"search_term_string\"}}],\"inLanguage\":\"es\"},{\"@type\":\"Organization\",\"@id\":\"https:\/\/adl-regalosempresa.com\/tiendaonline\/#organization\",\"name\":\"ADL Comunicaci\u00f3n\",\"url\":\"https:\/\/adl-regalosempresa.com\/tiendaonline\/\",\"logo\":{\"@type\":\"ImageObject\",\"inLanguage\":\"es\",\"@id\":\"https:\/\/adl-regalosempresa.com\/tiendaonline\/#\/schema\/logo\/image\/\",\"url\":\"https:\/\/adl-regalosempresa.com\/tiendaonline\/wp-content\/uploads\/2017\/09\/logo-adl-wp.png\",\"contentUrl\":\"https:\/\/adl-regalosempresa.com\/tiendaonline\/wp-content\/uploads\/2017\/09\/logo-adl-wp.png\",\"width\":407,\"height\":185,\"caption\":\"ADL Comunicaci\u00f3n\"},\"image\":{\"@id\":\"https:\/\/adl-regalosempresa.com\/tiendaonline\/#\/schema\/logo\/image\/\"}}]}<\/script>\n<!-- \/ Yoast SEO plugin. -->","yoast_head_json":{"title":"Merchandising Pantalla de l\u00e1mpara port\u00e1til reciclada para personalizar con logo - ADL","description":"Art\u00edculo de merchandising Pantalla de l\u00e1mpara port\u00e1til reciclada \"Originalhome\"\u00a0\"Lampion\". La pantalla port\u00e1til \"Lampion\" es peque\u00f1a, pero de gran impacto. Fabricada con pl\u00e1stico reciclado de la costa, apoya una iniciativa de limpieza en Indonesia y contribuye a salvar el oc\u00e9ano de los residuos pl\u00e1sticos. Adecuada tanto para interiores como para exteriores. Consejo de dise\u00f1o: a\u00f1ade un dispositivo solar para usarla en exteriores, un cable colgante para usarla suspendida o un cable con interruptor para usarla como l\u00e1mpara de pie o de mesa.","robots":{"index":"index","follow":"follow","max-snippet":"max-snippet:-1","max-image-preview":"max-image-preview:large","max-video-preview":"max-video-preview:-1"},"canonical":"https:\/\/adl-regalosempresa.com\/tiendaonline\/articulos\/merchandising\/pantalla-de-lampara-portatil-reciclada-para-personalizar-con-logo\/","og_locale":"es_ES","og_type":"article","og_title":"Merchandising Pantalla de l\u00e1mpara port\u00e1til reciclada para personalizar con logo - ADL","og_description":"Art\u00edculo de merchandising Pantalla de l\u00e1mpara port\u00e1til reciclada \"Originalhome\"\u00a0\"Lampion\". La pantalla port\u00e1til \"Lampion\" es peque\u00f1a, pero de gran impacto. Fabricada con pl\u00e1stico reciclado de la costa, apoya una iniciativa de limpieza en Indonesia y contribuye a salvar el oc\u00e9ano de los residuos pl\u00e1sticos. Adecuada tanto para interiores como para exteriores. Consejo de dise\u00f1o: a\u00f1ade un dispositivo solar para usarla en exteriores, un cable colgante para usarla suspendida o un cable con interruptor para usarla como l\u00e1mpara de pie o de mesa.","og_url":"https:\/\/adl-regalosempresa.com\/tiendaonline\/articulos\/merchandising\/pantalla-de-lampara-portatil-reciclada-para-personalizar-con-logo\/","og_site_name":"ADL Comunicaci\u00f3n","article_modified_time":"2026-04-09T08:18:12+00:00","og_image":[{"width":1600,"height":1600,"url":"https:\/\/adl-regalosempresa.com\/tiendaonline\/wp-content\/uploads\/2025\/10\/12449122.jpg","type":"image\/jpeg"}],"twitter_card":"summary_large_image","twitter_title":"Merchandising Pantalla de l\u00e1mpara port\u00e1til reciclada para personalizar con logo - ADL","schema":{"@context":"https:\/\/schema.org","@graph":[{"@type":"WebPage","@id":"https:\/\/adl-regalosempresa.com\/tiendaonline\/articulos\/merchandising\/pantalla-de-lampara-portatil-reciclada-para-personalizar-con-logo\/","url":"https:\/\/adl-regalosempresa.com\/tiendaonline\/articulos\/merchandising\/pantalla-de-lampara-portatil-reciclada-para-personalizar-con-logo\/","name":"Merchandising Pantalla de l\u00e1mpara port\u00e1til reciclada para personalizar con logo - ADL","isPartOf":{"@id":"https:\/\/adl-regalosempresa.com\/tiendaonline\/#website"},"primaryImageOfPage":{"@id":"https:\/\/adl-regalosempresa.com\/tiendaonline\/articulos\/merchandising\/pantalla-de-lampara-portatil-reciclada-para-personalizar-con-logo\/#primaryimage"},"image":{"@id":"https:\/\/adl-regalosempresa.com\/tiendaonline\/articulos\/merchandising\/pantalla-de-lampara-portatil-reciclada-para-personalizar-con-logo\/#primaryimage"},"thumbnailUrl":"https:\/\/adl-regalosempresa.com\/tiendaonline\/wp-content\/uploads\/2025\/10\/12449122.jpg","datePublished":"2026-04-09T04:45:44+00:00","dateModified":"2026-04-09T08:18:12+00:00","description":"Art\u00edculo de merchandising Pantalla de l\u00e1mpara port\u00e1til reciclada \"Originalhome\"\u00a0\"Lampion\". La pantalla port\u00e1til \"Lampion\" es peque\u00f1a, pero de gran impacto. Fabricada con pl\u00e1stico reciclado de la costa, apoya una iniciativa de limpieza en Indonesia y contribuye a salvar el oc\u00e9ano de los residuos pl\u00e1sticos. Adecuada tanto para interiores como para exteriores. Consejo de dise\u00f1o: a\u00f1ade un dispositivo solar para usarla en exteriores, un cable colgante para usarla suspendida o un cable con interruptor para usarla como l\u00e1mpara de pie o de mesa.","breadcrumb":{"@id":"https:\/\/adl-regalosempresa.com\/tiendaonline\/articulos\/merchandising\/pantalla-de-lampara-portatil-reciclada-para-personalizar-con-logo\/#breadcrumb"},"inLanguage":"es","potentialAction":[{"@type":"ReadAction","target":["https:\/\/adl-regalosempresa.com\/tiendaonline\/articulos\/merchandising\/pantalla-de-lampara-portatil-reciclada-para-personalizar-con-logo\/"]}]},{"@type":"ImageObject","inLanguage":"es","@id":"https:\/\/adl-regalosempresa.com\/tiendaonline\/articulos\/merchandising\/pantalla-de-lampara-portatil-reciclada-para-personalizar-con-logo\/#primaryimage","url":"https:\/\/adl-regalosempresa.com\/tiendaonline\/wp-content\/uploads\/2025\/10\/12449122.jpg","contentUrl":"https:\/\/adl-regalosempresa.com\/tiendaonline\/wp-content\/uploads\/2025\/10\/12449122.jpg","width":1600,"height":1600,"caption":"Pantalla de l\u00e1mpara port\u00e1til reciclada \"Originalhome\"\u00a0\"Lampion\""},{"@type":"BreadcrumbList","@id":"https:\/\/adl-regalosempresa.com\/tiendaonline\/articulos\/merchandising\/pantalla-de-lampara-portatil-reciclada-para-personalizar-con-logo\/#breadcrumb","itemListElement":[{"@type":"ListItem","position":1,"name":"Portada","item":"https:\/\/adl-regalosempresa.com\/tiendaonline\/"},{"@type":"ListItem","position":2,"name":"Tienda","item":"https:\/\/adl-regalosempresa.com\/tiendaonline\/tienda\/"},{"@type":"ListItem","position":3,"name":"Pantalla de l\u00e1mpara port\u00e1til reciclada para personalizar con logo"}]},{"@type":"WebSite","@id":"https:\/\/adl-regalosempresa.com\/tiendaonline\/#website","url":"https:\/\/adl-regalosempresa.com\/tiendaonline\/","name":"ADL Comunicaci\u00f3n","description":"Regalos de empresa","publisher":{"@id":"https:\/\/adl-regalosempresa.com\/tiendaonline\/#organization"},"potentialAction":[{"@type":"SearchAction","target":{"@type":"EntryPoint","urlTemplate":"https:\/\/adl-regalosempresa.com\/tiendaonline\/?s={search_term_string}"},"query-input":{"@type":"PropertyValueSpecification","valueRequired":true,"valueName":"search_term_string"}}],"inLanguage":"es"},{"@type":"Organization","@id":"https:\/\/adl-regalosempresa.com\/tiendaonline\/#organization","name":"ADL Comunicaci\u00f3n","url":"https:\/\/adl-regalosempresa.com\/tiendaonline\/","logo":{"@type":"ImageObject","inLanguage":"es","@id":"https:\/\/adl-regalosempresa.com\/tiendaonline\/#\/schema\/logo\/image\/","url":"https:\/\/adl-regalosempresa.com\/tiendaonline\/wp-content\/uploads\/2017\/09\/logo-adl-wp.png","contentUrl":"https:\/\/adl-regalosempresa.com\/tiendaonline\/wp-content\/uploads\/2017\/09\/logo-adl-wp.png","width":407,"height":185,"caption":"ADL Comunicaci\u00f3n"},"image":{"@id":"https:\/\/adl-regalosempresa.com\/tiendaonline\/#\/schema\/logo\/image\/"}}]}},"_links":{"self":[{"href":"https:\/\/adl-regalosempresa.com\/tiendaonline\/wp-json\/wp\/v2\/product\/144147","targetHints":{"allow":["GET"]}}],"collection":[{"href":"https:\/\/adl-regalosempresa.com\/tiendaonline\/wp-json\/wp\/v2\/product"}],"about":[{"href":"https:\/\/adl-regalosempresa.com\/tiendaonline\/wp-json\/wp\/v2\/types\/product"}],"wp:featuredmedia":[{"embeddable":true,"href":"https:\/\/adl-regalosempresa.com\/tiendaonline\/wp-json\/wp\/v2\/media\/144149"}],"wp:attachment":[{"href":"https:\/\/adl-regalosempresa.com\/tiendaonline\/wp-json\/wp\/v2\/media?parent=144147"}],"wp:term":[{"taxonomy":"product_brand","embeddable":true,"href":"https:\/\/adl-regalosempresa.com\/tiendaonline\/wp-json\/wp\/v2\/product_brand?post=144147"},{"taxonomy":"product_cat","embeddable":true,"href":"https:\/\/adl-regalosempresa.com\/tiendaonline\/wp-json\/wp\/v2\/product_cat?post=144147"},{"taxonomy":"product_tag","embeddable":true,"href":"https:\/\/adl-regalosempresa.com\/tiendaonline\/wp-json\/wp\/v2\/product_tag?post=144147"}],"curies":[{"name":"wp","href":"https:\/\/api.w.org\/{rel}","templated":true}]}}