{"id":143396,"date":"2026-04-24T04:33:08","date_gmt":"2026-04-24T04:33:08","guid":{"rendered":"https:\/\/adl-regalosempresa.com\/tiendaonline\/articulos\/merchandising\/fiambrera-para-personalizar-con-logo\/"},"modified":"2026-05-15T08:30:16","modified_gmt":"2026-05-15T08:30:16","slug":"fiambrera-de-300120-ml-para-personalizar-con-logo","status":"publish","type":"product","link":"https:\/\/adl-regalosempresa.com\/tiendaonline\/articulos\/merchandising\/fiambrera-de-300120-ml-para-personalizar-con-logo\/","title":{"rendered":"Fiambrera de 300+120 ml\u00a0 para personalizar con logo"},"content":{"rendered":"<p>La fiambrera \u00abEllipse Mini\u00bb es perfecta para una gran variedad de aperitivos, como yogur con muesli o sopa con picatostes. Dispone de dos ingeniosos compartimentos en un recipiente resistente, lo que permite mantener los ingredientes perfectamente separados. Su tama\u00f1o compacto la hace ideal para llevarla en la mochila del colegio y disfrutar de una comida r\u00e1pida y pr\u00e1ctica. El recipiente superior transparente tiene una capacidad de 120\u00a0ml, ideal para unos 50 gramos de muesli o fruta, y el inferior tiene una capacidad de 300\u00a0ml. Apto para lavavajillas y herm\u00e9tico. Sin BPA.<\/p>\n","protected":false},"excerpt":{"rendered":"<p><strong>Descuentos por cantidades<\/strong><br \/>&#8211; a partir de 25 unidades: 12,95 \u20ac\/ud<br \/>&#8211; a partir de 50 unidades: 12,7 \u20ac\/ud<br \/>&#8211; a partir de 100 unidades: 12,58 \u20ac\/ud<\/p>\n<p>Para cantidades superiores a las aqu\u00ed indicadas, no dudes en ponerte en contacto con nuestro departamento comercial o <a href='https:\/\/adl-regalosempresa.com\/tiendaonline\/solicitud-presupuesto\/'>pedirnos presupuesto personalizado<\/a>, ajustaremos el presupuesto a tus necesidades.<\/p>\n","protected":false},"featured_media":143398,"template":"","meta":{"_kad_post_transparent":"","_kad_post_title":"","_kad_post_layout":"","_kad_post_sidebar_id":"","_kad_post_content_style":"","_kad_post_vertical_padding":"","_kad_post_feature":"","_kad_post_feature_position":"","_kad_post_header":false,"_kad_post_footer":false,"_kad_post_classname":""},"product_brand":[],"product_cat":[4700,3519],"product_tag":[],"class_list":{"0":"post-143396","1":"product","2":"type-product","3":"status-publish","4":"has-post-thumbnail","6":"product_cat-fiambreras","7":"product_cat-articulos-personalizados-hogar","8":"pa_alto-128-cm","9":"pa_color-azul","10":"pa_color-azul-vivo","11":"pa_color-blanco","12":"pa_color-negro-intenso","13":"pa_color-verde","14":"pa_color-simple-azul","15":"pa_color-simple-blanco","16":"pa_color-simple-negro-intenso","17":"pa_color-simple-verde","18":"pa_diametro-91-cm","19":"pa_marca-mepal","20":"pa_material-plastico-pp","21":"pa_peso-330-gr","23":"first","24":"instock","25":"taxable","26":"shipping-taxable","27":"purchasable","28":"product-type-variable","29":"entry","30":"content-bg","31":"loop-entry"},"yoast_head":"<!-- This site is optimized with the Yoast SEO plugin v26.3 - https:\/\/yoast.com\/wordpress\/plugins\/seo\/ -->\n<title>Merchandising Fiambrera de 300+120 ml\u00a0 para personalizar con logo - ADL<\/title>\n<meta name=\"description\" content=\"Art\u00edculo de merchandising Fiambrera de 300+120 ml\u00a0&quot;Mini Mepal Ellipse&quot;. La fiambrera &quot;Ellipse Mini&quot; es perfecta para una gran variedad de aperitivos, como yogur con muesli o sopa con picatostes. Dispone de dos ingeniosos compartimentos en un recipiente resistente, lo que permite mantener los ingredientes perfectamente separados. Su tama\u00f1o compacto la hace ideal para llevarla en la mochila del colegio y disfrutar de una comida r\u00e1pida y pr\u00e1ctica. El recipiente superior transparente tiene una capacidad de 120\u00a0ml, ideal para unos 50 gramos de muesli o fruta, y el inferior tiene una capacidad de 300\u00a0ml. Apto para lavavajillas y herm\u00e9tico. Sin BPA.\" \/>\n<meta name=\"robots\" content=\"index, follow, max-snippet:-1, max-image-preview:large, max-video-preview:-1\" \/>\n<link rel=\"canonical\" href=\"https:\/\/adl-regalosempresa.com\/tiendaonline\/articulos\/merchandising\/fiambrera-de-300120-ml-para-personalizar-con-logo\/\" \/>\n<meta property=\"og:locale\" content=\"es_ES\" \/>\n<meta property=\"og:type\" content=\"article\" \/>\n<meta property=\"og:title\" content=\"Merchandising Fiambrera de 300+120 ml\u00a0 para personalizar con logo - ADL\" \/>\n<meta property=\"og:description\" content=\"Art\u00edculo de merchandising Fiambrera de 300+120 ml\u00a0&quot;Mini Mepal Ellipse&quot;. La fiambrera &quot;Ellipse Mini&quot; es perfecta para una gran variedad de aperitivos, como yogur con muesli o sopa con picatostes. Dispone de dos ingeniosos compartimentos en un recipiente resistente, lo que permite mantener los ingredientes perfectamente separados. Su tama\u00f1o compacto la hace ideal para llevarla en la mochila del colegio y disfrutar de una comida r\u00e1pida y pr\u00e1ctica. El recipiente superior transparente tiene una capacidad de 120\u00a0ml, ideal para unos 50 gramos de muesli o fruta, y el inferior tiene una capacidad de 300\u00a0ml. Apto para lavavajillas y herm\u00e9tico. Sin BPA.\" \/>\n<meta property=\"og:url\" content=\"https:\/\/adl-regalosempresa.com\/tiendaonline\/articulos\/merchandising\/fiambrera-de-300120-ml-para-personalizar-con-logo\/\" \/>\n<meta property=\"og:site_name\" content=\"ADL Comunicaci\u00f3n\" \/>\n<meta property=\"article:modified_time\" content=\"2026-05-15T08:30:16+00:00\" \/>\n<meta property=\"og:image\" content=\"https:\/\/adl-regalosempresa.com\/tiendaonline\/wp-content\/uploads\/2025\/08\/11318401.jpg\" \/>\n\t<meta property=\"og:image:width\" content=\"1600\" \/>\n\t<meta property=\"og:image:height\" content=\"1600\" \/>\n\t<meta property=\"og:image:type\" content=\"image\/jpeg\" \/>\n<meta name=\"twitter:card\" content=\"summary_large_image\" \/>\n<meta name=\"twitter:title\" content=\"Merchandising Fiambrera de 300+120 ml\u00a0 para personalizar con logo - ADL\" \/>\n<script type=\"application\/ld+json\" class=\"yoast-schema-graph\">{\"@context\":\"https:\/\/schema.org\",\"@graph\":[{\"@type\":\"WebPage\",\"@id\":\"https:\/\/adl-regalosempresa.com\/tiendaonline\/articulos\/merchandising\/fiambrera-de-300120-ml-para-personalizar-con-logo\/\",\"url\":\"https:\/\/adl-regalosempresa.com\/tiendaonline\/articulos\/merchandising\/fiambrera-de-300120-ml-para-personalizar-con-logo\/\",\"name\":\"Merchandising Fiambrera de 300+120 ml\u00a0 para personalizar con logo - ADL\",\"isPartOf\":{\"@id\":\"https:\/\/adl-regalosempresa.com\/tiendaonline\/#website\"},\"primaryImageOfPage\":{\"@id\":\"https:\/\/adl-regalosempresa.com\/tiendaonline\/articulos\/merchandising\/fiambrera-de-300120-ml-para-personalizar-con-logo\/#primaryimage\"},\"image\":{\"@id\":\"https:\/\/adl-regalosempresa.com\/tiendaonline\/articulos\/merchandising\/fiambrera-de-300120-ml-para-personalizar-con-logo\/#primaryimage\"},\"thumbnailUrl\":\"https:\/\/adl-regalosempresa.com\/tiendaonline\/wp-content\/uploads\/2025\/08\/11318401.jpg\",\"datePublished\":\"2026-04-24T04:33:08+00:00\",\"dateModified\":\"2026-05-15T08:30:16+00:00\",\"description\":\"Art\u00edculo de merchandising Fiambrera de 300+120 ml\u00a0\\\"Mini Mepal Ellipse\\\". La fiambrera \\\"Ellipse Mini\\\" es perfecta para una gran variedad de aperitivos, como yogur con muesli o sopa con picatostes. Dispone de dos ingeniosos compartimentos en un recipiente resistente, lo que permite mantener los ingredientes perfectamente separados. Su tama\u00f1o compacto la hace ideal para llevarla en la mochila del colegio y disfrutar de una comida r\u00e1pida y pr\u00e1ctica. El recipiente superior transparente tiene una capacidad de 120\u00a0ml, ideal para unos 50 gramos de muesli o fruta, y el inferior tiene una capacidad de 300\u00a0ml. Apto para lavavajillas y herm\u00e9tico. Sin BPA.\",\"breadcrumb\":{\"@id\":\"https:\/\/adl-regalosempresa.com\/tiendaonline\/articulos\/merchandising\/fiambrera-de-300120-ml-para-personalizar-con-logo\/#breadcrumb\"},\"inLanguage\":\"es\",\"potentialAction\":[{\"@type\":\"ReadAction\",\"target\":[\"https:\/\/adl-regalosempresa.com\/tiendaonline\/articulos\/merchandising\/fiambrera-de-300120-ml-para-personalizar-con-logo\/\"]}]},{\"@type\":\"ImageObject\",\"inLanguage\":\"es\",\"@id\":\"https:\/\/adl-regalosempresa.com\/tiendaonline\/articulos\/merchandising\/fiambrera-de-300120-ml-para-personalizar-con-logo\/#primaryimage\",\"url\":\"https:\/\/adl-regalosempresa.com\/tiendaonline\/wp-content\/uploads\/2025\/08\/11318401.jpg\",\"contentUrl\":\"https:\/\/adl-regalosempresa.com\/tiendaonline\/wp-content\/uploads\/2025\/08\/11318401.jpg\",\"width\":1600,\"height\":1600,\"caption\":\"Fiambrera de 300+120 ml\u00a0\\\"Mini Mepal Ellipse\\\"\"},{\"@type\":\"BreadcrumbList\",\"@id\":\"https:\/\/adl-regalosempresa.com\/tiendaonline\/articulos\/merchandising\/fiambrera-de-300120-ml-para-personalizar-con-logo\/#breadcrumb\",\"itemListElement\":[{\"@type\":\"ListItem\",\"position\":1,\"name\":\"Portada\",\"item\":\"https:\/\/adl-regalosempresa.com\/tiendaonline\/\"},{\"@type\":\"ListItem\",\"position\":2,\"name\":\"Tienda\",\"item\":\"https:\/\/adl-regalosempresa.com\/tiendaonline\/tienda\/\"},{\"@type\":\"ListItem\",\"position\":3,\"name\":\"Fiambrera de 300+120 ml\u00a0 para personalizar con logo\"}]},{\"@type\":\"WebSite\",\"@id\":\"https:\/\/adl-regalosempresa.com\/tiendaonline\/#website\",\"url\":\"https:\/\/adl-regalosempresa.com\/tiendaonline\/\",\"name\":\"ADL Comunicaci\u00f3n\",\"description\":\"Regalos de empresa\",\"publisher\":{\"@id\":\"https:\/\/adl-regalosempresa.com\/tiendaonline\/#organization\"},\"potentialAction\":[{\"@type\":\"SearchAction\",\"target\":{\"@type\":\"EntryPoint\",\"urlTemplate\":\"https:\/\/adl-regalosempresa.com\/tiendaonline\/?s={search_term_string}\"},\"query-input\":{\"@type\":\"PropertyValueSpecification\",\"valueRequired\":true,\"valueName\":\"search_term_string\"}}],\"inLanguage\":\"es\"},{\"@type\":\"Organization\",\"@id\":\"https:\/\/adl-regalosempresa.com\/tiendaonline\/#organization\",\"name\":\"ADL Comunicaci\u00f3n\",\"url\":\"https:\/\/adl-regalosempresa.com\/tiendaonline\/\",\"logo\":{\"@type\":\"ImageObject\",\"inLanguage\":\"es\",\"@id\":\"https:\/\/adl-regalosempresa.com\/tiendaonline\/#\/schema\/logo\/image\/\",\"url\":\"https:\/\/adl-regalosempresa.com\/tiendaonline\/wp-content\/uploads\/2017\/09\/logo-adl-wp.png\",\"contentUrl\":\"https:\/\/adl-regalosempresa.com\/tiendaonline\/wp-content\/uploads\/2017\/09\/logo-adl-wp.png\",\"width\":407,\"height\":185,\"caption\":\"ADL Comunicaci\u00f3n\"},\"image\":{\"@id\":\"https:\/\/adl-regalosempresa.com\/tiendaonline\/#\/schema\/logo\/image\/\"}}]}<\/script>\n<!-- \/ Yoast SEO plugin. -->","yoast_head_json":{"title":"Merchandising Fiambrera de 300+120 ml\u00a0 para personalizar con logo - ADL","description":"Art\u00edculo de merchandising Fiambrera de 300+120 ml\u00a0\"Mini Mepal Ellipse\". La fiambrera \"Ellipse Mini\" es perfecta para una gran variedad de aperitivos, como yogur con muesli o sopa con picatostes. Dispone de dos ingeniosos compartimentos en un recipiente resistente, lo que permite mantener los ingredientes perfectamente separados. Su tama\u00f1o compacto la hace ideal para llevarla en la mochila del colegio y disfrutar de una comida r\u00e1pida y pr\u00e1ctica. El recipiente superior transparente tiene una capacidad de 120\u00a0ml, ideal para unos 50 gramos de muesli o fruta, y el inferior tiene una capacidad de 300\u00a0ml. Apto para lavavajillas y herm\u00e9tico. Sin BPA.","robots":{"index":"index","follow":"follow","max-snippet":"max-snippet:-1","max-image-preview":"max-image-preview:large","max-video-preview":"max-video-preview:-1"},"canonical":"https:\/\/adl-regalosempresa.com\/tiendaonline\/articulos\/merchandising\/fiambrera-de-300120-ml-para-personalizar-con-logo\/","og_locale":"es_ES","og_type":"article","og_title":"Merchandising Fiambrera de 300+120 ml\u00a0 para personalizar con logo - ADL","og_description":"Art\u00edculo de merchandising Fiambrera de 300+120 ml\u00a0\"Mini Mepal Ellipse\". La fiambrera \"Ellipse Mini\" es perfecta para una gran variedad de aperitivos, como yogur con muesli o sopa con picatostes. Dispone de dos ingeniosos compartimentos en un recipiente resistente, lo que permite mantener los ingredientes perfectamente separados. Su tama\u00f1o compacto la hace ideal para llevarla en la mochila del colegio y disfrutar de una comida r\u00e1pida y pr\u00e1ctica. El recipiente superior transparente tiene una capacidad de 120\u00a0ml, ideal para unos 50 gramos de muesli o fruta, y el inferior tiene una capacidad de 300\u00a0ml. Apto para lavavajillas y herm\u00e9tico. Sin BPA.","og_url":"https:\/\/adl-regalosempresa.com\/tiendaonline\/articulos\/merchandising\/fiambrera-de-300120-ml-para-personalizar-con-logo\/","og_site_name":"ADL Comunicaci\u00f3n","article_modified_time":"2026-05-15T08:30:16+00:00","og_image":[{"width":1600,"height":1600,"url":"https:\/\/adl-regalosempresa.com\/tiendaonline\/wp-content\/uploads\/2025\/08\/11318401.jpg","type":"image\/jpeg"}],"twitter_card":"summary_large_image","twitter_title":"Merchandising Fiambrera de 300+120 ml\u00a0 para personalizar con logo - ADL","schema":{"@context":"https:\/\/schema.org","@graph":[{"@type":"WebPage","@id":"https:\/\/adl-regalosempresa.com\/tiendaonline\/articulos\/merchandising\/fiambrera-de-300120-ml-para-personalizar-con-logo\/","url":"https:\/\/adl-regalosempresa.com\/tiendaonline\/articulos\/merchandising\/fiambrera-de-300120-ml-para-personalizar-con-logo\/","name":"Merchandising Fiambrera de 300+120 ml\u00a0 para personalizar con logo - ADL","isPartOf":{"@id":"https:\/\/adl-regalosempresa.com\/tiendaonline\/#website"},"primaryImageOfPage":{"@id":"https:\/\/adl-regalosempresa.com\/tiendaonline\/articulos\/merchandising\/fiambrera-de-300120-ml-para-personalizar-con-logo\/#primaryimage"},"image":{"@id":"https:\/\/adl-regalosempresa.com\/tiendaonline\/articulos\/merchandising\/fiambrera-de-300120-ml-para-personalizar-con-logo\/#primaryimage"},"thumbnailUrl":"https:\/\/adl-regalosempresa.com\/tiendaonline\/wp-content\/uploads\/2025\/08\/11318401.jpg","datePublished":"2026-04-24T04:33:08+00:00","dateModified":"2026-05-15T08:30:16+00:00","description":"Art\u00edculo de merchandising Fiambrera de 300+120 ml\u00a0\"Mini Mepal Ellipse\". La fiambrera \"Ellipse Mini\" es perfecta para una gran variedad de aperitivos, como yogur con muesli o sopa con picatostes. Dispone de dos ingeniosos compartimentos en un recipiente resistente, lo que permite mantener los ingredientes perfectamente separados. Su tama\u00f1o compacto la hace ideal para llevarla en la mochila del colegio y disfrutar de una comida r\u00e1pida y pr\u00e1ctica. El recipiente superior transparente tiene una capacidad de 120\u00a0ml, ideal para unos 50 gramos de muesli o fruta, y el inferior tiene una capacidad de 300\u00a0ml. Apto para lavavajillas y herm\u00e9tico. Sin BPA.","breadcrumb":{"@id":"https:\/\/adl-regalosempresa.com\/tiendaonline\/articulos\/merchandising\/fiambrera-de-300120-ml-para-personalizar-con-logo\/#breadcrumb"},"inLanguage":"es","potentialAction":[{"@type":"ReadAction","target":["https:\/\/adl-regalosempresa.com\/tiendaonline\/articulos\/merchandising\/fiambrera-de-300120-ml-para-personalizar-con-logo\/"]}]},{"@type":"ImageObject","inLanguage":"es","@id":"https:\/\/adl-regalosempresa.com\/tiendaonline\/articulos\/merchandising\/fiambrera-de-300120-ml-para-personalizar-con-logo\/#primaryimage","url":"https:\/\/adl-regalosempresa.com\/tiendaonline\/wp-content\/uploads\/2025\/08\/11318401.jpg","contentUrl":"https:\/\/adl-regalosempresa.com\/tiendaonline\/wp-content\/uploads\/2025\/08\/11318401.jpg","width":1600,"height":1600,"caption":"Fiambrera de 300+120 ml\u00a0\"Mini Mepal Ellipse\""},{"@type":"BreadcrumbList","@id":"https:\/\/adl-regalosempresa.com\/tiendaonline\/articulos\/merchandising\/fiambrera-de-300120-ml-para-personalizar-con-logo\/#breadcrumb","itemListElement":[{"@type":"ListItem","position":1,"name":"Portada","item":"https:\/\/adl-regalosempresa.com\/tiendaonline\/"},{"@type":"ListItem","position":2,"name":"Tienda","item":"https:\/\/adl-regalosempresa.com\/tiendaonline\/tienda\/"},{"@type":"ListItem","position":3,"name":"Fiambrera de 300+120 ml\u00a0 para personalizar con logo"}]},{"@type":"WebSite","@id":"https:\/\/adl-regalosempresa.com\/tiendaonline\/#website","url":"https:\/\/adl-regalosempresa.com\/tiendaonline\/","name":"ADL Comunicaci\u00f3n","description":"Regalos de empresa","publisher":{"@id":"https:\/\/adl-regalosempresa.com\/tiendaonline\/#organization"},"potentialAction":[{"@type":"SearchAction","target":{"@type":"EntryPoint","urlTemplate":"https:\/\/adl-regalosempresa.com\/tiendaonline\/?s={search_term_string}"},"query-input":{"@type":"PropertyValueSpecification","valueRequired":true,"valueName":"search_term_string"}}],"inLanguage":"es"},{"@type":"Organization","@id":"https:\/\/adl-regalosempresa.com\/tiendaonline\/#organization","name":"ADL Comunicaci\u00f3n","url":"https:\/\/adl-regalosempresa.com\/tiendaonline\/","logo":{"@type":"ImageObject","inLanguage":"es","@id":"https:\/\/adl-regalosempresa.com\/tiendaonline\/#\/schema\/logo\/image\/","url":"https:\/\/adl-regalosempresa.com\/tiendaonline\/wp-content\/uploads\/2017\/09\/logo-adl-wp.png","contentUrl":"https:\/\/adl-regalosempresa.com\/tiendaonline\/wp-content\/uploads\/2017\/09\/logo-adl-wp.png","width":407,"height":185,"caption":"ADL Comunicaci\u00f3n"},"image":{"@id":"https:\/\/adl-regalosempresa.com\/tiendaonline\/#\/schema\/logo\/image\/"}}]}},"_links":{"self":[{"href":"https:\/\/adl-regalosempresa.com\/tiendaonline\/wp-json\/wp\/v2\/product\/143396","targetHints":{"allow":["GET"]}}],"collection":[{"href":"https:\/\/adl-regalosempresa.com\/tiendaonline\/wp-json\/wp\/v2\/product"}],"about":[{"href":"https:\/\/adl-regalosempresa.com\/tiendaonline\/wp-json\/wp\/v2\/types\/product"}],"wp:featuredmedia":[{"embeddable":true,"href":"https:\/\/adl-regalosempresa.com\/tiendaonline\/wp-json\/wp\/v2\/media\/143398"}],"wp:attachment":[{"href":"https:\/\/adl-regalosempresa.com\/tiendaonline\/wp-json\/wp\/v2\/media?parent=143396"}],"wp:term":[{"taxonomy":"product_brand","embeddable":true,"href":"https:\/\/adl-regalosempresa.com\/tiendaonline\/wp-json\/wp\/v2\/product_brand?post=143396"},{"taxonomy":"product_cat","embeddable":true,"href":"https:\/\/adl-regalosempresa.com\/tiendaonline\/wp-json\/wp\/v2\/product_cat?post=143396"},{"taxonomy":"product_tag","embeddable":true,"href":"https:\/\/adl-regalosempresa.com\/tiendaonline\/wp-json\/wp\/v2\/product_tag?post=143396"}],"curies":[{"name":"wp","href":"https:\/\/api.w.org\/{rel}","templated":true}]}}