{"id":143287,"date":"2026-04-25T04:40:16","date_gmt":"2026-04-25T04:40:16","guid":{"rendered":"https:\/\/adl-regalosempresa.com\/tiendaonline\/articulos\/merchandising\/altavoz-portatil-y-lampara-jbl-para-personalizar-con-logo\/"},"modified":"2026-05-01T08:08:13","modified_gmt":"2026-05-01T08:08:13","slug":"altavoz-portatil-y-lampara-para-personalizar-con-logo","status":"publish","type":"product","link":"https:\/\/adl-regalosempresa.com\/tiendaonline\/articulos\/merchandising\/altavoz-portatil-y-lampara-para-personalizar-con-logo\/","title":{"rendered":"Altavoz port\u00e1til y l\u00e1mpara  para personalizar con logo"},"content":{"rendered":"<p>Descubre un sonido y un ambiente excepcionales con la \u00abKooduu Sensa Play\u00bb, \u201cpowered by SOUND BY JBL\u201d. Este elegante e innovador dispositivo combina audio de alta calidad con una suave iluminaci\u00f3n ambiental para crear una experiencia envolvente que se adapta a cualquier entorno, ya sea en casa, con visitas o de relax al aire libre. Con su dise\u00f1o elegante y moderno, y su avanzada tecnolog\u00eda, la \u00abSensa Play Mini\u00bb es m\u00e1s que un altavoz: es un verdadero accesorio de estilo de vida. Incluye un potente altavoz de rango completo de 10\u00a0W y se conecta sin esfuerzo mediante Bluetooth 5.3. Puedes disfrutar de hasta 10\u00a0horas de m\u00fasica continua, ya que est\u00e1 alimentada por una bater\u00eda recargable de 2600\u00a0mAh que se carga completamente en solo 3,5\u00a0horas. La luz LED blanca c\u00e1lida tiene una temperatura de color de 2900\u00a0K y una luminosidad de 150\u00a0l\u00famenes. Un regulador continuo integrado permite ajustar la luz en funci\u00f3n del estado de \u00e1nimo. El dispositivo se carga a trav\u00e9s de una base de carga r\u00e1pida USB tipo C.<\/p>\n","protected":false},"excerpt":{"rendered":"<p><strong>Descuentos por cantidades<\/strong><br \/>&#8211; a partir de 25 unidades: 203,41 \u20ac\/ud<br \/>&#8211; a partir de 50 unidades: 199,34 \u20ac\/ud<br \/>&#8211; a partir de 100 unidades: 197,35 \u20ac\/ud<\/p>\n<p>Para cantidades superiores a las aqu\u00ed indicadas, no dudes en ponerte en contacto con nuestro departamento comercial o <a href='https:\/\/adl-regalosempresa.com\/tiendaonline\/solicitud-presupuesto\/'>pedirnos presupuesto personalizado<\/a>, ajustaremos el presupuesto a tus necesidades.<\/p>\n","protected":false},"featured_media":143289,"template":"","meta":{"_kad_post_transparent":"","_kad_post_title":"","_kad_post_layout":"","_kad_post_sidebar_id":"","_kad_post_content_style":"","_kad_post_vertical_padding":"","_kad_post_feature":"","_kad_post_feature_position":"","_kad_post_header":false,"_kad_post_footer":false,"_kad_post_classname":""},"product_brand":[],"product_cat":[8021,486],"product_tag":[],"class_list":{"0":"post-143287","1":"product","2":"type-product","3":"status-publish","4":"has-post-thumbnail","6":"product_cat-altavoces","7":"product_cat-tecnologia","8":"pa_alto-214-cm","9":"pa_ancho-19-cm","10":"pa_color-antracita","11":"pa_color-blanco","12":"pa_color-naranja","13":"pa_color-simple-blanco","14":"pa_color-simple-gris","15":"pa_color-simple-naranja","16":"pa_largo-19-cm","17":"pa_marca-kooduu","18":"pa_material-acero-plastico","19":"pa_peso-1400-gr","21":"first","22":"instock","23":"taxable","24":"shipping-taxable","25":"purchasable","26":"product-type-variable","27":"entry","28":"content-bg","29":"loop-entry"},"yoast_head":"<!-- This site is optimized with the Yoast SEO plugin v26.3 - https:\/\/yoast.com\/wordpress\/plugins\/seo\/ -->\n<title>Merchandising Altavoz port\u00e1til y l\u00e1mpara para personalizar con logo - ADL<\/title>\n<meta name=\"description\" content=\"Art\u00edculo de merchandising Altavoz port\u00e1til y l\u00e1mpara &quot;Kooduu Sensa Play&quot;. Descubre un sonido y un ambiente excepcionales con la &quot;Kooduu Sensa Play&quot;, \u201cpowered by SOUND BY JBL\u201d. Este elegante e innovador dispositivo combina audio de alta calidad con una suave iluminaci\u00f3n ambiental para crear una experiencia envolvente que se adapta a cualquier entorno, ya sea en casa, con visitas o de relax al aire libre. Con su dise\u00f1o elegante y moderno, y su avanzada tecnolog\u00eda, la &quot;Sensa Play Mini&quot; es m\u00e1s que un altavoz: es un verdadero accesorio de estilo de vida. Incluye un potente altavoz de rango completo de 10\u00a0W y se conecta sin esfuerzo mediante Bluetooth 5.3. Puedes disfrutar de hasta 10\u00a0horas de m\u00fasica continua, ya que est\u00e1 alimentada por una bater\u00eda recargable de 2600\u00a0mAh que se carga completamente en solo 3,5\u00a0horas. La luz LED blanca c\u00e1lida tiene una temperatura de color de 2900\u00a0K y una luminosidad de 150\u00a0l\u00famenes. Un regulador continuo integrado permite ajustar la luz en funci\u00f3n del estado de \u00e1nimo. El dispositivo se carga a trav\u00e9s de una base de carga r\u00e1pida USB tipo C.\" \/>\n<meta name=\"robots\" content=\"index, follow, max-snippet:-1, max-image-preview:large, max-video-preview:-1\" \/>\n<link rel=\"canonical\" href=\"https:\/\/adl-regalosempresa.com\/tiendaonline\/articulos\/merchandising\/altavoz-portatil-y-lampara-para-personalizar-con-logo\/\" \/>\n<meta property=\"og:locale\" content=\"es_ES\" \/>\n<meta property=\"og:type\" content=\"article\" \/>\n<meta property=\"og:title\" content=\"Merchandising Altavoz port\u00e1til y l\u00e1mpara para personalizar con logo - ADL\" \/>\n<meta property=\"og:description\" content=\"Art\u00edculo de merchandising Altavoz port\u00e1til y l\u00e1mpara &quot;Kooduu Sensa Play&quot;. Descubre un sonido y un ambiente excepcionales con la &quot;Kooduu Sensa Play&quot;, \u201cpowered by SOUND BY JBL\u201d. Este elegante e innovador dispositivo combina audio de alta calidad con una suave iluminaci\u00f3n ambiental para crear una experiencia envolvente que se adapta a cualquier entorno, ya sea en casa, con visitas o de relax al aire libre. Con su dise\u00f1o elegante y moderno, y su avanzada tecnolog\u00eda, la &quot;Sensa Play Mini&quot; es m\u00e1s que un altavoz: es un verdadero accesorio de estilo de vida. Incluye un potente altavoz de rango completo de 10\u00a0W y se conecta sin esfuerzo mediante Bluetooth 5.3. Puedes disfrutar de hasta 10\u00a0horas de m\u00fasica continua, ya que est\u00e1 alimentada por una bater\u00eda recargable de 2600\u00a0mAh que se carga completamente en solo 3,5\u00a0horas. La luz LED blanca c\u00e1lida tiene una temperatura de color de 2900\u00a0K y una luminosidad de 150\u00a0l\u00famenes. Un regulador continuo integrado permite ajustar la luz en funci\u00f3n del estado de \u00e1nimo. El dispositivo se carga a trav\u00e9s de una base de carga r\u00e1pida USB tipo C.\" \/>\n<meta property=\"og:url\" content=\"https:\/\/adl-regalosempresa.com\/tiendaonline\/articulos\/merchandising\/altavoz-portatil-y-lampara-para-personalizar-con-logo\/\" \/>\n<meta property=\"og:site_name\" content=\"ADL Comunicaci\u00f3n\" \/>\n<meta property=\"article:modified_time\" content=\"2026-05-01T08:08:13+00:00\" \/>\n<meta property=\"og:image\" content=\"https:\/\/adl-regalosempresa.com\/tiendaonline\/wp-content\/uploads\/2025\/08\/12444401.jpg\" \/>\n\t<meta property=\"og:image:width\" content=\"1600\" \/>\n\t<meta property=\"og:image:height\" content=\"1600\" \/>\n\t<meta property=\"og:image:type\" content=\"image\/jpeg\" \/>\n<meta name=\"twitter:card\" content=\"summary_large_image\" \/>\n<meta name=\"twitter:title\" content=\"Merchandising Altavoz port\u00e1til y l\u00e1mpara para personalizar con logo - ADL\" \/>\n<meta name=\"twitter:label1\" content=\"Tiempo de lectura\" \/>\n\t<meta name=\"twitter:data1\" content=\"1 minuto\" \/>\n<script type=\"application\/ld+json\" class=\"yoast-schema-graph\">{\"@context\":\"https:\/\/schema.org\",\"@graph\":[{\"@type\":\"WebPage\",\"@id\":\"https:\/\/adl-regalosempresa.com\/tiendaonline\/articulos\/merchandising\/altavoz-portatil-y-lampara-para-personalizar-con-logo\/\",\"url\":\"https:\/\/adl-regalosempresa.com\/tiendaonline\/articulos\/merchandising\/altavoz-portatil-y-lampara-para-personalizar-con-logo\/\",\"name\":\"Merchandising Altavoz port\u00e1til y l\u00e1mpara para personalizar con logo - ADL\",\"isPartOf\":{\"@id\":\"https:\/\/adl-regalosempresa.com\/tiendaonline\/#website\"},\"primaryImageOfPage\":{\"@id\":\"https:\/\/adl-regalosempresa.com\/tiendaonline\/articulos\/merchandising\/altavoz-portatil-y-lampara-para-personalizar-con-logo\/#primaryimage\"},\"image\":{\"@id\":\"https:\/\/adl-regalosempresa.com\/tiendaonline\/articulos\/merchandising\/altavoz-portatil-y-lampara-para-personalizar-con-logo\/#primaryimage\"},\"thumbnailUrl\":\"https:\/\/adl-regalosempresa.com\/tiendaonline\/wp-content\/uploads\/2025\/08\/12444401.jpg\",\"datePublished\":\"2026-04-25T04:40:16+00:00\",\"dateModified\":\"2026-05-01T08:08:13+00:00\",\"description\":\"Art\u00edculo de merchandising Altavoz port\u00e1til y l\u00e1mpara \\\"Kooduu Sensa Play\\\". Descubre un sonido y un ambiente excepcionales con la \\\"Kooduu Sensa Play\\\", \u201cpowered by SOUND BY JBL\u201d. Este elegante e innovador dispositivo combina audio de alta calidad con una suave iluminaci\u00f3n ambiental para crear una experiencia envolvente que se adapta a cualquier entorno, ya sea en casa, con visitas o de relax al aire libre. Con su dise\u00f1o elegante y moderno, y su avanzada tecnolog\u00eda, la \\\"Sensa Play Mini\\\" es m\u00e1s que un altavoz: es un verdadero accesorio de estilo de vida. Incluye un potente altavoz de rango completo de 10\u00a0W y se conecta sin esfuerzo mediante Bluetooth 5.3. Puedes disfrutar de hasta 10\u00a0horas de m\u00fasica continua, ya que est\u00e1 alimentada por una bater\u00eda recargable de 2600\u00a0mAh que se carga completamente en solo 3,5\u00a0horas. La luz LED blanca c\u00e1lida tiene una temperatura de color de 2900\u00a0K y una luminosidad de 150\u00a0l\u00famenes. Un regulador continuo integrado permite ajustar la luz en funci\u00f3n del estado de \u00e1nimo. El dispositivo se carga a trav\u00e9s de una base de carga r\u00e1pida USB tipo C.\",\"breadcrumb\":{\"@id\":\"https:\/\/adl-regalosempresa.com\/tiendaonline\/articulos\/merchandising\/altavoz-portatil-y-lampara-para-personalizar-con-logo\/#breadcrumb\"},\"inLanguage\":\"es\",\"potentialAction\":[{\"@type\":\"ReadAction\",\"target\":[\"https:\/\/adl-regalosempresa.com\/tiendaonline\/articulos\/merchandising\/altavoz-portatil-y-lampara-para-personalizar-con-logo\/\"]}]},{\"@type\":\"ImageObject\",\"inLanguage\":\"es\",\"@id\":\"https:\/\/adl-regalosempresa.com\/tiendaonline\/articulos\/merchandising\/altavoz-portatil-y-lampara-para-personalizar-con-logo\/#primaryimage\",\"url\":\"https:\/\/adl-regalosempresa.com\/tiendaonline\/wp-content\/uploads\/2025\/08\/12444401.jpg\",\"contentUrl\":\"https:\/\/adl-regalosempresa.com\/tiendaonline\/wp-content\/uploads\/2025\/08\/12444401.jpg\",\"width\":1600,\"height\":1600,\"caption\":\"Altavoz port\u00e1til y l\u00e1mpara \\\"Kooduu Sensa Play\\\"\"},{\"@type\":\"BreadcrumbList\",\"@id\":\"https:\/\/adl-regalosempresa.com\/tiendaonline\/articulos\/merchandising\/altavoz-portatil-y-lampara-para-personalizar-con-logo\/#breadcrumb\",\"itemListElement\":[{\"@type\":\"ListItem\",\"position\":1,\"name\":\"Portada\",\"item\":\"https:\/\/adl-regalosempresa.com\/tiendaonline\/\"},{\"@type\":\"ListItem\",\"position\":2,\"name\":\"Tienda\",\"item\":\"https:\/\/adl-regalosempresa.com\/tiendaonline\/tienda\/\"},{\"@type\":\"ListItem\",\"position\":3,\"name\":\"Altavoz port\u00e1til y l\u00e1mpara para personalizar con logo\"}]},{\"@type\":\"WebSite\",\"@id\":\"https:\/\/adl-regalosempresa.com\/tiendaonline\/#website\",\"url\":\"https:\/\/adl-regalosempresa.com\/tiendaonline\/\",\"name\":\"ADL Comunicaci\u00f3n\",\"description\":\"Regalos de empresa\",\"publisher\":{\"@id\":\"https:\/\/adl-regalosempresa.com\/tiendaonline\/#organization\"},\"potentialAction\":[{\"@type\":\"SearchAction\",\"target\":{\"@type\":\"EntryPoint\",\"urlTemplate\":\"https:\/\/adl-regalosempresa.com\/tiendaonline\/?s={search_term_string}\"},\"query-input\":{\"@type\":\"PropertyValueSpecification\",\"valueRequired\":true,\"valueName\":\"search_term_string\"}}],\"inLanguage\":\"es\"},{\"@type\":\"Organization\",\"@id\":\"https:\/\/adl-regalosempresa.com\/tiendaonline\/#organization\",\"name\":\"ADL Comunicaci\u00f3n\",\"url\":\"https:\/\/adl-regalosempresa.com\/tiendaonline\/\",\"logo\":{\"@type\":\"ImageObject\",\"inLanguage\":\"es\",\"@id\":\"https:\/\/adl-regalosempresa.com\/tiendaonline\/#\/schema\/logo\/image\/\",\"url\":\"https:\/\/adl-regalosempresa.com\/tiendaonline\/wp-content\/uploads\/2017\/09\/logo-adl-wp.png\",\"contentUrl\":\"https:\/\/adl-regalosempresa.com\/tiendaonline\/wp-content\/uploads\/2017\/09\/logo-adl-wp.png\",\"width\":407,\"height\":185,\"caption\":\"ADL Comunicaci\u00f3n\"},\"image\":{\"@id\":\"https:\/\/adl-regalosempresa.com\/tiendaonline\/#\/schema\/logo\/image\/\"}}]}<\/script>\n<!-- \/ Yoast SEO plugin. -->","yoast_head_json":{"title":"Merchandising Altavoz port\u00e1til y l\u00e1mpara para personalizar con logo - ADL","description":"Art\u00edculo de merchandising Altavoz port\u00e1til y l\u00e1mpara \"Kooduu Sensa Play\". Descubre un sonido y un ambiente excepcionales con la \"Kooduu Sensa Play\", \u201cpowered by SOUND BY JBL\u201d. Este elegante e innovador dispositivo combina audio de alta calidad con una suave iluminaci\u00f3n ambiental para crear una experiencia envolvente que se adapta a cualquier entorno, ya sea en casa, con visitas o de relax al aire libre. Con su dise\u00f1o elegante y moderno, y su avanzada tecnolog\u00eda, la \"Sensa Play Mini\" es m\u00e1s que un altavoz: es un verdadero accesorio de estilo de vida. Incluye un potente altavoz de rango completo de 10\u00a0W y se conecta sin esfuerzo mediante Bluetooth 5.3. Puedes disfrutar de hasta 10\u00a0horas de m\u00fasica continua, ya que est\u00e1 alimentada por una bater\u00eda recargable de 2600\u00a0mAh que se carga completamente en solo 3,5\u00a0horas. La luz LED blanca c\u00e1lida tiene una temperatura de color de 2900\u00a0K y una luminosidad de 150\u00a0l\u00famenes. Un regulador continuo integrado permite ajustar la luz en funci\u00f3n del estado de \u00e1nimo. El dispositivo se carga a trav\u00e9s de una base de carga r\u00e1pida USB tipo C.","robots":{"index":"index","follow":"follow","max-snippet":"max-snippet:-1","max-image-preview":"max-image-preview:large","max-video-preview":"max-video-preview:-1"},"canonical":"https:\/\/adl-regalosempresa.com\/tiendaonline\/articulos\/merchandising\/altavoz-portatil-y-lampara-para-personalizar-con-logo\/","og_locale":"es_ES","og_type":"article","og_title":"Merchandising Altavoz port\u00e1til y l\u00e1mpara para personalizar con logo - ADL","og_description":"Art\u00edculo de merchandising Altavoz port\u00e1til y l\u00e1mpara \"Kooduu Sensa Play\". Descubre un sonido y un ambiente excepcionales con la \"Kooduu Sensa Play\", \u201cpowered by SOUND BY JBL\u201d. Este elegante e innovador dispositivo combina audio de alta calidad con una suave iluminaci\u00f3n ambiental para crear una experiencia envolvente que se adapta a cualquier entorno, ya sea en casa, con visitas o de relax al aire libre. Con su dise\u00f1o elegante y moderno, y su avanzada tecnolog\u00eda, la \"Sensa Play Mini\" es m\u00e1s que un altavoz: es un verdadero accesorio de estilo de vida. Incluye un potente altavoz de rango completo de 10\u00a0W y se conecta sin esfuerzo mediante Bluetooth 5.3. Puedes disfrutar de hasta 10\u00a0horas de m\u00fasica continua, ya que est\u00e1 alimentada por una bater\u00eda recargable de 2600\u00a0mAh que se carga completamente en solo 3,5\u00a0horas. La luz LED blanca c\u00e1lida tiene una temperatura de color de 2900\u00a0K y una luminosidad de 150\u00a0l\u00famenes. Un regulador continuo integrado permite ajustar la luz en funci\u00f3n del estado de \u00e1nimo. El dispositivo se carga a trav\u00e9s de una base de carga r\u00e1pida USB tipo C.","og_url":"https:\/\/adl-regalosempresa.com\/tiendaonline\/articulos\/merchandising\/altavoz-portatil-y-lampara-para-personalizar-con-logo\/","og_site_name":"ADL Comunicaci\u00f3n","article_modified_time":"2026-05-01T08:08:13+00:00","og_image":[{"width":1600,"height":1600,"url":"https:\/\/adl-regalosempresa.com\/tiendaonline\/wp-content\/uploads\/2025\/08\/12444401.jpg","type":"image\/jpeg"}],"twitter_card":"summary_large_image","twitter_title":"Merchandising Altavoz port\u00e1til y l\u00e1mpara para personalizar con logo - ADL","twitter_misc":{"Tiempo de lectura":"1 minuto"},"schema":{"@context":"https:\/\/schema.org","@graph":[{"@type":"WebPage","@id":"https:\/\/adl-regalosempresa.com\/tiendaonline\/articulos\/merchandising\/altavoz-portatil-y-lampara-para-personalizar-con-logo\/","url":"https:\/\/adl-regalosempresa.com\/tiendaonline\/articulos\/merchandising\/altavoz-portatil-y-lampara-para-personalizar-con-logo\/","name":"Merchandising Altavoz port\u00e1til y l\u00e1mpara para personalizar con logo - ADL","isPartOf":{"@id":"https:\/\/adl-regalosempresa.com\/tiendaonline\/#website"},"primaryImageOfPage":{"@id":"https:\/\/adl-regalosempresa.com\/tiendaonline\/articulos\/merchandising\/altavoz-portatil-y-lampara-para-personalizar-con-logo\/#primaryimage"},"image":{"@id":"https:\/\/adl-regalosempresa.com\/tiendaonline\/articulos\/merchandising\/altavoz-portatil-y-lampara-para-personalizar-con-logo\/#primaryimage"},"thumbnailUrl":"https:\/\/adl-regalosempresa.com\/tiendaonline\/wp-content\/uploads\/2025\/08\/12444401.jpg","datePublished":"2026-04-25T04:40:16+00:00","dateModified":"2026-05-01T08:08:13+00:00","description":"Art\u00edculo de merchandising Altavoz port\u00e1til y l\u00e1mpara \"Kooduu Sensa Play\". Descubre un sonido y un ambiente excepcionales con la \"Kooduu Sensa Play\", \u201cpowered by SOUND BY JBL\u201d. Este elegante e innovador dispositivo combina audio de alta calidad con una suave iluminaci\u00f3n ambiental para crear una experiencia envolvente que se adapta a cualquier entorno, ya sea en casa, con visitas o de relax al aire libre. Con su dise\u00f1o elegante y moderno, y su avanzada tecnolog\u00eda, la \"Sensa Play Mini\" es m\u00e1s que un altavoz: es un verdadero accesorio de estilo de vida. Incluye un potente altavoz de rango completo de 10\u00a0W y se conecta sin esfuerzo mediante Bluetooth 5.3. Puedes disfrutar de hasta 10\u00a0horas de m\u00fasica continua, ya que est\u00e1 alimentada por una bater\u00eda recargable de 2600\u00a0mAh que se carga completamente en solo 3,5\u00a0horas. La luz LED blanca c\u00e1lida tiene una temperatura de color de 2900\u00a0K y una luminosidad de 150\u00a0l\u00famenes. Un regulador continuo integrado permite ajustar la luz en funci\u00f3n del estado de \u00e1nimo. El dispositivo se carga a trav\u00e9s de una base de carga r\u00e1pida USB tipo C.","breadcrumb":{"@id":"https:\/\/adl-regalosempresa.com\/tiendaonline\/articulos\/merchandising\/altavoz-portatil-y-lampara-para-personalizar-con-logo\/#breadcrumb"},"inLanguage":"es","potentialAction":[{"@type":"ReadAction","target":["https:\/\/adl-regalosempresa.com\/tiendaonline\/articulos\/merchandising\/altavoz-portatil-y-lampara-para-personalizar-con-logo\/"]}]},{"@type":"ImageObject","inLanguage":"es","@id":"https:\/\/adl-regalosempresa.com\/tiendaonline\/articulos\/merchandising\/altavoz-portatil-y-lampara-para-personalizar-con-logo\/#primaryimage","url":"https:\/\/adl-regalosempresa.com\/tiendaonline\/wp-content\/uploads\/2025\/08\/12444401.jpg","contentUrl":"https:\/\/adl-regalosempresa.com\/tiendaonline\/wp-content\/uploads\/2025\/08\/12444401.jpg","width":1600,"height":1600,"caption":"Altavoz port\u00e1til y l\u00e1mpara \"Kooduu Sensa Play\""},{"@type":"BreadcrumbList","@id":"https:\/\/adl-regalosempresa.com\/tiendaonline\/articulos\/merchandising\/altavoz-portatil-y-lampara-para-personalizar-con-logo\/#breadcrumb","itemListElement":[{"@type":"ListItem","position":1,"name":"Portada","item":"https:\/\/adl-regalosempresa.com\/tiendaonline\/"},{"@type":"ListItem","position":2,"name":"Tienda","item":"https:\/\/adl-regalosempresa.com\/tiendaonline\/tienda\/"},{"@type":"ListItem","position":3,"name":"Altavoz port\u00e1til y l\u00e1mpara para personalizar con logo"}]},{"@type":"WebSite","@id":"https:\/\/adl-regalosempresa.com\/tiendaonline\/#website","url":"https:\/\/adl-regalosempresa.com\/tiendaonline\/","name":"ADL Comunicaci\u00f3n","description":"Regalos de empresa","publisher":{"@id":"https:\/\/adl-regalosempresa.com\/tiendaonline\/#organization"},"potentialAction":[{"@type":"SearchAction","target":{"@type":"EntryPoint","urlTemplate":"https:\/\/adl-regalosempresa.com\/tiendaonline\/?s={search_term_string}"},"query-input":{"@type":"PropertyValueSpecification","valueRequired":true,"valueName":"search_term_string"}}],"inLanguage":"es"},{"@type":"Organization","@id":"https:\/\/adl-regalosempresa.com\/tiendaonline\/#organization","name":"ADL Comunicaci\u00f3n","url":"https:\/\/adl-regalosempresa.com\/tiendaonline\/","logo":{"@type":"ImageObject","inLanguage":"es","@id":"https:\/\/adl-regalosempresa.com\/tiendaonline\/#\/schema\/logo\/image\/","url":"https:\/\/adl-regalosempresa.com\/tiendaonline\/wp-content\/uploads\/2017\/09\/logo-adl-wp.png","contentUrl":"https:\/\/adl-regalosempresa.com\/tiendaonline\/wp-content\/uploads\/2017\/09\/logo-adl-wp.png","width":407,"height":185,"caption":"ADL Comunicaci\u00f3n"},"image":{"@id":"https:\/\/adl-regalosempresa.com\/tiendaonline\/#\/schema\/logo\/image\/"}}]}},"_links":{"self":[{"href":"https:\/\/adl-regalosempresa.com\/tiendaonline\/wp-json\/wp\/v2\/product\/143287","targetHints":{"allow":["GET"]}}],"collection":[{"href":"https:\/\/adl-regalosempresa.com\/tiendaonline\/wp-json\/wp\/v2\/product"}],"about":[{"href":"https:\/\/adl-regalosempresa.com\/tiendaonline\/wp-json\/wp\/v2\/types\/product"}],"wp:featuredmedia":[{"embeddable":true,"href":"https:\/\/adl-regalosempresa.com\/tiendaonline\/wp-json\/wp\/v2\/media\/143289"}],"wp:attachment":[{"href":"https:\/\/adl-regalosempresa.com\/tiendaonline\/wp-json\/wp\/v2\/media?parent=143287"}],"wp:term":[{"taxonomy":"product_brand","embeddable":true,"href":"https:\/\/adl-regalosempresa.com\/tiendaonline\/wp-json\/wp\/v2\/product_brand?post=143287"},{"taxonomy":"product_cat","embeddable":true,"href":"https:\/\/adl-regalosempresa.com\/tiendaonline\/wp-json\/wp\/v2\/product_cat?post=143287"},{"taxonomy":"product_tag","embeddable":true,"href":"https:\/\/adl-regalosempresa.com\/tiendaonline\/wp-json\/wp\/v2\/product_tag?post=143287"}],"curies":[{"name":"wp","href":"https:\/\/api.w.org\/{rel}","templated":true}]}}