{"id":143175,"date":"2026-04-30T05:27:35","date_gmt":"2026-04-30T05:27:35","guid":{"rendered":"https:\/\/adl-regalosempresa.com\/tiendaonline\/articulos\/merchandising\/sombrero-de-pana-reciclada-para-personalizar-con-logo\/"},"modified":"2026-05-03T07:25:13","modified_gmt":"2026-05-03T07:25:13","slug":"gorro-de-pana-reciclada-de-280-g-m%c2%b2-para-personalizar-con-logo","status":"publish","type":"product","link":"https:\/\/adl-regalosempresa.com\/tiendaonline\/articulos\/merchandising\/gorro-de-pana-reciclada-de-280-g-m%c2%b2-para-personalizar-con-logo\/","title":{"rendered":"Gorro de pana reciclada de 280 g\/m\u00b2  para personalizar con logo"},"content":{"rendered":"<p>Mant\u00e9n la elegancia y la comodidad todo el a\u00f1o con este vers\u00e1til gorro de pana para el sol. Dise\u00f1ado para todas las estaciones, est\u00e1 fabricado con una mezcla suave pero duradera de 80\u00a0% de algod\u00f3n reciclado y 20\u00a0% de algod\u00f3n. El tejido de pana de 280\u00a0g\/m\u00b2 a\u00f1ade textura y calidez sin resultar demasiado pesado, por lo que es ideal para entre tiempo. Con un per\u00edmetro craneal de 60\u00a0cm, el gorro proporciona un ajuste holgado y c\u00f3modo. Su dise\u00f1o atemporal lo convierte en una opci\u00f3n perfecta para llevar a diario, sea cual sea la estaci\u00f3n del a\u00f1o.<\/p>\n","protected":false},"excerpt":{"rendered":"<p><strong>Descuentos por cantidades<\/strong><br \/>&#8211; a partir de 100 unidades: 4,52 \u20ac\/ud<br \/>&#8211; a partir de 250 unidades: 4,52 \u20ac\/ud<br \/>&#8211; a partir de 1000 unidades: 4,44 \u20ac\/ud<\/p>\n<p>Para cantidades superiores a las aqu\u00ed indicadas, no dudes en ponerte en contacto con nuestro departamento comercial o <a href='https:\/\/adl-regalosempresa.com\/tiendaonline\/solicitud-presupuesto\/'>pedirnos presupuesto personalizado<\/a>, ajustaremos el presupuesto a tus necesidades.<\/p>\n","protected":false},"featured_media":143177,"template":"","meta":{"_kad_post_transparent":"","_kad_post_title":"","_kad_post_layout":"","_kad_post_sidebar_id":"","_kad_post_content_style":"","_kad_post_vertical_padding":"","_kad_post_feature":"","_kad_post_feature_position":"","_kad_post_header":false,"_kad_post_footer":false,"_kad_post_classname":""},"product_brand":[],"product_cat":[6228,3649],"product_tag":[],"class_list":{"0":"post-143175","1":"product","2":"type-product","3":"status-publish","4":"has-post-thumbnail","6":"product_cat-gorras-y-sombreros","7":"product_cat-ropa","8":"pa_color-arenisca","9":"pa_color-azul-marino","10":"pa_color-negro-intenso","11":"pa_color-verde-bosque","12":"pa_color-simple-azul","13":"pa_color-simple-natural","14":"pa_color-simple-negro-intenso","15":"pa_color-simple-verde","16":"pa_marca-elevate","17":"pa_material-20-algodon-80-algodon-reciclado","18":"pa_peso-79-gr","20":"first","21":"instock","22":"taxable","23":"shipping-taxable","24":"purchasable","25":"product-type-variable","26":"entry","27":"content-bg","28":"loop-entry"},"yoast_head":"<!-- This site is optimized with the Yoast SEO plugin v26.3 - https:\/\/yoast.com\/wordpress\/plugins\/seo\/ -->\n<title>Merchandising Gorro de pana reciclada de 280 g\/m\u00b2 para personalizar con logo - ADL<\/title>\n<meta name=\"description\" content=\"Art\u00edculo de merchandising Gorro de pana reciclada de 280 g\/m\u00b2 &quot;Howson&quot;. Mant\u00e9n la elegancia y la comodidad todo el a\u00f1o con este vers\u00e1til gorro de pana para el sol. Dise\u00f1ado para todas las estaciones, est\u00e1 fabricado con una mezcla suave pero duradera de 80\u00a0% de algod\u00f3n reciclado y 20\u00a0% de algod\u00f3n. El tejido de pana de 280\u00a0g\/m\u00b2 a\u00f1ade textura y calidez sin resultar demasiado pesado, por lo que es ideal para entre tiempo. Con un per\u00edmetro craneal de 60\u00a0cm, el gorro proporciona un ajuste holgado y c\u00f3modo. Su dise\u00f1o atemporal lo convierte en una opci\u00f3n perfecta para llevar a diario, sea cual sea la estaci\u00f3n del a\u00f1o.\" \/>\n<meta name=\"robots\" content=\"index, follow, max-snippet:-1, max-image-preview:large, max-video-preview:-1\" \/>\n<link rel=\"canonical\" href=\"https:\/\/adl-regalosempresa.com\/tiendaonline\/articulos\/merchandising\/gorro-de-pana-reciclada-de-280-g-m\u00b2-para-personalizar-con-logo\/\" \/>\n<meta property=\"og:locale\" content=\"es_ES\" \/>\n<meta property=\"og:type\" content=\"article\" \/>\n<meta property=\"og:title\" content=\"Merchandising Gorro de pana reciclada de 280 g\/m\u00b2 para personalizar con logo - ADL\" \/>\n<meta property=\"og:description\" content=\"Art\u00edculo de merchandising Gorro de pana reciclada de 280 g\/m\u00b2 &quot;Howson&quot;. Mant\u00e9n la elegancia y la comodidad todo el a\u00f1o con este vers\u00e1til gorro de pana para el sol. Dise\u00f1ado para todas las estaciones, est\u00e1 fabricado con una mezcla suave pero duradera de 80\u00a0% de algod\u00f3n reciclado y 20\u00a0% de algod\u00f3n. El tejido de pana de 280\u00a0g\/m\u00b2 a\u00f1ade textura y calidez sin resultar demasiado pesado, por lo que es ideal para entre tiempo. Con un per\u00edmetro craneal de 60\u00a0cm, el gorro proporciona un ajuste holgado y c\u00f3modo. Su dise\u00f1o atemporal lo convierte en una opci\u00f3n perfecta para llevar a diario, sea cual sea la estaci\u00f3n del a\u00f1o.\" \/>\n<meta property=\"og:url\" content=\"https:\/\/adl-regalosempresa.com\/tiendaonline\/articulos\/merchandising\/gorro-de-pana-reciclada-de-280-g-m\u00b2-para-personalizar-con-logo\/\" \/>\n<meta property=\"og:site_name\" content=\"ADL Comunicaci\u00f3n\" \/>\n<meta property=\"article:modified_time\" content=\"2026-05-03T07:25:13+00:00\" \/>\n<meta property=\"og:image\" content=\"https:\/\/adl-regalosempresa.com\/tiendaonline\/wp-content\/uploads\/2025\/08\/11107206.jpg\" \/>\n\t<meta property=\"og:image:width\" content=\"1600\" \/>\n\t<meta property=\"og:image:height\" content=\"1600\" \/>\n\t<meta property=\"og:image:type\" content=\"image\/jpeg\" \/>\n<meta name=\"twitter:card\" content=\"summary_large_image\" \/>\n<meta name=\"twitter:title\" content=\"Merchandising Gorro de pana reciclada de 280 g\/m\u00b2 para personalizar con logo - ADL\" \/>\n<meta name=\"twitter:label1\" content=\"Tiempo de lectura\" \/>\n\t<meta name=\"twitter:data1\" content=\"1 minuto\" \/>\n<script type=\"application\/ld+json\" class=\"yoast-schema-graph\">{\"@context\":\"https:\/\/schema.org\",\"@graph\":[{\"@type\":\"WebPage\",\"@id\":\"https:\/\/adl-regalosempresa.com\/tiendaonline\/articulos\/merchandising\/gorro-de-pana-reciclada-de-280-g-m%c2%b2-para-personalizar-con-logo\/\",\"url\":\"https:\/\/adl-regalosempresa.com\/tiendaonline\/articulos\/merchandising\/gorro-de-pana-reciclada-de-280-g-m%c2%b2-para-personalizar-con-logo\/\",\"name\":\"Merchandising Gorro de pana reciclada de 280 g\/m\u00b2 para personalizar con logo - ADL\",\"isPartOf\":{\"@id\":\"https:\/\/adl-regalosempresa.com\/tiendaonline\/#website\"},\"primaryImageOfPage\":{\"@id\":\"https:\/\/adl-regalosempresa.com\/tiendaonline\/articulos\/merchandising\/gorro-de-pana-reciclada-de-280-g-m%c2%b2-para-personalizar-con-logo\/#primaryimage\"},\"image\":{\"@id\":\"https:\/\/adl-regalosempresa.com\/tiendaonline\/articulos\/merchandising\/gorro-de-pana-reciclada-de-280-g-m%c2%b2-para-personalizar-con-logo\/#primaryimage\"},\"thumbnailUrl\":\"https:\/\/adl-regalosempresa.com\/tiendaonline\/wp-content\/uploads\/2025\/08\/11107206.jpg\",\"datePublished\":\"2026-04-30T05:27:35+00:00\",\"dateModified\":\"2026-05-03T07:25:13+00:00\",\"description\":\"Art\u00edculo de merchandising Gorro de pana reciclada de 280 g\/m\u00b2 \\\"Howson\\\". Mant\u00e9n la elegancia y la comodidad todo el a\u00f1o con este vers\u00e1til gorro de pana para el sol. Dise\u00f1ado para todas las estaciones, est\u00e1 fabricado con una mezcla suave pero duradera de 80\u00a0% de algod\u00f3n reciclado y 20\u00a0% de algod\u00f3n. El tejido de pana de 280\u00a0g\/m\u00b2 a\u00f1ade textura y calidez sin resultar demasiado pesado, por lo que es ideal para entre tiempo. Con un per\u00edmetro craneal de 60\u00a0cm, el gorro proporciona un ajuste holgado y c\u00f3modo. Su dise\u00f1o atemporal lo convierte en una opci\u00f3n perfecta para llevar a diario, sea cual sea la estaci\u00f3n del a\u00f1o.\",\"breadcrumb\":{\"@id\":\"https:\/\/adl-regalosempresa.com\/tiendaonline\/articulos\/merchandising\/gorro-de-pana-reciclada-de-280-g-m%c2%b2-para-personalizar-con-logo\/#breadcrumb\"},\"inLanguage\":\"es\",\"potentialAction\":[{\"@type\":\"ReadAction\",\"target\":[\"https:\/\/adl-regalosempresa.com\/tiendaonline\/articulos\/merchandising\/gorro-de-pana-reciclada-de-280-g-m%c2%b2-para-personalizar-con-logo\/\"]}]},{\"@type\":\"ImageObject\",\"inLanguage\":\"es\",\"@id\":\"https:\/\/adl-regalosempresa.com\/tiendaonline\/articulos\/merchandising\/gorro-de-pana-reciclada-de-280-g-m%c2%b2-para-personalizar-con-logo\/#primaryimage\",\"url\":\"https:\/\/adl-regalosempresa.com\/tiendaonline\/wp-content\/uploads\/2025\/08\/11107206.jpg\",\"contentUrl\":\"https:\/\/adl-regalosempresa.com\/tiendaonline\/wp-content\/uploads\/2025\/08\/11107206.jpg\",\"width\":1600,\"height\":1600,\"caption\":\"Gorro de pana reciclada de 280 g\/m\u00b2 \\\"Howson\\\"\"},{\"@type\":\"BreadcrumbList\",\"@id\":\"https:\/\/adl-regalosempresa.com\/tiendaonline\/articulos\/merchandising\/gorro-de-pana-reciclada-de-280-g-m%c2%b2-para-personalizar-con-logo\/#breadcrumb\",\"itemListElement\":[{\"@type\":\"ListItem\",\"position\":1,\"name\":\"Portada\",\"item\":\"https:\/\/adl-regalosempresa.com\/tiendaonline\/\"},{\"@type\":\"ListItem\",\"position\":2,\"name\":\"Tienda\",\"item\":\"https:\/\/adl-regalosempresa.com\/tiendaonline\/tienda\/\"},{\"@type\":\"ListItem\",\"position\":3,\"name\":\"Gorro de pana reciclada de 280 g\/m\u00b2 para personalizar con logo\"}]},{\"@type\":\"WebSite\",\"@id\":\"https:\/\/adl-regalosempresa.com\/tiendaonline\/#website\",\"url\":\"https:\/\/adl-regalosempresa.com\/tiendaonline\/\",\"name\":\"ADL Comunicaci\u00f3n\",\"description\":\"Regalos de empresa\",\"publisher\":{\"@id\":\"https:\/\/adl-regalosempresa.com\/tiendaonline\/#organization\"},\"potentialAction\":[{\"@type\":\"SearchAction\",\"target\":{\"@type\":\"EntryPoint\",\"urlTemplate\":\"https:\/\/adl-regalosempresa.com\/tiendaonline\/?s={search_term_string}\"},\"query-input\":{\"@type\":\"PropertyValueSpecification\",\"valueRequired\":true,\"valueName\":\"search_term_string\"}}],\"inLanguage\":\"es\"},{\"@type\":\"Organization\",\"@id\":\"https:\/\/adl-regalosempresa.com\/tiendaonline\/#organization\",\"name\":\"ADL Comunicaci\u00f3n\",\"url\":\"https:\/\/adl-regalosempresa.com\/tiendaonline\/\",\"logo\":{\"@type\":\"ImageObject\",\"inLanguage\":\"es\",\"@id\":\"https:\/\/adl-regalosempresa.com\/tiendaonline\/#\/schema\/logo\/image\/\",\"url\":\"https:\/\/adl-regalosempresa.com\/tiendaonline\/wp-content\/uploads\/2017\/09\/logo-adl-wp.png\",\"contentUrl\":\"https:\/\/adl-regalosempresa.com\/tiendaonline\/wp-content\/uploads\/2017\/09\/logo-adl-wp.png\",\"width\":407,\"height\":185,\"caption\":\"ADL Comunicaci\u00f3n\"},\"image\":{\"@id\":\"https:\/\/adl-regalosempresa.com\/tiendaonline\/#\/schema\/logo\/image\/\"}}]}<\/script>\n<!-- \/ Yoast SEO plugin. -->","yoast_head_json":{"title":"Merchandising Gorro de pana reciclada de 280 g\/m\u00b2 para personalizar con logo - ADL","description":"Art\u00edculo de merchandising Gorro de pana reciclada de 280 g\/m\u00b2 \"Howson\". Mant\u00e9n la elegancia y la comodidad todo el a\u00f1o con este vers\u00e1til gorro de pana para el sol. Dise\u00f1ado para todas las estaciones, est\u00e1 fabricado con una mezcla suave pero duradera de 80\u00a0% de algod\u00f3n reciclado y 20\u00a0% de algod\u00f3n. El tejido de pana de 280\u00a0g\/m\u00b2 a\u00f1ade textura y calidez sin resultar demasiado pesado, por lo que es ideal para entre tiempo. Con un per\u00edmetro craneal de 60\u00a0cm, el gorro proporciona un ajuste holgado y c\u00f3modo. Su dise\u00f1o atemporal lo convierte en una opci\u00f3n perfecta para llevar a diario, sea cual sea la estaci\u00f3n del a\u00f1o.","robots":{"index":"index","follow":"follow","max-snippet":"max-snippet:-1","max-image-preview":"max-image-preview:large","max-video-preview":"max-video-preview:-1"},"canonical":"https:\/\/adl-regalosempresa.com\/tiendaonline\/articulos\/merchandising\/gorro-de-pana-reciclada-de-280-g-m\u00b2-para-personalizar-con-logo\/","og_locale":"es_ES","og_type":"article","og_title":"Merchandising Gorro de pana reciclada de 280 g\/m\u00b2 para personalizar con logo - ADL","og_description":"Art\u00edculo de merchandising Gorro de pana reciclada de 280 g\/m\u00b2 \"Howson\". Mant\u00e9n la elegancia y la comodidad todo el a\u00f1o con este vers\u00e1til gorro de pana para el sol. Dise\u00f1ado para todas las estaciones, est\u00e1 fabricado con una mezcla suave pero duradera de 80\u00a0% de algod\u00f3n reciclado y 20\u00a0% de algod\u00f3n. El tejido de pana de 280\u00a0g\/m\u00b2 a\u00f1ade textura y calidez sin resultar demasiado pesado, por lo que es ideal para entre tiempo. Con un per\u00edmetro craneal de 60\u00a0cm, el gorro proporciona un ajuste holgado y c\u00f3modo. Su dise\u00f1o atemporal lo convierte en una opci\u00f3n perfecta para llevar a diario, sea cual sea la estaci\u00f3n del a\u00f1o.","og_url":"https:\/\/adl-regalosempresa.com\/tiendaonline\/articulos\/merchandising\/gorro-de-pana-reciclada-de-280-g-m\u00b2-para-personalizar-con-logo\/","og_site_name":"ADL Comunicaci\u00f3n","article_modified_time":"2026-05-03T07:25:13+00:00","og_image":[{"width":1600,"height":1600,"url":"https:\/\/adl-regalosempresa.com\/tiendaonline\/wp-content\/uploads\/2025\/08\/11107206.jpg","type":"image\/jpeg"}],"twitter_card":"summary_large_image","twitter_title":"Merchandising Gorro de pana reciclada de 280 g\/m\u00b2 para personalizar con logo - ADL","twitter_misc":{"Tiempo de lectura":"1 minuto"},"schema":{"@context":"https:\/\/schema.org","@graph":[{"@type":"WebPage","@id":"https:\/\/adl-regalosempresa.com\/tiendaonline\/articulos\/merchandising\/gorro-de-pana-reciclada-de-280-g-m%c2%b2-para-personalizar-con-logo\/","url":"https:\/\/adl-regalosempresa.com\/tiendaonline\/articulos\/merchandising\/gorro-de-pana-reciclada-de-280-g-m%c2%b2-para-personalizar-con-logo\/","name":"Merchandising Gorro de pana reciclada de 280 g\/m\u00b2 para personalizar con logo - ADL","isPartOf":{"@id":"https:\/\/adl-regalosempresa.com\/tiendaonline\/#website"},"primaryImageOfPage":{"@id":"https:\/\/adl-regalosempresa.com\/tiendaonline\/articulos\/merchandising\/gorro-de-pana-reciclada-de-280-g-m%c2%b2-para-personalizar-con-logo\/#primaryimage"},"image":{"@id":"https:\/\/adl-regalosempresa.com\/tiendaonline\/articulos\/merchandising\/gorro-de-pana-reciclada-de-280-g-m%c2%b2-para-personalizar-con-logo\/#primaryimage"},"thumbnailUrl":"https:\/\/adl-regalosempresa.com\/tiendaonline\/wp-content\/uploads\/2025\/08\/11107206.jpg","datePublished":"2026-04-30T05:27:35+00:00","dateModified":"2026-05-03T07:25:13+00:00","description":"Art\u00edculo de merchandising Gorro de pana reciclada de 280 g\/m\u00b2 \"Howson\". Mant\u00e9n la elegancia y la comodidad todo el a\u00f1o con este vers\u00e1til gorro de pana para el sol. Dise\u00f1ado para todas las estaciones, est\u00e1 fabricado con una mezcla suave pero duradera de 80\u00a0% de algod\u00f3n reciclado y 20\u00a0% de algod\u00f3n. El tejido de pana de 280\u00a0g\/m\u00b2 a\u00f1ade textura y calidez sin resultar demasiado pesado, por lo que es ideal para entre tiempo. Con un per\u00edmetro craneal de 60\u00a0cm, el gorro proporciona un ajuste holgado y c\u00f3modo. Su dise\u00f1o atemporal lo convierte en una opci\u00f3n perfecta para llevar a diario, sea cual sea la estaci\u00f3n del a\u00f1o.","breadcrumb":{"@id":"https:\/\/adl-regalosempresa.com\/tiendaonline\/articulos\/merchandising\/gorro-de-pana-reciclada-de-280-g-m%c2%b2-para-personalizar-con-logo\/#breadcrumb"},"inLanguage":"es","potentialAction":[{"@type":"ReadAction","target":["https:\/\/adl-regalosempresa.com\/tiendaonline\/articulos\/merchandising\/gorro-de-pana-reciclada-de-280-g-m%c2%b2-para-personalizar-con-logo\/"]}]},{"@type":"ImageObject","inLanguage":"es","@id":"https:\/\/adl-regalosempresa.com\/tiendaonline\/articulos\/merchandising\/gorro-de-pana-reciclada-de-280-g-m%c2%b2-para-personalizar-con-logo\/#primaryimage","url":"https:\/\/adl-regalosempresa.com\/tiendaonline\/wp-content\/uploads\/2025\/08\/11107206.jpg","contentUrl":"https:\/\/adl-regalosempresa.com\/tiendaonline\/wp-content\/uploads\/2025\/08\/11107206.jpg","width":1600,"height":1600,"caption":"Gorro de pana reciclada de 280 g\/m\u00b2 \"Howson\""},{"@type":"BreadcrumbList","@id":"https:\/\/adl-regalosempresa.com\/tiendaonline\/articulos\/merchandising\/gorro-de-pana-reciclada-de-280-g-m%c2%b2-para-personalizar-con-logo\/#breadcrumb","itemListElement":[{"@type":"ListItem","position":1,"name":"Portada","item":"https:\/\/adl-regalosempresa.com\/tiendaonline\/"},{"@type":"ListItem","position":2,"name":"Tienda","item":"https:\/\/adl-regalosempresa.com\/tiendaonline\/tienda\/"},{"@type":"ListItem","position":3,"name":"Gorro de pana reciclada de 280 g\/m\u00b2 para personalizar con logo"}]},{"@type":"WebSite","@id":"https:\/\/adl-regalosempresa.com\/tiendaonline\/#website","url":"https:\/\/adl-regalosempresa.com\/tiendaonline\/","name":"ADL Comunicaci\u00f3n","description":"Regalos de empresa","publisher":{"@id":"https:\/\/adl-regalosempresa.com\/tiendaonline\/#organization"},"potentialAction":[{"@type":"SearchAction","target":{"@type":"EntryPoint","urlTemplate":"https:\/\/adl-regalosempresa.com\/tiendaonline\/?s={search_term_string}"},"query-input":{"@type":"PropertyValueSpecification","valueRequired":true,"valueName":"search_term_string"}}],"inLanguage":"es"},{"@type":"Organization","@id":"https:\/\/adl-regalosempresa.com\/tiendaonline\/#organization","name":"ADL Comunicaci\u00f3n","url":"https:\/\/adl-regalosempresa.com\/tiendaonline\/","logo":{"@type":"ImageObject","inLanguage":"es","@id":"https:\/\/adl-regalosempresa.com\/tiendaonline\/#\/schema\/logo\/image\/","url":"https:\/\/adl-regalosempresa.com\/tiendaonline\/wp-content\/uploads\/2017\/09\/logo-adl-wp.png","contentUrl":"https:\/\/adl-regalosempresa.com\/tiendaonline\/wp-content\/uploads\/2017\/09\/logo-adl-wp.png","width":407,"height":185,"caption":"ADL Comunicaci\u00f3n"},"image":{"@id":"https:\/\/adl-regalosempresa.com\/tiendaonline\/#\/schema\/logo\/image\/"}}]}},"_links":{"self":[{"href":"https:\/\/adl-regalosempresa.com\/tiendaonline\/wp-json\/wp\/v2\/product\/143175","targetHints":{"allow":["GET"]}}],"collection":[{"href":"https:\/\/adl-regalosempresa.com\/tiendaonline\/wp-json\/wp\/v2\/product"}],"about":[{"href":"https:\/\/adl-regalosempresa.com\/tiendaonline\/wp-json\/wp\/v2\/types\/product"}],"wp:featuredmedia":[{"embeddable":true,"href":"https:\/\/adl-regalosempresa.com\/tiendaonline\/wp-json\/wp\/v2\/media\/143177"}],"wp:attachment":[{"href":"https:\/\/adl-regalosempresa.com\/tiendaonline\/wp-json\/wp\/v2\/media?parent=143175"}],"wp:term":[{"taxonomy":"product_brand","embeddable":true,"href":"https:\/\/adl-regalosempresa.com\/tiendaonline\/wp-json\/wp\/v2\/product_brand?post=143175"},{"taxonomy":"product_cat","embeddable":true,"href":"https:\/\/adl-regalosempresa.com\/tiendaonline\/wp-json\/wp\/v2\/product_cat?post=143175"},{"taxonomy":"product_tag","embeddable":true,"href":"https:\/\/adl-regalosempresa.com\/tiendaonline\/wp-json\/wp\/v2\/product_tag?post=143175"}],"curies":[{"name":"wp","href":"https:\/\/api.w.org\/{rel}","templated":true}]}}