{"id":141908,"date":"2026-03-28T05:01:37","date_gmt":"2026-03-28T05:01:37","guid":{"rendered":"https:\/\/adl-regalosempresa.com\/tiendaonline\/articulos\/merchandising\/libreta-de-tapa-dura-pk-rayada-para-personalizar-con-logo\/"},"modified":"2026-04-18T07:52:16","modified_gmt":"2026-04-18T07:52:16","slug":"libreta-de-tapa-dura-pk-rayada-para-personalizar-con-logo","status":"publish","type":"product","link":"https:\/\/adl-regalosempresa.com\/tiendaonline\/articulos\/merchandising\/libreta-de-tapa-dura-pk-rayada-para-personalizar-con-logo\/","title":{"rendered":"Libreta de tapa dura PK rayada  para personalizar con logo"},"content":{"rendered":"<p>Versi\u00f3n de bolsillo (9 x 14\u00a0cm) de la libreta de tapa dura \u00abMoleskine Classic\u00bb. Disponible en una amplia gama de elegantes colores intensos, la libreta cuenta con una tapa encuadernada de cart\u00f3n con esquinas redondeadas, papel libre de \u00e1cido, un marcador y un cierre el\u00e1stico. En la primera p\u00e1gina hay una advertencia de \u00abEn caso de p\u00e9rdida\u00bb, con espacio para anotar una recompensa para quien lo encuentre. Unido a la cubierta posterior, hay un bolsillo interno extensible que incluye la historia de \u00abMoleskine\u00bb. El bolsillo se puede utilizar para papeles sueltos y notas. Contiene 192 p\u00e1ginas rayadas de color marfil.<\/p>\n","protected":false},"excerpt":{"rendered":"<p><strong>Descuentos por cantidades<\/strong><br \/>&#8211; a partir de 50 unidades: 17,87 \u20ac\/ud<br \/>&#8211; a partir de 100 unidades: 17,51 \u20ac\/ud<br \/>&#8211; a partir de 250 unidades: 17,34 \u20ac\/ud<\/p>\n<p>Para cantidades superiores a las aqu\u00ed indicadas, no dudes en ponerte en contacto con nuestro departamento comercial o <a href='https:\/\/adl-regalosempresa.com\/tiendaonline\/solicitud-presupuesto\/'>pedirnos presupuesto personalizado<\/a>, ajustaremos el presupuesto a tus necesidades.<\/p>\n","protected":false},"featured_media":141910,"template":"","meta":{"_kad_post_transparent":"","_kad_post_title":"","_kad_post_layout":"","_kad_post_sidebar_id":"","_kad_post_content_style":"","_kad_post_vertical_padding":"","_kad_post_feature":"","_kad_post_feature_position":"","_kad_post_header":false,"_kad_post_footer":false,"_kad_post_classname":""},"product_brand":[],"product_cat":[7689,7688],"product_tag":[],"class_list":{"0":"post-141908","1":"product","2":"type-product","3":"status-publish","4":"has-post-thumbnail","6":"product_cat-libretas-de-tapas-duras-libretas-y-papeleria","7":"product_cat-libretas-y-papeleria","8":"pa_alto-15-cm","9":"pa_ancho-9-cm","10":"pa_color-negro-intenso","11":"pa_color-simple-negro-intenso","12":"pa_largo-14-cm","13":"pa_marca-moleskine","14":"pa_material-papel-de-cuero-artificial","15":"pa_peso-140-gr","17":"first","18":"instock","19":"taxable","20":"shipping-taxable","21":"purchasable","22":"product-type-variable","23":"entry","24":"content-bg","25":"loop-entry"},"yoast_head":"<!-- This site is optimized with the Yoast SEO plugin v26.3 - https:\/\/yoast.com\/wordpress\/plugins\/seo\/ -->\n<title>Merchandising Libreta de tapa dura PK rayada para personalizar con logo - ADL<\/title>\n<meta name=\"description\" content=\"Art\u00edculo de merchandising Libreta de tapa dura PK rayada &quot;Classic&quot;. Versi\u00f3n de bolsillo (9 x 14\u00a0cm) de la libreta de tapa dura &quot;Moleskine Classic&quot;. Disponible en una amplia gama de elegantes colores intensos, la libreta cuenta con una tapa encuadernada de cart\u00f3n con esquinas redondeadas, papel libre de \u00e1cido, un marcador y un cierre el\u00e1stico. En la primera p\u00e1gina hay una advertencia de \u00abEn caso de p\u00e9rdida\u00bb, con espacio para anotar una recompensa para quien lo encuentre. Unido a la cubierta posterior, hay un bolsillo interno extensible que incluye la historia de &quot;Moleskine&quot;. El bolsillo se puede utilizar para papeles sueltos y notas. Contiene 192 p\u00e1ginas rayadas de color marfil.\" \/>\n<meta name=\"robots\" content=\"index, follow, max-snippet:-1, max-image-preview:large, max-video-preview:-1\" \/>\n<link rel=\"canonical\" href=\"https:\/\/adl-regalosempresa.com\/tiendaonline\/articulos\/merchandising\/libreta-de-tapa-dura-pk-rayada-para-personalizar-con-logo\/\" \/>\n<meta property=\"og:locale\" content=\"es_ES\" \/>\n<meta property=\"og:type\" content=\"article\" \/>\n<meta property=\"og:title\" content=\"Merchandising Libreta de tapa dura PK rayada para personalizar con logo - ADL\" \/>\n<meta property=\"og:description\" content=\"Art\u00edculo de merchandising Libreta de tapa dura PK rayada &quot;Classic&quot;. Versi\u00f3n de bolsillo (9 x 14\u00a0cm) de la libreta de tapa dura &quot;Moleskine Classic&quot;. Disponible en una amplia gama de elegantes colores intensos, la libreta cuenta con una tapa encuadernada de cart\u00f3n con esquinas redondeadas, papel libre de \u00e1cido, un marcador y un cierre el\u00e1stico. En la primera p\u00e1gina hay una advertencia de \u00abEn caso de p\u00e9rdida\u00bb, con espacio para anotar una recompensa para quien lo encuentre. Unido a la cubierta posterior, hay un bolsillo interno extensible que incluye la historia de &quot;Moleskine&quot;. El bolsillo se puede utilizar para papeles sueltos y notas. Contiene 192 p\u00e1ginas rayadas de color marfil.\" \/>\n<meta property=\"og:url\" content=\"https:\/\/adl-regalosempresa.com\/tiendaonline\/articulos\/merchandising\/libreta-de-tapa-dura-pk-rayada-para-personalizar-con-logo\/\" \/>\n<meta property=\"og:site_name\" content=\"ADL Comunicaci\u00f3n\" \/>\n<meta property=\"article:modified_time\" content=\"2026-04-18T07:52:16+00:00\" \/>\n<meta property=\"og:image\" content=\"https:\/\/adl-regalosempresa.com\/tiendaonline\/wp-content\/uploads\/2025\/06\/10715400.jpg\" \/>\n\t<meta property=\"og:image:width\" content=\"1600\" \/>\n\t<meta property=\"og:image:height\" content=\"1600\" \/>\n\t<meta property=\"og:image:type\" content=\"image\/jpeg\" \/>\n<meta name=\"twitter:card\" content=\"summary_large_image\" \/>\n<meta name=\"twitter:title\" content=\"Merchandising Libreta de tapa dura PK rayada para personalizar con logo - ADL\" \/>\n<meta name=\"twitter:label1\" content=\"Tiempo de lectura\" \/>\n\t<meta name=\"twitter:data1\" content=\"1 minuto\" \/>\n<script type=\"application\/ld+json\" class=\"yoast-schema-graph\">{\"@context\":\"https:\/\/schema.org\",\"@graph\":[{\"@type\":\"WebPage\",\"@id\":\"https:\/\/adl-regalosempresa.com\/tiendaonline\/articulos\/merchandising\/libreta-de-tapa-dura-pk-rayada-para-personalizar-con-logo\/\",\"url\":\"https:\/\/adl-regalosempresa.com\/tiendaonline\/articulos\/merchandising\/libreta-de-tapa-dura-pk-rayada-para-personalizar-con-logo\/\",\"name\":\"Merchandising Libreta de tapa dura PK rayada para personalizar con logo - ADL\",\"isPartOf\":{\"@id\":\"https:\/\/adl-regalosempresa.com\/tiendaonline\/#website\"},\"primaryImageOfPage\":{\"@id\":\"https:\/\/adl-regalosempresa.com\/tiendaonline\/articulos\/merchandising\/libreta-de-tapa-dura-pk-rayada-para-personalizar-con-logo\/#primaryimage\"},\"image\":{\"@id\":\"https:\/\/adl-regalosempresa.com\/tiendaonline\/articulos\/merchandising\/libreta-de-tapa-dura-pk-rayada-para-personalizar-con-logo\/#primaryimage\"},\"thumbnailUrl\":\"https:\/\/adl-regalosempresa.com\/tiendaonline\/wp-content\/uploads\/2025\/06\/10715400.jpg\",\"datePublished\":\"2026-03-28T05:01:37+00:00\",\"dateModified\":\"2026-04-18T07:52:16+00:00\",\"description\":\"Art\u00edculo de merchandising Libreta de tapa dura PK rayada \\\"Classic\\\". Versi\u00f3n de bolsillo (9 x 14\u00a0cm) de la libreta de tapa dura \\\"Moleskine Classic\\\". Disponible en una amplia gama de elegantes colores intensos, la libreta cuenta con una tapa encuadernada de cart\u00f3n con esquinas redondeadas, papel libre de \u00e1cido, un marcador y un cierre el\u00e1stico. En la primera p\u00e1gina hay una advertencia de \u00abEn caso de p\u00e9rdida\u00bb, con espacio para anotar una recompensa para quien lo encuentre. Unido a la cubierta posterior, hay un bolsillo interno extensible que incluye la historia de \\\"Moleskine\\\". El bolsillo se puede utilizar para papeles sueltos y notas. Contiene 192 p\u00e1ginas rayadas de color marfil.\",\"breadcrumb\":{\"@id\":\"https:\/\/adl-regalosempresa.com\/tiendaonline\/articulos\/merchandising\/libreta-de-tapa-dura-pk-rayada-para-personalizar-con-logo\/#breadcrumb\"},\"inLanguage\":\"es\",\"potentialAction\":[{\"@type\":\"ReadAction\",\"target\":[\"https:\/\/adl-regalosempresa.com\/tiendaonline\/articulos\/merchandising\/libreta-de-tapa-dura-pk-rayada-para-personalizar-con-logo\/\"]}]},{\"@type\":\"ImageObject\",\"inLanguage\":\"es\",\"@id\":\"https:\/\/adl-regalosempresa.com\/tiendaonline\/articulos\/merchandising\/libreta-de-tapa-dura-pk-rayada-para-personalizar-con-logo\/#primaryimage\",\"url\":\"https:\/\/adl-regalosempresa.com\/tiendaonline\/wp-content\/uploads\/2025\/06\/10715400.jpg\",\"contentUrl\":\"https:\/\/adl-regalosempresa.com\/tiendaonline\/wp-content\/uploads\/2025\/06\/10715400.jpg\",\"width\":1600,\"height\":1600,\"caption\":\"Libreta de tapa dura PK rayada \\\"Classic\\\"\"},{\"@type\":\"BreadcrumbList\",\"@id\":\"https:\/\/adl-regalosempresa.com\/tiendaonline\/articulos\/merchandising\/libreta-de-tapa-dura-pk-rayada-para-personalizar-con-logo\/#breadcrumb\",\"itemListElement\":[{\"@type\":\"ListItem\",\"position\":1,\"name\":\"Portada\",\"item\":\"https:\/\/adl-regalosempresa.com\/tiendaonline\/\"},{\"@type\":\"ListItem\",\"position\":2,\"name\":\"Tienda\",\"item\":\"https:\/\/adl-regalosempresa.com\/tiendaonline\/tienda\/\"},{\"@type\":\"ListItem\",\"position\":3,\"name\":\"Libreta de tapa dura PK rayada para personalizar con logo\"}]},{\"@type\":\"WebSite\",\"@id\":\"https:\/\/adl-regalosempresa.com\/tiendaonline\/#website\",\"url\":\"https:\/\/adl-regalosempresa.com\/tiendaonline\/\",\"name\":\"ADL Comunicaci\u00f3n\",\"description\":\"Regalos de empresa\",\"publisher\":{\"@id\":\"https:\/\/adl-regalosempresa.com\/tiendaonline\/#organization\"},\"potentialAction\":[{\"@type\":\"SearchAction\",\"target\":{\"@type\":\"EntryPoint\",\"urlTemplate\":\"https:\/\/adl-regalosempresa.com\/tiendaonline\/?s={search_term_string}\"},\"query-input\":{\"@type\":\"PropertyValueSpecification\",\"valueRequired\":true,\"valueName\":\"search_term_string\"}}],\"inLanguage\":\"es\"},{\"@type\":\"Organization\",\"@id\":\"https:\/\/adl-regalosempresa.com\/tiendaonline\/#organization\",\"name\":\"ADL Comunicaci\u00f3n\",\"url\":\"https:\/\/adl-regalosempresa.com\/tiendaonline\/\",\"logo\":{\"@type\":\"ImageObject\",\"inLanguage\":\"es\",\"@id\":\"https:\/\/adl-regalosempresa.com\/tiendaonline\/#\/schema\/logo\/image\/\",\"url\":\"https:\/\/adl-regalosempresa.com\/tiendaonline\/wp-content\/uploads\/2017\/09\/logo-adl-wp.png\",\"contentUrl\":\"https:\/\/adl-regalosempresa.com\/tiendaonline\/wp-content\/uploads\/2017\/09\/logo-adl-wp.png\",\"width\":407,\"height\":185,\"caption\":\"ADL Comunicaci\u00f3n\"},\"image\":{\"@id\":\"https:\/\/adl-regalosempresa.com\/tiendaonline\/#\/schema\/logo\/image\/\"}}]}<\/script>\n<!-- \/ Yoast SEO plugin. -->","yoast_head_json":{"title":"Merchandising Libreta de tapa dura PK rayada para personalizar con logo - ADL","description":"Art\u00edculo de merchandising Libreta de tapa dura PK rayada \"Classic\". Versi\u00f3n de bolsillo (9 x 14\u00a0cm) de la libreta de tapa dura \"Moleskine Classic\". Disponible en una amplia gama de elegantes colores intensos, la libreta cuenta con una tapa encuadernada de cart\u00f3n con esquinas redondeadas, papel libre de \u00e1cido, un marcador y un cierre el\u00e1stico. En la primera p\u00e1gina hay una advertencia de \u00abEn caso de p\u00e9rdida\u00bb, con espacio para anotar una recompensa para quien lo encuentre. Unido a la cubierta posterior, hay un bolsillo interno extensible que incluye la historia de \"Moleskine\". El bolsillo se puede utilizar para papeles sueltos y notas. Contiene 192 p\u00e1ginas rayadas de color marfil.","robots":{"index":"index","follow":"follow","max-snippet":"max-snippet:-1","max-image-preview":"max-image-preview:large","max-video-preview":"max-video-preview:-1"},"canonical":"https:\/\/adl-regalosempresa.com\/tiendaonline\/articulos\/merchandising\/libreta-de-tapa-dura-pk-rayada-para-personalizar-con-logo\/","og_locale":"es_ES","og_type":"article","og_title":"Merchandising Libreta de tapa dura PK rayada para personalizar con logo - ADL","og_description":"Art\u00edculo de merchandising Libreta de tapa dura PK rayada \"Classic\". Versi\u00f3n de bolsillo (9 x 14\u00a0cm) de la libreta de tapa dura \"Moleskine Classic\". Disponible en una amplia gama de elegantes colores intensos, la libreta cuenta con una tapa encuadernada de cart\u00f3n con esquinas redondeadas, papel libre de \u00e1cido, un marcador y un cierre el\u00e1stico. En la primera p\u00e1gina hay una advertencia de \u00abEn caso de p\u00e9rdida\u00bb, con espacio para anotar una recompensa para quien lo encuentre. Unido a la cubierta posterior, hay un bolsillo interno extensible que incluye la historia de \"Moleskine\". El bolsillo se puede utilizar para papeles sueltos y notas. Contiene 192 p\u00e1ginas rayadas de color marfil.","og_url":"https:\/\/adl-regalosempresa.com\/tiendaonline\/articulos\/merchandising\/libreta-de-tapa-dura-pk-rayada-para-personalizar-con-logo\/","og_site_name":"ADL Comunicaci\u00f3n","article_modified_time":"2026-04-18T07:52:16+00:00","og_image":[{"width":1600,"height":1600,"url":"https:\/\/adl-regalosempresa.com\/tiendaonline\/wp-content\/uploads\/2025\/06\/10715400.jpg","type":"image\/jpeg"}],"twitter_card":"summary_large_image","twitter_title":"Merchandising Libreta de tapa dura PK rayada para personalizar con logo - ADL","twitter_misc":{"Tiempo de lectura":"1 minuto"},"schema":{"@context":"https:\/\/schema.org","@graph":[{"@type":"WebPage","@id":"https:\/\/adl-regalosempresa.com\/tiendaonline\/articulos\/merchandising\/libreta-de-tapa-dura-pk-rayada-para-personalizar-con-logo\/","url":"https:\/\/adl-regalosempresa.com\/tiendaonline\/articulos\/merchandising\/libreta-de-tapa-dura-pk-rayada-para-personalizar-con-logo\/","name":"Merchandising Libreta de tapa dura PK rayada para personalizar con logo - ADL","isPartOf":{"@id":"https:\/\/adl-regalosempresa.com\/tiendaonline\/#website"},"primaryImageOfPage":{"@id":"https:\/\/adl-regalosempresa.com\/tiendaonline\/articulos\/merchandising\/libreta-de-tapa-dura-pk-rayada-para-personalizar-con-logo\/#primaryimage"},"image":{"@id":"https:\/\/adl-regalosempresa.com\/tiendaonline\/articulos\/merchandising\/libreta-de-tapa-dura-pk-rayada-para-personalizar-con-logo\/#primaryimage"},"thumbnailUrl":"https:\/\/adl-regalosempresa.com\/tiendaonline\/wp-content\/uploads\/2025\/06\/10715400.jpg","datePublished":"2026-03-28T05:01:37+00:00","dateModified":"2026-04-18T07:52:16+00:00","description":"Art\u00edculo de merchandising Libreta de tapa dura PK rayada \"Classic\". Versi\u00f3n de bolsillo (9 x 14\u00a0cm) de la libreta de tapa dura \"Moleskine Classic\". Disponible en una amplia gama de elegantes colores intensos, la libreta cuenta con una tapa encuadernada de cart\u00f3n con esquinas redondeadas, papel libre de \u00e1cido, un marcador y un cierre el\u00e1stico. En la primera p\u00e1gina hay una advertencia de \u00abEn caso de p\u00e9rdida\u00bb, con espacio para anotar una recompensa para quien lo encuentre. Unido a la cubierta posterior, hay un bolsillo interno extensible que incluye la historia de \"Moleskine\". El bolsillo se puede utilizar para papeles sueltos y notas. Contiene 192 p\u00e1ginas rayadas de color marfil.","breadcrumb":{"@id":"https:\/\/adl-regalosempresa.com\/tiendaonline\/articulos\/merchandising\/libreta-de-tapa-dura-pk-rayada-para-personalizar-con-logo\/#breadcrumb"},"inLanguage":"es","potentialAction":[{"@type":"ReadAction","target":["https:\/\/adl-regalosempresa.com\/tiendaonline\/articulos\/merchandising\/libreta-de-tapa-dura-pk-rayada-para-personalizar-con-logo\/"]}]},{"@type":"ImageObject","inLanguage":"es","@id":"https:\/\/adl-regalosempresa.com\/tiendaonline\/articulos\/merchandising\/libreta-de-tapa-dura-pk-rayada-para-personalizar-con-logo\/#primaryimage","url":"https:\/\/adl-regalosempresa.com\/tiendaonline\/wp-content\/uploads\/2025\/06\/10715400.jpg","contentUrl":"https:\/\/adl-regalosempresa.com\/tiendaonline\/wp-content\/uploads\/2025\/06\/10715400.jpg","width":1600,"height":1600,"caption":"Libreta de tapa dura PK rayada \"Classic\""},{"@type":"BreadcrumbList","@id":"https:\/\/adl-regalosempresa.com\/tiendaonline\/articulos\/merchandising\/libreta-de-tapa-dura-pk-rayada-para-personalizar-con-logo\/#breadcrumb","itemListElement":[{"@type":"ListItem","position":1,"name":"Portada","item":"https:\/\/adl-regalosempresa.com\/tiendaonline\/"},{"@type":"ListItem","position":2,"name":"Tienda","item":"https:\/\/adl-regalosempresa.com\/tiendaonline\/tienda\/"},{"@type":"ListItem","position":3,"name":"Libreta de tapa dura PK rayada para personalizar con logo"}]},{"@type":"WebSite","@id":"https:\/\/adl-regalosempresa.com\/tiendaonline\/#website","url":"https:\/\/adl-regalosempresa.com\/tiendaonline\/","name":"ADL Comunicaci\u00f3n","description":"Regalos de empresa","publisher":{"@id":"https:\/\/adl-regalosempresa.com\/tiendaonline\/#organization"},"potentialAction":[{"@type":"SearchAction","target":{"@type":"EntryPoint","urlTemplate":"https:\/\/adl-regalosempresa.com\/tiendaonline\/?s={search_term_string}"},"query-input":{"@type":"PropertyValueSpecification","valueRequired":true,"valueName":"search_term_string"}}],"inLanguage":"es"},{"@type":"Organization","@id":"https:\/\/adl-regalosempresa.com\/tiendaonline\/#organization","name":"ADL Comunicaci\u00f3n","url":"https:\/\/adl-regalosempresa.com\/tiendaonline\/","logo":{"@type":"ImageObject","inLanguage":"es","@id":"https:\/\/adl-regalosempresa.com\/tiendaonline\/#\/schema\/logo\/image\/","url":"https:\/\/adl-regalosempresa.com\/tiendaonline\/wp-content\/uploads\/2017\/09\/logo-adl-wp.png","contentUrl":"https:\/\/adl-regalosempresa.com\/tiendaonline\/wp-content\/uploads\/2017\/09\/logo-adl-wp.png","width":407,"height":185,"caption":"ADL Comunicaci\u00f3n"},"image":{"@id":"https:\/\/adl-regalosempresa.com\/tiendaonline\/#\/schema\/logo\/image\/"}}]}},"_links":{"self":[{"href":"https:\/\/adl-regalosempresa.com\/tiendaonline\/wp-json\/wp\/v2\/product\/141908","targetHints":{"allow":["GET"]}}],"collection":[{"href":"https:\/\/adl-regalosempresa.com\/tiendaonline\/wp-json\/wp\/v2\/product"}],"about":[{"href":"https:\/\/adl-regalosempresa.com\/tiendaonline\/wp-json\/wp\/v2\/types\/product"}],"wp:featuredmedia":[{"embeddable":true,"href":"https:\/\/adl-regalosempresa.com\/tiendaonline\/wp-json\/wp\/v2\/media\/141910"}],"wp:attachment":[{"href":"https:\/\/adl-regalosempresa.com\/tiendaonline\/wp-json\/wp\/v2\/media?parent=141908"}],"wp:term":[{"taxonomy":"product_brand","embeddable":true,"href":"https:\/\/adl-regalosempresa.com\/tiendaonline\/wp-json\/wp\/v2\/product_brand?post=141908"},{"taxonomy":"product_cat","embeddable":true,"href":"https:\/\/adl-regalosempresa.com\/tiendaonline\/wp-json\/wp\/v2\/product_cat?post=141908"},{"taxonomy":"product_tag","embeddable":true,"href":"https:\/\/adl-regalosempresa.com\/tiendaonline\/wp-json\/wp\/v2\/product_tag?post=141908"}],"curies":[{"name":"wp","href":"https:\/\/api.w.org\/{rel}","templated":true}]}}