{"id":141533,"date":"2026-03-31T06:13:22","date_gmt":"2026-03-31T06:13:22","guid":{"rendered":"https:\/\/adl-regalosempresa.com\/tiendaonline\/articulos\/merchandising\/dron-de-1080p-con-gps-para-personalizar-con-logo\/"},"modified":"2026-04-18T08:12:09","modified_gmt":"2026-04-18T08:12:09","slug":"dron-de-1080p-con-gps-para-personalizar-con-logo","status":"publish","type":"product","link":"https:\/\/adl-regalosempresa.com\/tiendaonline\/articulos\/merchandising\/dron-de-1080p-con-gps-para-personalizar-con-logo\/","title":{"rendered":"Dron de 1080P con GPS  para personalizar con logo"},"content":{"rendered":"<p>El dron con GPS \u00abPegasus Advanced\u00bb ofrece un seguimiento preciso de la ubicaci\u00f3n, lo que garantiza conocer siempre su posici\u00f3n exacta. Captura impresionantes fotos de alta calidad y graba v\u00eddeos Full HD a altitudes de hasta 150 metros, por lo que ofrece resultados n\u00edtidos y detallados. Su avanzada tecnolog\u00eda \u00abOptical Flow\u00bb estabiliza el dron durante el vuelo para obtener im\u00e1genes fluidas y n\u00edtidas. El mando a distancia incluido incorpora una pantalla LED que permite supervisar las grabaciones en tiempo real. Con la integraci\u00f3n WiFi, tambi\u00e9n se puede controlar el dron a trav\u00e9s de la APP \u00abLW Pro\u00bb en un smartphone para mayor comodidad. Para mayor seguridad, el dron incluye luces integradas y una fiable funci\u00f3n \u00abreturn home\u00bb que lo gu\u00eda autom\u00e1ticamente de vuelta al punto de partida. Tambi\u00e9n incluye h\u00e9lices de repuesto para un mantenimiento sencillo y un rendimiento continuado.<\/p>\n","protected":false},"excerpt":{"rendered":"<p><strong>Descuentos por cantidades<\/strong><br \/>&#8211; a partir de 2 unidades: 165,68 \u20ac\/ud<br \/>&#8211; a partir de 5 unidades: 163,71 \u20ac\/ud<br \/>&#8211; a partir de 10 unidades: 161,77 \u20ac\/ud<\/p>\n<p>Para cantidades superiores a las aqu\u00ed indicadas, no dudes en ponerte en contacto con nuestro departamento comercial o <a href='https:\/\/adl-regalosempresa.com\/tiendaonline\/solicitud-presupuesto\/'>pedirnos presupuesto personalizado<\/a>, ajustaremos el presupuesto a tus necesidades.<\/p>\n","protected":false},"featured_media":141535,"template":"","meta":{"_kad_post_transparent":"","_kad_post_title":"","_kad_post_layout":"","_kad_post_sidebar_id":"","_kad_post_content_style":"","_kad_post_vertical_padding":"","_kad_post_feature":"","_kad_post_feature_position":"","_kad_post_header":false,"_kad_post_footer":false,"_kad_post_classname":""},"product_brand":[],"product_cat":[4285,486],"product_tag":[],"class_list":{"0":"post-141533","1":"product","2":"type-product","3":"status-publish","4":"has-post-thumbnail","6":"product_cat-gadgets","7":"product_cat-tecnologia","8":"pa_alto-6-cm","9":"pa_ancho-17-cm","10":"pa_color-negro-intenso","11":"pa_color-simple-negro-intenso","12":"pa_largo-20-cm","13":"pa_marca-prixton","14":"pa_material-plastico-abs","15":"pa_peso-181-gr","17":"first","18":"instock","19":"taxable","20":"shipping-taxable","21":"purchasable","22":"product-type-variable","23":"entry","24":"content-bg","25":"loop-entry"},"yoast_head":"<!-- This site is optimized with the Yoast SEO plugin v26.3 - https:\/\/yoast.com\/wordpress\/plugins\/seo\/ -->\n<title>Merchandising Dron de 1080P con GPS para personalizar con logo - ADL<\/title>\n<meta name=\"description\" content=\"Art\u00edculo de merchandising Dron de 1080P con GPS &quot;Prixton Pegasus Advanced&quot;. El dron con GPS &quot;Pegasus Advanced&quot; ofrece un seguimiento preciso de la ubicaci\u00f3n, lo que garantiza conocer siempre su posici\u00f3n exacta. Captura impresionantes fotos de alta calidad y graba v\u00eddeos Full HD a altitudes de hasta 150 metros, por lo que ofrece resultados n\u00edtidos y detallados. Su avanzada tecnolog\u00eda &quot;Optical Flow&quot; estabiliza el dron durante el vuelo para obtener im\u00e1genes fluidas y n\u00edtidas. El mando a distancia incluido incorpora una pantalla LED que permite supervisar las grabaciones en tiempo real. Con la integraci\u00f3n WiFi, tambi\u00e9n se puede controlar el dron a trav\u00e9s de la APP &quot;LW Pro&quot; en un smartphone para mayor comodidad. Para mayor seguridad, el dron incluye luces integradas y una fiable funci\u00f3n &quot;return home&quot; que lo gu\u00eda autom\u00e1ticamente de vuelta al punto de partida. Tambi\u00e9n incluye h\u00e9lices de repuesto para un mantenimiento sencillo y un rendimiento continuado.\" \/>\n<meta name=\"robots\" content=\"index, follow, max-snippet:-1, max-image-preview:large, max-video-preview:-1\" \/>\n<link rel=\"canonical\" href=\"https:\/\/adl-regalosempresa.com\/tiendaonline\/articulos\/merchandising\/dron-de-1080p-con-gps-para-personalizar-con-logo\/\" \/>\n<meta property=\"og:locale\" content=\"es_ES\" \/>\n<meta property=\"og:type\" content=\"article\" \/>\n<meta property=\"og:title\" content=\"Merchandising Dron de 1080P con GPS para personalizar con logo - ADL\" \/>\n<meta property=\"og:description\" content=\"Art\u00edculo de merchandising Dron de 1080P con GPS &quot;Prixton Pegasus Advanced&quot;. El dron con GPS &quot;Pegasus Advanced&quot; ofrece un seguimiento preciso de la ubicaci\u00f3n, lo que garantiza conocer siempre su posici\u00f3n exacta. Captura impresionantes fotos de alta calidad y graba v\u00eddeos Full HD a altitudes de hasta 150 metros, por lo que ofrece resultados n\u00edtidos y detallados. Su avanzada tecnolog\u00eda &quot;Optical Flow&quot; estabiliza el dron durante el vuelo para obtener im\u00e1genes fluidas y n\u00edtidas. El mando a distancia incluido incorpora una pantalla LED que permite supervisar las grabaciones en tiempo real. Con la integraci\u00f3n WiFi, tambi\u00e9n se puede controlar el dron a trav\u00e9s de la APP &quot;LW Pro&quot; en un smartphone para mayor comodidad. Para mayor seguridad, el dron incluye luces integradas y una fiable funci\u00f3n &quot;return home&quot; que lo gu\u00eda autom\u00e1ticamente de vuelta al punto de partida. Tambi\u00e9n incluye h\u00e9lices de repuesto para un mantenimiento sencillo y un rendimiento continuado.\" \/>\n<meta property=\"og:url\" content=\"https:\/\/adl-regalosempresa.com\/tiendaonline\/articulos\/merchandising\/dron-de-1080p-con-gps-para-personalizar-con-logo\/\" \/>\n<meta property=\"og:site_name\" content=\"ADL Comunicaci\u00f3n\" \/>\n<meta property=\"article:modified_time\" content=\"2026-04-18T08:12:09+00:00\" \/>\n<meta property=\"og:image\" content=\"https:\/\/adl-regalosempresa.com\/tiendaonline\/wp-content\/uploads\/2025\/05\/1PA19190.jpg\" \/>\n\t<meta property=\"og:image:width\" content=\"1600\" \/>\n\t<meta property=\"og:image:height\" content=\"1600\" \/>\n\t<meta property=\"og:image:type\" content=\"image\/jpeg\" \/>\n<meta name=\"twitter:card\" content=\"summary_large_image\" \/>\n<meta name=\"twitter:title\" content=\"Merchandising Dron de 1080P con GPS para personalizar con logo - ADL\" \/>\n<meta name=\"twitter:label1\" content=\"Tiempo de lectura\" \/>\n\t<meta name=\"twitter:data1\" content=\"1 minuto\" \/>\n<script type=\"application\/ld+json\" class=\"yoast-schema-graph\">{\"@context\":\"https:\/\/schema.org\",\"@graph\":[{\"@type\":\"WebPage\",\"@id\":\"https:\/\/adl-regalosempresa.com\/tiendaonline\/articulos\/merchandising\/dron-de-1080p-con-gps-para-personalizar-con-logo\/\",\"url\":\"https:\/\/adl-regalosempresa.com\/tiendaonline\/articulos\/merchandising\/dron-de-1080p-con-gps-para-personalizar-con-logo\/\",\"name\":\"Merchandising Dron de 1080P con GPS para personalizar con logo - ADL\",\"isPartOf\":{\"@id\":\"https:\/\/adl-regalosempresa.com\/tiendaonline\/#website\"},\"primaryImageOfPage\":{\"@id\":\"https:\/\/adl-regalosempresa.com\/tiendaonline\/articulos\/merchandising\/dron-de-1080p-con-gps-para-personalizar-con-logo\/#primaryimage\"},\"image\":{\"@id\":\"https:\/\/adl-regalosempresa.com\/tiendaonline\/articulos\/merchandising\/dron-de-1080p-con-gps-para-personalizar-con-logo\/#primaryimage\"},\"thumbnailUrl\":\"https:\/\/adl-regalosempresa.com\/tiendaonline\/wp-content\/uploads\/2025\/05\/1PA19190.jpg\",\"datePublished\":\"2026-03-31T06:13:22+00:00\",\"dateModified\":\"2026-04-18T08:12:09+00:00\",\"description\":\"Art\u00edculo de merchandising Dron de 1080P con GPS \\\"Prixton Pegasus Advanced\\\". El dron con GPS \\\"Pegasus Advanced\\\" ofrece un seguimiento preciso de la ubicaci\u00f3n, lo que garantiza conocer siempre su posici\u00f3n exacta. Captura impresionantes fotos de alta calidad y graba v\u00eddeos Full HD a altitudes de hasta 150 metros, por lo que ofrece resultados n\u00edtidos y detallados. Su avanzada tecnolog\u00eda \\\"Optical Flow\\\" estabiliza el dron durante el vuelo para obtener im\u00e1genes fluidas y n\u00edtidas. El mando a distancia incluido incorpora una pantalla LED que permite supervisar las grabaciones en tiempo real. Con la integraci\u00f3n WiFi, tambi\u00e9n se puede controlar el dron a trav\u00e9s de la APP \\\"LW Pro\\\" en un smartphone para mayor comodidad. Para mayor seguridad, el dron incluye luces integradas y una fiable funci\u00f3n \\\"return home\\\" que lo gu\u00eda autom\u00e1ticamente de vuelta al punto de partida. Tambi\u00e9n incluye h\u00e9lices de repuesto para un mantenimiento sencillo y un rendimiento continuado.\",\"breadcrumb\":{\"@id\":\"https:\/\/adl-regalosempresa.com\/tiendaonline\/articulos\/merchandising\/dron-de-1080p-con-gps-para-personalizar-con-logo\/#breadcrumb\"},\"inLanguage\":\"es\",\"potentialAction\":[{\"@type\":\"ReadAction\",\"target\":[\"https:\/\/adl-regalosempresa.com\/tiendaonline\/articulos\/merchandising\/dron-de-1080p-con-gps-para-personalizar-con-logo\/\"]}]},{\"@type\":\"ImageObject\",\"inLanguage\":\"es\",\"@id\":\"https:\/\/adl-regalosempresa.com\/tiendaonline\/articulos\/merchandising\/dron-de-1080p-con-gps-para-personalizar-con-logo\/#primaryimage\",\"url\":\"https:\/\/adl-regalosempresa.com\/tiendaonline\/wp-content\/uploads\/2025\/05\/1PA19190.jpg\",\"contentUrl\":\"https:\/\/adl-regalosempresa.com\/tiendaonline\/wp-content\/uploads\/2025\/05\/1PA19190.jpg\",\"width\":1600,\"height\":1600,\"caption\":\"Dron de 1080P con GPS \\\"Prixton Pegasus Advanced\\\"\"},{\"@type\":\"BreadcrumbList\",\"@id\":\"https:\/\/adl-regalosempresa.com\/tiendaonline\/articulos\/merchandising\/dron-de-1080p-con-gps-para-personalizar-con-logo\/#breadcrumb\",\"itemListElement\":[{\"@type\":\"ListItem\",\"position\":1,\"name\":\"Portada\",\"item\":\"https:\/\/adl-regalosempresa.com\/tiendaonline\/\"},{\"@type\":\"ListItem\",\"position\":2,\"name\":\"Tienda\",\"item\":\"https:\/\/adl-regalosempresa.com\/tiendaonline\/tienda\/\"},{\"@type\":\"ListItem\",\"position\":3,\"name\":\"Dron de 1080P con GPS para personalizar con logo\"}]},{\"@type\":\"WebSite\",\"@id\":\"https:\/\/adl-regalosempresa.com\/tiendaonline\/#website\",\"url\":\"https:\/\/adl-regalosempresa.com\/tiendaonline\/\",\"name\":\"ADL Comunicaci\u00f3n\",\"description\":\"Regalos de empresa\",\"publisher\":{\"@id\":\"https:\/\/adl-regalosempresa.com\/tiendaonline\/#organization\"},\"potentialAction\":[{\"@type\":\"SearchAction\",\"target\":{\"@type\":\"EntryPoint\",\"urlTemplate\":\"https:\/\/adl-regalosempresa.com\/tiendaonline\/?s={search_term_string}\"},\"query-input\":{\"@type\":\"PropertyValueSpecification\",\"valueRequired\":true,\"valueName\":\"search_term_string\"}}],\"inLanguage\":\"es\"},{\"@type\":\"Organization\",\"@id\":\"https:\/\/adl-regalosempresa.com\/tiendaonline\/#organization\",\"name\":\"ADL Comunicaci\u00f3n\",\"url\":\"https:\/\/adl-regalosempresa.com\/tiendaonline\/\",\"logo\":{\"@type\":\"ImageObject\",\"inLanguage\":\"es\",\"@id\":\"https:\/\/adl-regalosempresa.com\/tiendaonline\/#\/schema\/logo\/image\/\",\"url\":\"https:\/\/adl-regalosempresa.com\/tiendaonline\/wp-content\/uploads\/2017\/09\/logo-adl-wp.png\",\"contentUrl\":\"https:\/\/adl-regalosempresa.com\/tiendaonline\/wp-content\/uploads\/2017\/09\/logo-adl-wp.png\",\"width\":407,\"height\":185,\"caption\":\"ADL Comunicaci\u00f3n\"},\"image\":{\"@id\":\"https:\/\/adl-regalosempresa.com\/tiendaonline\/#\/schema\/logo\/image\/\"}}]}<\/script>\n<!-- \/ Yoast SEO plugin. -->","yoast_head_json":{"title":"Merchandising Dron de 1080P con GPS para personalizar con logo - ADL","description":"Art\u00edculo de merchandising Dron de 1080P con GPS \"Prixton Pegasus Advanced\". El dron con GPS \"Pegasus Advanced\" ofrece un seguimiento preciso de la ubicaci\u00f3n, lo que garantiza conocer siempre su posici\u00f3n exacta. Captura impresionantes fotos de alta calidad y graba v\u00eddeos Full HD a altitudes de hasta 150 metros, por lo que ofrece resultados n\u00edtidos y detallados. Su avanzada tecnolog\u00eda \"Optical Flow\" estabiliza el dron durante el vuelo para obtener im\u00e1genes fluidas y n\u00edtidas. El mando a distancia incluido incorpora una pantalla LED que permite supervisar las grabaciones en tiempo real. Con la integraci\u00f3n WiFi, tambi\u00e9n se puede controlar el dron a trav\u00e9s de la APP \"LW Pro\" en un smartphone para mayor comodidad. Para mayor seguridad, el dron incluye luces integradas y una fiable funci\u00f3n \"return home\" que lo gu\u00eda autom\u00e1ticamente de vuelta al punto de partida. Tambi\u00e9n incluye h\u00e9lices de repuesto para un mantenimiento sencillo y un rendimiento continuado.","robots":{"index":"index","follow":"follow","max-snippet":"max-snippet:-1","max-image-preview":"max-image-preview:large","max-video-preview":"max-video-preview:-1"},"canonical":"https:\/\/adl-regalosempresa.com\/tiendaonline\/articulos\/merchandising\/dron-de-1080p-con-gps-para-personalizar-con-logo\/","og_locale":"es_ES","og_type":"article","og_title":"Merchandising Dron de 1080P con GPS para personalizar con logo - ADL","og_description":"Art\u00edculo de merchandising Dron de 1080P con GPS \"Prixton Pegasus Advanced\". El dron con GPS \"Pegasus Advanced\" ofrece un seguimiento preciso de la ubicaci\u00f3n, lo que garantiza conocer siempre su posici\u00f3n exacta. Captura impresionantes fotos de alta calidad y graba v\u00eddeos Full HD a altitudes de hasta 150 metros, por lo que ofrece resultados n\u00edtidos y detallados. Su avanzada tecnolog\u00eda \"Optical Flow\" estabiliza el dron durante el vuelo para obtener im\u00e1genes fluidas y n\u00edtidas. El mando a distancia incluido incorpora una pantalla LED que permite supervisar las grabaciones en tiempo real. Con la integraci\u00f3n WiFi, tambi\u00e9n se puede controlar el dron a trav\u00e9s de la APP \"LW Pro\" en un smartphone para mayor comodidad. Para mayor seguridad, el dron incluye luces integradas y una fiable funci\u00f3n \"return home\" que lo gu\u00eda autom\u00e1ticamente de vuelta al punto de partida. Tambi\u00e9n incluye h\u00e9lices de repuesto para un mantenimiento sencillo y un rendimiento continuado.","og_url":"https:\/\/adl-regalosempresa.com\/tiendaonline\/articulos\/merchandising\/dron-de-1080p-con-gps-para-personalizar-con-logo\/","og_site_name":"ADL Comunicaci\u00f3n","article_modified_time":"2026-04-18T08:12:09+00:00","og_image":[{"width":1600,"height":1600,"url":"https:\/\/adl-regalosempresa.com\/tiendaonline\/wp-content\/uploads\/2025\/05\/1PA19190.jpg","type":"image\/jpeg"}],"twitter_card":"summary_large_image","twitter_title":"Merchandising Dron de 1080P con GPS para personalizar con logo - ADL","twitter_misc":{"Tiempo de lectura":"1 minuto"},"schema":{"@context":"https:\/\/schema.org","@graph":[{"@type":"WebPage","@id":"https:\/\/adl-regalosempresa.com\/tiendaonline\/articulos\/merchandising\/dron-de-1080p-con-gps-para-personalizar-con-logo\/","url":"https:\/\/adl-regalosempresa.com\/tiendaonline\/articulos\/merchandising\/dron-de-1080p-con-gps-para-personalizar-con-logo\/","name":"Merchandising Dron de 1080P con GPS para personalizar con logo - ADL","isPartOf":{"@id":"https:\/\/adl-regalosempresa.com\/tiendaonline\/#website"},"primaryImageOfPage":{"@id":"https:\/\/adl-regalosempresa.com\/tiendaonline\/articulos\/merchandising\/dron-de-1080p-con-gps-para-personalizar-con-logo\/#primaryimage"},"image":{"@id":"https:\/\/adl-regalosempresa.com\/tiendaonline\/articulos\/merchandising\/dron-de-1080p-con-gps-para-personalizar-con-logo\/#primaryimage"},"thumbnailUrl":"https:\/\/adl-regalosempresa.com\/tiendaonline\/wp-content\/uploads\/2025\/05\/1PA19190.jpg","datePublished":"2026-03-31T06:13:22+00:00","dateModified":"2026-04-18T08:12:09+00:00","description":"Art\u00edculo de merchandising Dron de 1080P con GPS \"Prixton Pegasus Advanced\". El dron con GPS \"Pegasus Advanced\" ofrece un seguimiento preciso de la ubicaci\u00f3n, lo que garantiza conocer siempre su posici\u00f3n exacta. Captura impresionantes fotos de alta calidad y graba v\u00eddeos Full HD a altitudes de hasta 150 metros, por lo que ofrece resultados n\u00edtidos y detallados. Su avanzada tecnolog\u00eda \"Optical Flow\" estabiliza el dron durante el vuelo para obtener im\u00e1genes fluidas y n\u00edtidas. El mando a distancia incluido incorpora una pantalla LED que permite supervisar las grabaciones en tiempo real. Con la integraci\u00f3n WiFi, tambi\u00e9n se puede controlar el dron a trav\u00e9s de la APP \"LW Pro\" en un smartphone para mayor comodidad. Para mayor seguridad, el dron incluye luces integradas y una fiable funci\u00f3n \"return home\" que lo gu\u00eda autom\u00e1ticamente de vuelta al punto de partida. Tambi\u00e9n incluye h\u00e9lices de repuesto para un mantenimiento sencillo y un rendimiento continuado.","breadcrumb":{"@id":"https:\/\/adl-regalosempresa.com\/tiendaonline\/articulos\/merchandising\/dron-de-1080p-con-gps-para-personalizar-con-logo\/#breadcrumb"},"inLanguage":"es","potentialAction":[{"@type":"ReadAction","target":["https:\/\/adl-regalosempresa.com\/tiendaonline\/articulos\/merchandising\/dron-de-1080p-con-gps-para-personalizar-con-logo\/"]}]},{"@type":"ImageObject","inLanguage":"es","@id":"https:\/\/adl-regalosempresa.com\/tiendaonline\/articulos\/merchandising\/dron-de-1080p-con-gps-para-personalizar-con-logo\/#primaryimage","url":"https:\/\/adl-regalosempresa.com\/tiendaonline\/wp-content\/uploads\/2025\/05\/1PA19190.jpg","contentUrl":"https:\/\/adl-regalosempresa.com\/tiendaonline\/wp-content\/uploads\/2025\/05\/1PA19190.jpg","width":1600,"height":1600,"caption":"Dron de 1080P con GPS \"Prixton Pegasus Advanced\""},{"@type":"BreadcrumbList","@id":"https:\/\/adl-regalosempresa.com\/tiendaonline\/articulos\/merchandising\/dron-de-1080p-con-gps-para-personalizar-con-logo\/#breadcrumb","itemListElement":[{"@type":"ListItem","position":1,"name":"Portada","item":"https:\/\/adl-regalosempresa.com\/tiendaonline\/"},{"@type":"ListItem","position":2,"name":"Tienda","item":"https:\/\/adl-regalosempresa.com\/tiendaonline\/tienda\/"},{"@type":"ListItem","position":3,"name":"Dron de 1080P con GPS para personalizar con logo"}]},{"@type":"WebSite","@id":"https:\/\/adl-regalosempresa.com\/tiendaonline\/#website","url":"https:\/\/adl-regalosempresa.com\/tiendaonline\/","name":"ADL Comunicaci\u00f3n","description":"Regalos de empresa","publisher":{"@id":"https:\/\/adl-regalosempresa.com\/tiendaonline\/#organization"},"potentialAction":[{"@type":"SearchAction","target":{"@type":"EntryPoint","urlTemplate":"https:\/\/adl-regalosempresa.com\/tiendaonline\/?s={search_term_string}"},"query-input":{"@type":"PropertyValueSpecification","valueRequired":true,"valueName":"search_term_string"}}],"inLanguage":"es"},{"@type":"Organization","@id":"https:\/\/adl-regalosempresa.com\/tiendaonline\/#organization","name":"ADL Comunicaci\u00f3n","url":"https:\/\/adl-regalosempresa.com\/tiendaonline\/","logo":{"@type":"ImageObject","inLanguage":"es","@id":"https:\/\/adl-regalosempresa.com\/tiendaonline\/#\/schema\/logo\/image\/","url":"https:\/\/adl-regalosempresa.com\/tiendaonline\/wp-content\/uploads\/2017\/09\/logo-adl-wp.png","contentUrl":"https:\/\/adl-regalosempresa.com\/tiendaonline\/wp-content\/uploads\/2017\/09\/logo-adl-wp.png","width":407,"height":185,"caption":"ADL Comunicaci\u00f3n"},"image":{"@id":"https:\/\/adl-regalosempresa.com\/tiendaonline\/#\/schema\/logo\/image\/"}}]}},"_links":{"self":[{"href":"https:\/\/adl-regalosempresa.com\/tiendaonline\/wp-json\/wp\/v2\/product\/141533","targetHints":{"allow":["GET"]}}],"collection":[{"href":"https:\/\/adl-regalosempresa.com\/tiendaonline\/wp-json\/wp\/v2\/product"}],"about":[{"href":"https:\/\/adl-regalosempresa.com\/tiendaonline\/wp-json\/wp\/v2\/types\/product"}],"wp:featuredmedia":[{"embeddable":true,"href":"https:\/\/adl-regalosempresa.com\/tiendaonline\/wp-json\/wp\/v2\/media\/141535"}],"wp:attachment":[{"href":"https:\/\/adl-regalosempresa.com\/tiendaonline\/wp-json\/wp\/v2\/media?parent=141533"}],"wp:term":[{"taxonomy":"product_brand","embeddable":true,"href":"https:\/\/adl-regalosempresa.com\/tiendaonline\/wp-json\/wp\/v2\/product_brand?post=141533"},{"taxonomy":"product_cat","embeddable":true,"href":"https:\/\/adl-regalosempresa.com\/tiendaonline\/wp-json\/wp\/v2\/product_cat?post=141533"},{"taxonomy":"product_tag","embeddable":true,"href":"https:\/\/adl-regalosempresa.com\/tiendaonline\/wp-json\/wp\/v2\/product_tag?post=141533"}],"curies":[{"name":"wp","href":"https:\/\/api.w.org\/{rel}","templated":true}]}}