{"id":141506,"date":"2026-03-31T06:13:22","date_gmt":"2026-03-31T06:13:22","guid":{"rendered":"https:\/\/adl-regalosempresa.com\/tiendaonline\/articulos\/merchandising\/proyector-de-1080p-para-personalizar-con-logo\/"},"modified":"2026-04-25T08:32:30","modified_gmt":"2026-04-25T08:32:30","slug":"proyector-de-1080p-para-personalizar-con-logo","status":"publish","type":"product","link":"https:\/\/adl-regalosempresa.com\/tiendaonline\/articulos\/merchandising\/proyector-de-1080p-para-personalizar-con-logo\/","title":{"rendered":"Proyector de 1080P  para personalizar con logo"},"content":{"rendered":"<p>El proyector \u00abMatisse\u00bb ofrece im\u00e1genes de alta calidad gracias a su resoluci\u00f3n FULL HD 1080P y a su potente luz LED de 5800 l\u00famenes (200 l\u00famenes ANSI de luz blanca), lo que garantiza una experiencia de visualizaci\u00f3n brillante y llamativa. Es compatible con WiFi y Screen Mirroring, lo que permite transmitir f\u00e1cilmente contenidos desde otros dispositivos. El proyector tambi\u00e9n cuenta con entradas HDMI y USB para tener opciones de reproducci\u00f3n vers\u00e1tiles y puede conectarse de forma inal\u00e1mbrica a altavoces externos para mejorar el sonido.<br \/>\nLa correcci\u00f3n trapezoidal vertical autom\u00e1tica garantiza una imagen perfectamente alineada, mientras que el soporte de rotaci\u00f3n de 180 grados permite una proyecci\u00f3n multi\u00e1ngulo flexible. El proyector \u00abMatisse\u00bb puede mostrar im\u00e1genes de entre 32 y 120 pulgadas a distancias de 1 a 4 metros. Incluye funciones \u00absky light\u00bb y \u00abambient light\u00bb para mejorar el entorno de visualizaci\u00f3n. Los dos altavoces integrados de 3 W proporcionan un sonido claro, y el mando a distancia incluido facilita el manejo. Con una relaci\u00f3n de contraste de 800:1 y una vida \u00fatil de 20\u00a0000 horas, el proyector \u00abMatisse\u00bb est\u00e1 dise\u00f1ado para ofrecer un entretenimiento duradero y de alto rendimiento.<\/p>\n","protected":false},"excerpt":{"rendered":"<p><strong>Descuentos por cantidades<\/strong><br \/>&#8211; a partir de 2 unidades: 133,01 \u20ac\/ud<br \/>&#8211; a partir de 5 unidades: 131,46 \u20ac\/ud<br \/>&#8211; a partir de 10 unidades: 129,95 \u20ac\/ud<\/p>\n<p>Para cantidades superiores a las aqu\u00ed indicadas, no dudes en ponerte en contacto con nuestro departamento comercial o <a href='https:\/\/adl-regalosempresa.com\/tiendaonline\/solicitud-presupuesto\/'>pedirnos presupuesto personalizado<\/a>, ajustaremos el presupuesto a tus necesidades.<\/p>\n","protected":false},"featured_media":141508,"template":"","meta":{"_kad_post_transparent":"","_kad_post_title":"","_kad_post_layout":"","_kad_post_sidebar_id":"","_kad_post_content_style":"","_kad_post_vertical_padding":"","_kad_post_feature":"","_kad_post_feature_position":"","_kad_post_header":false,"_kad_post_footer":false,"_kad_post_classname":""},"product_brand":[],"product_cat":[4186,3519],"product_tag":[],"class_list":{"0":"post-141506","1":"product","2":"type-product","3":"status-publish","4":"has-post-thumbnail","6":"product_cat-accesorios-del-hogar","7":"product_cat-articulos-personalizados-hogar","8":"pa_alto-242-cm","9":"pa_ancho-125-cm","10":"pa_color-blanco","11":"pa_color-simple-blanco","12":"pa_largo-125-cm","13":"pa_marca-prixton","14":"pa_material-plastico-abs-vidrio","15":"pa_peso-900-gr","17":"first","18":"instock","19":"taxable","20":"shipping-taxable","21":"purchasable","22":"product-type-variable","23":"entry","24":"content-bg","25":"loop-entry"},"yoast_head":"<!-- This site is optimized with the Yoast SEO plugin v26.3 - https:\/\/yoast.com\/wordpress\/plugins\/seo\/ -->\n<title>Merchandising Proyector de 1080P para personalizar con logo - ADL<\/title>\n<meta name=\"description\" content=\"Art\u00edculo de merchandising Proyector de 1080P &quot;Prixton Matisse&quot;. El proyector &quot;Matisse&quot; ofrece im\u00e1genes de alta calidad gracias a su resoluci\u00f3n FULL HD 1080P y a su potente luz LED de 5800 l\u00famenes (200 l\u00famenes ANSI de luz blanca), lo que garantiza una experiencia de visualizaci\u00f3n brillante y llamativa. Es compatible con WiFi y Screen Mirroring, lo que permite transmitir f\u00e1cilmente contenidos desde otros dispositivos. El proyector tambi\u00e9n cuenta con entradas HDMI y USB para tener opciones de reproducci\u00f3n vers\u00e1tiles y puede conectarse de forma inal\u00e1mbrica a altavoces externos para mejorar el sonido. La correcci\u00f3n trapezoidal vertical autom\u00e1tica garantiza una imagen perfectamente alineada, mientras que el soporte de rotaci\u00f3n de 180 grados permite una proyecci\u00f3n multi\u00e1ngulo flexible. El proyector &quot;Matisse&quot; puede mostrar im\u00e1genes de entre 32 y 120 pulgadas a distancias de 1 a 4 metros. Incluye funciones &quot;sky light&quot; y &quot;ambient light&quot; para mejorar el entorno de visualizaci\u00f3n. Los dos altavoces integrados de 3 W proporcionan un sonido claro, y el mando a distancia incluido facilita el manejo. Con una relaci\u00f3n de contraste de 800:1 y una vida \u00fatil de 20\u00a0000 horas, el proyector &quot;Matisse&quot; est\u00e1 dise\u00f1ado para ofrecer un entretenimiento duradero y de alto rendimiento.\" \/>\n<meta name=\"robots\" content=\"index, follow, max-snippet:-1, max-image-preview:large, max-video-preview:-1\" \/>\n<link rel=\"canonical\" href=\"https:\/\/adl-regalosempresa.com\/tiendaonline\/articulos\/merchandising\/proyector-de-1080p-para-personalizar-con-logo\/\" \/>\n<meta property=\"og:locale\" content=\"es_ES\" \/>\n<meta property=\"og:type\" content=\"article\" \/>\n<meta property=\"og:title\" content=\"Merchandising Proyector de 1080P para personalizar con logo - ADL\" \/>\n<meta property=\"og:description\" content=\"Art\u00edculo de merchandising Proyector de 1080P &quot;Prixton Matisse&quot;. El proyector &quot;Matisse&quot; ofrece im\u00e1genes de alta calidad gracias a su resoluci\u00f3n FULL HD 1080P y a su potente luz LED de 5800 l\u00famenes (200 l\u00famenes ANSI de luz blanca), lo que garantiza una experiencia de visualizaci\u00f3n brillante y llamativa. Es compatible con WiFi y Screen Mirroring, lo que permite transmitir f\u00e1cilmente contenidos desde otros dispositivos. El proyector tambi\u00e9n cuenta con entradas HDMI y USB para tener opciones de reproducci\u00f3n vers\u00e1tiles y puede conectarse de forma inal\u00e1mbrica a altavoces externos para mejorar el sonido. La correcci\u00f3n trapezoidal vertical autom\u00e1tica garantiza una imagen perfectamente alineada, mientras que el soporte de rotaci\u00f3n de 180 grados permite una proyecci\u00f3n multi\u00e1ngulo flexible. El proyector &quot;Matisse&quot; puede mostrar im\u00e1genes de entre 32 y 120 pulgadas a distancias de 1 a 4 metros. Incluye funciones &quot;sky light&quot; y &quot;ambient light&quot; para mejorar el entorno de visualizaci\u00f3n. Los dos altavoces integrados de 3 W proporcionan un sonido claro, y el mando a distancia incluido facilita el manejo. Con una relaci\u00f3n de contraste de 800:1 y una vida \u00fatil de 20\u00a0000 horas, el proyector &quot;Matisse&quot; est\u00e1 dise\u00f1ado para ofrecer un entretenimiento duradero y de alto rendimiento.\" \/>\n<meta property=\"og:url\" content=\"https:\/\/adl-regalosempresa.com\/tiendaonline\/articulos\/merchandising\/proyector-de-1080p-para-personalizar-con-logo\/\" \/>\n<meta property=\"og:site_name\" content=\"ADL Comunicaci\u00f3n\" \/>\n<meta property=\"article:modified_time\" content=\"2026-04-25T08:32:30+00:00\" \/>\n<meta property=\"og:image\" content=\"https:\/\/adl-regalosempresa.com\/tiendaonline\/wp-content\/uploads\/2025\/05\/1PA19801.jpg\" \/>\n\t<meta property=\"og:image:width\" content=\"1600\" \/>\n\t<meta property=\"og:image:height\" content=\"1600\" \/>\n\t<meta property=\"og:image:type\" content=\"image\/jpeg\" \/>\n<meta name=\"twitter:card\" content=\"summary_large_image\" \/>\n<meta name=\"twitter:title\" content=\"Merchandising Proyector de 1080P para personalizar con logo - ADL\" \/>\n<meta name=\"twitter:label1\" content=\"Tiempo de lectura\" \/>\n\t<meta name=\"twitter:data1\" content=\"1 minuto\" \/>\n<script type=\"application\/ld+json\" class=\"yoast-schema-graph\">{\"@context\":\"https:\/\/schema.org\",\"@graph\":[{\"@type\":\"WebPage\",\"@id\":\"https:\/\/adl-regalosempresa.com\/tiendaonline\/articulos\/merchandising\/proyector-de-1080p-para-personalizar-con-logo\/\",\"url\":\"https:\/\/adl-regalosempresa.com\/tiendaonline\/articulos\/merchandising\/proyector-de-1080p-para-personalizar-con-logo\/\",\"name\":\"Merchandising Proyector de 1080P para personalizar con logo - ADL\",\"isPartOf\":{\"@id\":\"https:\/\/adl-regalosempresa.com\/tiendaonline\/#website\"},\"primaryImageOfPage\":{\"@id\":\"https:\/\/adl-regalosempresa.com\/tiendaonline\/articulos\/merchandising\/proyector-de-1080p-para-personalizar-con-logo\/#primaryimage\"},\"image\":{\"@id\":\"https:\/\/adl-regalosempresa.com\/tiendaonline\/articulos\/merchandising\/proyector-de-1080p-para-personalizar-con-logo\/#primaryimage\"},\"thumbnailUrl\":\"https:\/\/adl-regalosempresa.com\/tiendaonline\/wp-content\/uploads\/2025\/05\/1PA19801.jpg\",\"datePublished\":\"2026-03-31T06:13:22+00:00\",\"dateModified\":\"2026-04-25T08:32:30+00:00\",\"description\":\"Art\u00edculo de merchandising Proyector de 1080P \\\"Prixton Matisse\\\". El proyector \\\"Matisse\\\" ofrece im\u00e1genes de alta calidad gracias a su resoluci\u00f3n FULL HD 1080P y a su potente luz LED de 5800 l\u00famenes (200 l\u00famenes ANSI de luz blanca), lo que garantiza una experiencia de visualizaci\u00f3n brillante y llamativa. Es compatible con WiFi y Screen Mirroring, lo que permite transmitir f\u00e1cilmente contenidos desde otros dispositivos. El proyector tambi\u00e9n cuenta con entradas HDMI y USB para tener opciones de reproducci\u00f3n vers\u00e1tiles y puede conectarse de forma inal\u00e1mbrica a altavoces externos para mejorar el sonido. La correcci\u00f3n trapezoidal vertical autom\u00e1tica garantiza una imagen perfectamente alineada, mientras que el soporte de rotaci\u00f3n de 180 grados permite una proyecci\u00f3n multi\u00e1ngulo flexible. El proyector \\\"Matisse\\\" puede mostrar im\u00e1genes de entre 32 y 120 pulgadas a distancias de 1 a 4 metros. Incluye funciones \\\"sky light\\\" y \\\"ambient light\\\" para mejorar el entorno de visualizaci\u00f3n. Los dos altavoces integrados de 3 W proporcionan un sonido claro, y el mando a distancia incluido facilita el manejo. Con una relaci\u00f3n de contraste de 800:1 y una vida \u00fatil de 20\u00a0000 horas, el proyector \\\"Matisse\\\" est\u00e1 dise\u00f1ado para ofrecer un entretenimiento duradero y de alto rendimiento.\",\"breadcrumb\":{\"@id\":\"https:\/\/adl-regalosempresa.com\/tiendaonline\/articulos\/merchandising\/proyector-de-1080p-para-personalizar-con-logo\/#breadcrumb\"},\"inLanguage\":\"es\",\"potentialAction\":[{\"@type\":\"ReadAction\",\"target\":[\"https:\/\/adl-regalosempresa.com\/tiendaonline\/articulos\/merchandising\/proyector-de-1080p-para-personalizar-con-logo\/\"]}]},{\"@type\":\"ImageObject\",\"inLanguage\":\"es\",\"@id\":\"https:\/\/adl-regalosempresa.com\/tiendaonline\/articulos\/merchandising\/proyector-de-1080p-para-personalizar-con-logo\/#primaryimage\",\"url\":\"https:\/\/adl-regalosempresa.com\/tiendaonline\/wp-content\/uploads\/2025\/05\/1PA19801.jpg\",\"contentUrl\":\"https:\/\/adl-regalosempresa.com\/tiendaonline\/wp-content\/uploads\/2025\/05\/1PA19801.jpg\",\"width\":1600,\"height\":1600,\"caption\":\"Proyector de 1080P \\\"Prixton Matisse\\\"\"},{\"@type\":\"BreadcrumbList\",\"@id\":\"https:\/\/adl-regalosempresa.com\/tiendaonline\/articulos\/merchandising\/proyector-de-1080p-para-personalizar-con-logo\/#breadcrumb\",\"itemListElement\":[{\"@type\":\"ListItem\",\"position\":1,\"name\":\"Portada\",\"item\":\"https:\/\/adl-regalosempresa.com\/tiendaonline\/\"},{\"@type\":\"ListItem\",\"position\":2,\"name\":\"Tienda\",\"item\":\"https:\/\/adl-regalosempresa.com\/tiendaonline\/tienda\/\"},{\"@type\":\"ListItem\",\"position\":3,\"name\":\"Proyector de 1080P para personalizar con logo\"}]},{\"@type\":\"WebSite\",\"@id\":\"https:\/\/adl-regalosempresa.com\/tiendaonline\/#website\",\"url\":\"https:\/\/adl-regalosempresa.com\/tiendaonline\/\",\"name\":\"ADL Comunicaci\u00f3n\",\"description\":\"Regalos de empresa\",\"publisher\":{\"@id\":\"https:\/\/adl-regalosempresa.com\/tiendaonline\/#organization\"},\"potentialAction\":[{\"@type\":\"SearchAction\",\"target\":{\"@type\":\"EntryPoint\",\"urlTemplate\":\"https:\/\/adl-regalosempresa.com\/tiendaonline\/?s={search_term_string}\"},\"query-input\":{\"@type\":\"PropertyValueSpecification\",\"valueRequired\":true,\"valueName\":\"search_term_string\"}}],\"inLanguage\":\"es\"},{\"@type\":\"Organization\",\"@id\":\"https:\/\/adl-regalosempresa.com\/tiendaonline\/#organization\",\"name\":\"ADL Comunicaci\u00f3n\",\"url\":\"https:\/\/adl-regalosempresa.com\/tiendaonline\/\",\"logo\":{\"@type\":\"ImageObject\",\"inLanguage\":\"es\",\"@id\":\"https:\/\/adl-regalosempresa.com\/tiendaonline\/#\/schema\/logo\/image\/\",\"url\":\"https:\/\/adl-regalosempresa.com\/tiendaonline\/wp-content\/uploads\/2017\/09\/logo-adl-wp.png\",\"contentUrl\":\"https:\/\/adl-regalosempresa.com\/tiendaonline\/wp-content\/uploads\/2017\/09\/logo-adl-wp.png\",\"width\":407,\"height\":185,\"caption\":\"ADL Comunicaci\u00f3n\"},\"image\":{\"@id\":\"https:\/\/adl-regalosempresa.com\/tiendaonline\/#\/schema\/logo\/image\/\"}}]}<\/script>\n<!-- \/ Yoast SEO plugin. -->","yoast_head_json":{"title":"Merchandising Proyector de 1080P para personalizar con logo - ADL","description":"Art\u00edculo de merchandising Proyector de 1080P \"Prixton Matisse\". El proyector \"Matisse\" ofrece im\u00e1genes de alta calidad gracias a su resoluci\u00f3n FULL HD 1080P y a su potente luz LED de 5800 l\u00famenes (200 l\u00famenes ANSI de luz blanca), lo que garantiza una experiencia de visualizaci\u00f3n brillante y llamativa. Es compatible con WiFi y Screen Mirroring, lo que permite transmitir f\u00e1cilmente contenidos desde otros dispositivos. El proyector tambi\u00e9n cuenta con entradas HDMI y USB para tener opciones de reproducci\u00f3n vers\u00e1tiles y puede conectarse de forma inal\u00e1mbrica a altavoces externos para mejorar el sonido. La correcci\u00f3n trapezoidal vertical autom\u00e1tica garantiza una imagen perfectamente alineada, mientras que el soporte de rotaci\u00f3n de 180 grados permite una proyecci\u00f3n multi\u00e1ngulo flexible. El proyector \"Matisse\" puede mostrar im\u00e1genes de entre 32 y 120 pulgadas a distancias de 1 a 4 metros. Incluye funciones \"sky light\" y \"ambient light\" para mejorar el entorno de visualizaci\u00f3n. Los dos altavoces integrados de 3 W proporcionan un sonido claro, y el mando a distancia incluido facilita el manejo. Con una relaci\u00f3n de contraste de 800:1 y una vida \u00fatil de 20\u00a0000 horas, el proyector \"Matisse\" est\u00e1 dise\u00f1ado para ofrecer un entretenimiento duradero y de alto rendimiento.","robots":{"index":"index","follow":"follow","max-snippet":"max-snippet:-1","max-image-preview":"max-image-preview:large","max-video-preview":"max-video-preview:-1"},"canonical":"https:\/\/adl-regalosempresa.com\/tiendaonline\/articulos\/merchandising\/proyector-de-1080p-para-personalizar-con-logo\/","og_locale":"es_ES","og_type":"article","og_title":"Merchandising Proyector de 1080P para personalizar con logo - ADL","og_description":"Art\u00edculo de merchandising Proyector de 1080P \"Prixton Matisse\". El proyector \"Matisse\" ofrece im\u00e1genes de alta calidad gracias a su resoluci\u00f3n FULL HD 1080P y a su potente luz LED de 5800 l\u00famenes (200 l\u00famenes ANSI de luz blanca), lo que garantiza una experiencia de visualizaci\u00f3n brillante y llamativa. Es compatible con WiFi y Screen Mirroring, lo que permite transmitir f\u00e1cilmente contenidos desde otros dispositivos. El proyector tambi\u00e9n cuenta con entradas HDMI y USB para tener opciones de reproducci\u00f3n vers\u00e1tiles y puede conectarse de forma inal\u00e1mbrica a altavoces externos para mejorar el sonido. La correcci\u00f3n trapezoidal vertical autom\u00e1tica garantiza una imagen perfectamente alineada, mientras que el soporte de rotaci\u00f3n de 180 grados permite una proyecci\u00f3n multi\u00e1ngulo flexible. El proyector \"Matisse\" puede mostrar im\u00e1genes de entre 32 y 120 pulgadas a distancias de 1 a 4 metros. Incluye funciones \"sky light\" y \"ambient light\" para mejorar el entorno de visualizaci\u00f3n. Los dos altavoces integrados de 3 W proporcionan un sonido claro, y el mando a distancia incluido facilita el manejo. Con una relaci\u00f3n de contraste de 800:1 y una vida \u00fatil de 20\u00a0000 horas, el proyector \"Matisse\" est\u00e1 dise\u00f1ado para ofrecer un entretenimiento duradero y de alto rendimiento.","og_url":"https:\/\/adl-regalosempresa.com\/tiendaonline\/articulos\/merchandising\/proyector-de-1080p-para-personalizar-con-logo\/","og_site_name":"ADL Comunicaci\u00f3n","article_modified_time":"2026-04-25T08:32:30+00:00","og_image":[{"width":1600,"height":1600,"url":"https:\/\/adl-regalosempresa.com\/tiendaonline\/wp-content\/uploads\/2025\/05\/1PA19801.jpg","type":"image\/jpeg"}],"twitter_card":"summary_large_image","twitter_title":"Merchandising Proyector de 1080P para personalizar con logo - ADL","twitter_misc":{"Tiempo de lectura":"1 minuto"},"schema":{"@context":"https:\/\/schema.org","@graph":[{"@type":"WebPage","@id":"https:\/\/adl-regalosempresa.com\/tiendaonline\/articulos\/merchandising\/proyector-de-1080p-para-personalizar-con-logo\/","url":"https:\/\/adl-regalosempresa.com\/tiendaonline\/articulos\/merchandising\/proyector-de-1080p-para-personalizar-con-logo\/","name":"Merchandising Proyector de 1080P para personalizar con logo - ADL","isPartOf":{"@id":"https:\/\/adl-regalosempresa.com\/tiendaonline\/#website"},"primaryImageOfPage":{"@id":"https:\/\/adl-regalosempresa.com\/tiendaonline\/articulos\/merchandising\/proyector-de-1080p-para-personalizar-con-logo\/#primaryimage"},"image":{"@id":"https:\/\/adl-regalosempresa.com\/tiendaonline\/articulos\/merchandising\/proyector-de-1080p-para-personalizar-con-logo\/#primaryimage"},"thumbnailUrl":"https:\/\/adl-regalosempresa.com\/tiendaonline\/wp-content\/uploads\/2025\/05\/1PA19801.jpg","datePublished":"2026-03-31T06:13:22+00:00","dateModified":"2026-04-25T08:32:30+00:00","description":"Art\u00edculo de merchandising Proyector de 1080P \"Prixton Matisse\". El proyector \"Matisse\" ofrece im\u00e1genes de alta calidad gracias a su resoluci\u00f3n FULL HD 1080P y a su potente luz LED de 5800 l\u00famenes (200 l\u00famenes ANSI de luz blanca), lo que garantiza una experiencia de visualizaci\u00f3n brillante y llamativa. Es compatible con WiFi y Screen Mirroring, lo que permite transmitir f\u00e1cilmente contenidos desde otros dispositivos. El proyector tambi\u00e9n cuenta con entradas HDMI y USB para tener opciones de reproducci\u00f3n vers\u00e1tiles y puede conectarse de forma inal\u00e1mbrica a altavoces externos para mejorar el sonido. La correcci\u00f3n trapezoidal vertical autom\u00e1tica garantiza una imagen perfectamente alineada, mientras que el soporte de rotaci\u00f3n de 180 grados permite una proyecci\u00f3n multi\u00e1ngulo flexible. El proyector \"Matisse\" puede mostrar im\u00e1genes de entre 32 y 120 pulgadas a distancias de 1 a 4 metros. Incluye funciones \"sky light\" y \"ambient light\" para mejorar el entorno de visualizaci\u00f3n. Los dos altavoces integrados de 3 W proporcionan un sonido claro, y el mando a distancia incluido facilita el manejo. Con una relaci\u00f3n de contraste de 800:1 y una vida \u00fatil de 20\u00a0000 horas, el proyector \"Matisse\" est\u00e1 dise\u00f1ado para ofrecer un entretenimiento duradero y de alto rendimiento.","breadcrumb":{"@id":"https:\/\/adl-regalosempresa.com\/tiendaonline\/articulos\/merchandising\/proyector-de-1080p-para-personalizar-con-logo\/#breadcrumb"},"inLanguage":"es","potentialAction":[{"@type":"ReadAction","target":["https:\/\/adl-regalosempresa.com\/tiendaonline\/articulos\/merchandising\/proyector-de-1080p-para-personalizar-con-logo\/"]}]},{"@type":"ImageObject","inLanguage":"es","@id":"https:\/\/adl-regalosempresa.com\/tiendaonline\/articulos\/merchandising\/proyector-de-1080p-para-personalizar-con-logo\/#primaryimage","url":"https:\/\/adl-regalosempresa.com\/tiendaonline\/wp-content\/uploads\/2025\/05\/1PA19801.jpg","contentUrl":"https:\/\/adl-regalosempresa.com\/tiendaonline\/wp-content\/uploads\/2025\/05\/1PA19801.jpg","width":1600,"height":1600,"caption":"Proyector de 1080P \"Prixton Matisse\""},{"@type":"BreadcrumbList","@id":"https:\/\/adl-regalosempresa.com\/tiendaonline\/articulos\/merchandising\/proyector-de-1080p-para-personalizar-con-logo\/#breadcrumb","itemListElement":[{"@type":"ListItem","position":1,"name":"Portada","item":"https:\/\/adl-regalosempresa.com\/tiendaonline\/"},{"@type":"ListItem","position":2,"name":"Tienda","item":"https:\/\/adl-regalosempresa.com\/tiendaonline\/tienda\/"},{"@type":"ListItem","position":3,"name":"Proyector de 1080P para personalizar con logo"}]},{"@type":"WebSite","@id":"https:\/\/adl-regalosempresa.com\/tiendaonline\/#website","url":"https:\/\/adl-regalosempresa.com\/tiendaonline\/","name":"ADL Comunicaci\u00f3n","description":"Regalos de empresa","publisher":{"@id":"https:\/\/adl-regalosempresa.com\/tiendaonline\/#organization"},"potentialAction":[{"@type":"SearchAction","target":{"@type":"EntryPoint","urlTemplate":"https:\/\/adl-regalosempresa.com\/tiendaonline\/?s={search_term_string}"},"query-input":{"@type":"PropertyValueSpecification","valueRequired":true,"valueName":"search_term_string"}}],"inLanguage":"es"},{"@type":"Organization","@id":"https:\/\/adl-regalosempresa.com\/tiendaonline\/#organization","name":"ADL Comunicaci\u00f3n","url":"https:\/\/adl-regalosempresa.com\/tiendaonline\/","logo":{"@type":"ImageObject","inLanguage":"es","@id":"https:\/\/adl-regalosempresa.com\/tiendaonline\/#\/schema\/logo\/image\/","url":"https:\/\/adl-regalosempresa.com\/tiendaonline\/wp-content\/uploads\/2017\/09\/logo-adl-wp.png","contentUrl":"https:\/\/adl-regalosempresa.com\/tiendaonline\/wp-content\/uploads\/2017\/09\/logo-adl-wp.png","width":407,"height":185,"caption":"ADL Comunicaci\u00f3n"},"image":{"@id":"https:\/\/adl-regalosempresa.com\/tiendaonline\/#\/schema\/logo\/image\/"}}]}},"_links":{"self":[{"href":"https:\/\/adl-regalosempresa.com\/tiendaonline\/wp-json\/wp\/v2\/product\/141506","targetHints":{"allow":["GET"]}}],"collection":[{"href":"https:\/\/adl-regalosempresa.com\/tiendaonline\/wp-json\/wp\/v2\/product"}],"about":[{"href":"https:\/\/adl-regalosempresa.com\/tiendaonline\/wp-json\/wp\/v2\/types\/product"}],"wp:featuredmedia":[{"embeddable":true,"href":"https:\/\/adl-regalosempresa.com\/tiendaonline\/wp-json\/wp\/v2\/media\/141508"}],"wp:attachment":[{"href":"https:\/\/adl-regalosempresa.com\/tiendaonline\/wp-json\/wp\/v2\/media?parent=141506"}],"wp:term":[{"taxonomy":"product_brand","embeddable":true,"href":"https:\/\/adl-regalosempresa.com\/tiendaonline\/wp-json\/wp\/v2\/product_brand?post=141506"},{"taxonomy":"product_cat","embeddable":true,"href":"https:\/\/adl-regalosempresa.com\/tiendaonline\/wp-json\/wp\/v2\/product_cat?post=141506"},{"taxonomy":"product_tag","embeddable":true,"href":"https:\/\/adl-regalosempresa.com\/tiendaonline\/wp-json\/wp\/v2\/product_tag?post=141506"}],"curies":[{"name":"wp","href":"https:\/\/api.w.org\/{rel}","templated":true}]}}