{"id":141424,"date":"2026-04-13T04:37:43","date_gmt":"2026-04-13T04:37:43","guid":{"rendered":"https:\/\/adl-regalosempresa.com\/tiendaonline\/articulos\/merchandising\/taza-de-acampada-de-236-ml-para-personalizar-con-logo\/"},"modified":"2026-04-18T07:48:07","modified_gmt":"2026-04-18T07:48:07","slug":"taza-de-acampada-de-236-ml-para-personalizar-con-logo","status":"publish","type":"product","link":"https:\/\/adl-regalosempresa.com\/tiendaonline\/articulos\/merchandising\/taza-de-acampada-de-236-ml-para-personalizar-con-logo\/","title":{"rendered":"Taza de acampada de 236\u00a0ml  para personalizar con logo"},"content":{"rendered":"<p>La taza de acampada de 236 ml \u00abStanley Everyday\u00bb es el accesorio perfecto para el primer descanso del d\u00eda. Tanto si tomas caf\u00e9 en el patio como si disfrutas del t\u00e9 de la tarde junto al fuego, mantienes la bebida a la temperatura ideal durante m\u00e1s tiempo. Fabricada en acero inoxidable reciclado, ofrece la fiabilidad por la que es conocido \u00abStanley\u00bb desde 1913. La boquilla Tritan\u2122 ayuda a evitar derrames: solo hay que presionarla para asegurarla y disfrutar de la bebida sin preocuparse por las salpicaduras. Dise\u00f1ada para ofrecer comodidad y durabilidad, es ideal para momentos relajantes tanto en interiores como en exteriores.<\/p>\n","protected":false},"excerpt":{"rendered":"<p><strong>Descuentos por cantidades<\/strong><br \/>&#8211; a partir de 50 unidades: 33,98 \u20ac\/ud<br \/>&#8211; a partir de 100 unidades: 33,98 \u20ac\/ud<br \/>&#8211; a partir de 250 unidades: 33,98 \u20ac\/ud<\/p>\n<p>Para cantidades superiores a las aqu\u00ed indicadas, no dudes en ponerte en contacto con nuestro departamento comercial o <a href='https:\/\/adl-regalosempresa.com\/tiendaonline\/solicitud-presupuesto\/'>pedirnos presupuesto personalizado<\/a>, ajustaremos el presupuesto a tus necesidades.<\/p>\n","protected":false},"featured_media":141426,"template":"","meta":{"_kad_post_transparent":"","_kad_post_title":"","_kad_post_layout":"","_kad_post_sidebar_id":"","_kad_post_content_style":"","_kad_post_vertical_padding":"","_kad_post_feature":"","_kad_post_feature_position":"","_kad_post_header":false,"_kad_post_footer":false,"_kad_post_classname":""},"product_brand":[],"product_cat":[3936,3372],"product_tag":[],"class_list":{"0":"post-141424","1":"product","2":"type-product","3":"status-publish","4":"has-post-thumbnail","6":"product_cat-vasos-tazas-de-viaje","7":"product_cat-articulos-para-bebidas","8":"pa_alto-108-cm","9":"pa_ancho-79-cm","10":"pa_color-crema","11":"pa_color-gris","12":"pa_color-negro-intenso","13":"pa_color-rosa-claro","14":"pa_color-simple-amarillo","15":"pa_color-simple-gris","16":"pa_color-simple-negro-intenso","17":"pa_color-simple-rosa","18":"pa_largo-107-cm","19":"pa_marca-stanley","20":"pa_material-acero-inoxidable","21":"pa_peso-310-gr","23":"first","24":"instock","25":"taxable","26":"shipping-taxable","27":"purchasable","28":"product-type-variable","29":"entry","30":"content-bg","31":"loop-entry"},"yoast_head":"<!-- This site is optimized with the Yoast SEO plugin v26.3 - https:\/\/yoast.com\/wordpress\/plugins\/seo\/ -->\n<title>Merchandising Taza de acampada de 236\u00a0ml para personalizar con logo - ADL<\/title>\n<meta name=\"description\" content=\"Art\u00edculo de merchandising Taza de acampada de 236\u00a0ml &quot;Stanley Everyday&quot;. La taza de acampada de 236 ml &quot;Stanley Everyday&quot; es el accesorio perfecto para el primer descanso del d\u00eda. Tanto si tomas caf\u00e9 en el patio como si disfrutas del t\u00e9 de la tarde junto al fuego, mantienes la bebida a la temperatura ideal durante m\u00e1s tiempo. Fabricada en acero inoxidable reciclado, ofrece la fiabilidad por la que es conocido &quot;Stanley&quot; desde 1913. La boquilla Tritan\u2122 ayuda a evitar derrames: solo hay que presionarla para asegurarla y disfrutar de la bebida sin preocuparse por las salpicaduras. Dise\u00f1ada para ofrecer comodidad y durabilidad, es ideal para momentos relajantes tanto en interiores como en exteriores.\" \/>\n<meta name=\"robots\" content=\"index, follow, max-snippet:-1, max-image-preview:large, max-video-preview:-1\" \/>\n<link rel=\"canonical\" href=\"https:\/\/adl-regalosempresa.com\/tiendaonline\/articulos\/merchandising\/taza-de-acampada-de-236-ml-para-personalizar-con-logo\/\" \/>\n<meta property=\"og:locale\" content=\"es_ES\" \/>\n<meta property=\"og:type\" content=\"article\" \/>\n<meta property=\"og:title\" content=\"Merchandising Taza de acampada de 236\u00a0ml para personalizar con logo - ADL\" \/>\n<meta property=\"og:description\" content=\"Art\u00edculo de merchandising Taza de acampada de 236\u00a0ml &quot;Stanley Everyday&quot;. La taza de acampada de 236 ml &quot;Stanley Everyday&quot; es el accesorio perfecto para el primer descanso del d\u00eda. Tanto si tomas caf\u00e9 en el patio como si disfrutas del t\u00e9 de la tarde junto al fuego, mantienes la bebida a la temperatura ideal durante m\u00e1s tiempo. Fabricada en acero inoxidable reciclado, ofrece la fiabilidad por la que es conocido &quot;Stanley&quot; desde 1913. La boquilla Tritan\u2122 ayuda a evitar derrames: solo hay que presionarla para asegurarla y disfrutar de la bebida sin preocuparse por las salpicaduras. Dise\u00f1ada para ofrecer comodidad y durabilidad, es ideal para momentos relajantes tanto en interiores como en exteriores.\" \/>\n<meta property=\"og:url\" content=\"https:\/\/adl-regalosempresa.com\/tiendaonline\/articulos\/merchandising\/taza-de-acampada-de-236-ml-para-personalizar-con-logo\/\" \/>\n<meta property=\"og:site_name\" content=\"ADL Comunicaci\u00f3n\" \/>\n<meta property=\"article:modified_time\" content=\"2026-04-18T07:48:07+00:00\" \/>\n<meta property=\"og:image\" content=\"https:\/\/adl-regalosempresa.com\/tiendaonline\/wp-content\/uploads\/2025\/05\/10083110.jpg\" \/>\n\t<meta property=\"og:image:width\" content=\"1600\" \/>\n\t<meta property=\"og:image:height\" content=\"1600\" \/>\n\t<meta property=\"og:image:type\" content=\"image\/jpeg\" \/>\n<meta name=\"twitter:card\" content=\"summary_large_image\" \/>\n<meta name=\"twitter:title\" content=\"Merchandising Taza de acampada de 236\u00a0ml para personalizar con logo - ADL\" \/>\n<meta name=\"twitter:label1\" content=\"Tiempo de lectura\" \/>\n\t<meta name=\"twitter:data1\" content=\"1 minuto\" \/>\n<script type=\"application\/ld+json\" class=\"yoast-schema-graph\">{\"@context\":\"https:\/\/schema.org\",\"@graph\":[{\"@type\":\"WebPage\",\"@id\":\"https:\/\/adl-regalosempresa.com\/tiendaonline\/articulos\/merchandising\/taza-de-acampada-de-236-ml-para-personalizar-con-logo\/\",\"url\":\"https:\/\/adl-regalosempresa.com\/tiendaonline\/articulos\/merchandising\/taza-de-acampada-de-236-ml-para-personalizar-con-logo\/\",\"name\":\"Merchandising Taza de acampada de 236\u00a0ml para personalizar con logo - ADL\",\"isPartOf\":{\"@id\":\"https:\/\/adl-regalosempresa.com\/tiendaonline\/#website\"},\"primaryImageOfPage\":{\"@id\":\"https:\/\/adl-regalosempresa.com\/tiendaonline\/articulos\/merchandising\/taza-de-acampada-de-236-ml-para-personalizar-con-logo\/#primaryimage\"},\"image\":{\"@id\":\"https:\/\/adl-regalosempresa.com\/tiendaonline\/articulos\/merchandising\/taza-de-acampada-de-236-ml-para-personalizar-con-logo\/#primaryimage\"},\"thumbnailUrl\":\"https:\/\/adl-regalosempresa.com\/tiendaonline\/wp-content\/uploads\/2025\/05\/10083110.jpg\",\"datePublished\":\"2026-04-13T04:37:43+00:00\",\"dateModified\":\"2026-04-18T07:48:07+00:00\",\"description\":\"Art\u00edculo de merchandising Taza de acampada de 236\u00a0ml \\\"Stanley Everyday\\\". La taza de acampada de 236 ml \\\"Stanley Everyday\\\" es el accesorio perfecto para el primer descanso del d\u00eda. Tanto si tomas caf\u00e9 en el patio como si disfrutas del t\u00e9 de la tarde junto al fuego, mantienes la bebida a la temperatura ideal durante m\u00e1s tiempo. Fabricada en acero inoxidable reciclado, ofrece la fiabilidad por la que es conocido \\\"Stanley\\\" desde 1913. La boquilla Tritan\u2122 ayuda a evitar derrames: solo hay que presionarla para asegurarla y disfrutar de la bebida sin preocuparse por las salpicaduras. Dise\u00f1ada para ofrecer comodidad y durabilidad, es ideal para momentos relajantes tanto en interiores como en exteriores.\",\"breadcrumb\":{\"@id\":\"https:\/\/adl-regalosempresa.com\/tiendaonline\/articulos\/merchandising\/taza-de-acampada-de-236-ml-para-personalizar-con-logo\/#breadcrumb\"},\"inLanguage\":\"es\",\"potentialAction\":[{\"@type\":\"ReadAction\",\"target\":[\"https:\/\/adl-regalosempresa.com\/tiendaonline\/articulos\/merchandising\/taza-de-acampada-de-236-ml-para-personalizar-con-logo\/\"]}]},{\"@type\":\"ImageObject\",\"inLanguage\":\"es\",\"@id\":\"https:\/\/adl-regalosempresa.com\/tiendaonline\/articulos\/merchandising\/taza-de-acampada-de-236-ml-para-personalizar-con-logo\/#primaryimage\",\"url\":\"https:\/\/adl-regalosempresa.com\/tiendaonline\/wp-content\/uploads\/2025\/05\/10083110.jpg\",\"contentUrl\":\"https:\/\/adl-regalosempresa.com\/tiendaonline\/wp-content\/uploads\/2025\/05\/10083110.jpg\",\"width\":1600,\"height\":1600,\"caption\":\"Taza de acampada de 236\u00a0ml \\\"Stanley Everyday\\\"\"},{\"@type\":\"BreadcrumbList\",\"@id\":\"https:\/\/adl-regalosempresa.com\/tiendaonline\/articulos\/merchandising\/taza-de-acampada-de-236-ml-para-personalizar-con-logo\/#breadcrumb\",\"itemListElement\":[{\"@type\":\"ListItem\",\"position\":1,\"name\":\"Portada\",\"item\":\"https:\/\/adl-regalosempresa.com\/tiendaonline\/\"},{\"@type\":\"ListItem\",\"position\":2,\"name\":\"Tienda\",\"item\":\"https:\/\/adl-regalosempresa.com\/tiendaonline\/tienda\/\"},{\"@type\":\"ListItem\",\"position\":3,\"name\":\"Taza de acampada de 236\u00a0ml para personalizar con logo\"}]},{\"@type\":\"WebSite\",\"@id\":\"https:\/\/adl-regalosempresa.com\/tiendaonline\/#website\",\"url\":\"https:\/\/adl-regalosempresa.com\/tiendaonline\/\",\"name\":\"ADL Comunicaci\u00f3n\",\"description\":\"Regalos de empresa\",\"publisher\":{\"@id\":\"https:\/\/adl-regalosempresa.com\/tiendaonline\/#organization\"},\"potentialAction\":[{\"@type\":\"SearchAction\",\"target\":{\"@type\":\"EntryPoint\",\"urlTemplate\":\"https:\/\/adl-regalosempresa.com\/tiendaonline\/?s={search_term_string}\"},\"query-input\":{\"@type\":\"PropertyValueSpecification\",\"valueRequired\":true,\"valueName\":\"search_term_string\"}}],\"inLanguage\":\"es\"},{\"@type\":\"Organization\",\"@id\":\"https:\/\/adl-regalosempresa.com\/tiendaonline\/#organization\",\"name\":\"ADL Comunicaci\u00f3n\",\"url\":\"https:\/\/adl-regalosempresa.com\/tiendaonline\/\",\"logo\":{\"@type\":\"ImageObject\",\"inLanguage\":\"es\",\"@id\":\"https:\/\/adl-regalosempresa.com\/tiendaonline\/#\/schema\/logo\/image\/\",\"url\":\"https:\/\/adl-regalosempresa.com\/tiendaonline\/wp-content\/uploads\/2017\/09\/logo-adl-wp.png\",\"contentUrl\":\"https:\/\/adl-regalosempresa.com\/tiendaonline\/wp-content\/uploads\/2017\/09\/logo-adl-wp.png\",\"width\":407,\"height\":185,\"caption\":\"ADL Comunicaci\u00f3n\"},\"image\":{\"@id\":\"https:\/\/adl-regalosempresa.com\/tiendaonline\/#\/schema\/logo\/image\/\"}}]}<\/script>\n<!-- \/ Yoast SEO plugin. -->","yoast_head_json":{"title":"Merchandising Taza de acampada de 236\u00a0ml para personalizar con logo - ADL","description":"Art\u00edculo de merchandising Taza de acampada de 236\u00a0ml \"Stanley Everyday\". La taza de acampada de 236 ml \"Stanley Everyday\" es el accesorio perfecto para el primer descanso del d\u00eda. Tanto si tomas caf\u00e9 en el patio como si disfrutas del t\u00e9 de la tarde junto al fuego, mantienes la bebida a la temperatura ideal durante m\u00e1s tiempo. Fabricada en acero inoxidable reciclado, ofrece la fiabilidad por la que es conocido \"Stanley\" desde 1913. La boquilla Tritan\u2122 ayuda a evitar derrames: solo hay que presionarla para asegurarla y disfrutar de la bebida sin preocuparse por las salpicaduras. Dise\u00f1ada para ofrecer comodidad y durabilidad, es ideal para momentos relajantes tanto en interiores como en exteriores.","robots":{"index":"index","follow":"follow","max-snippet":"max-snippet:-1","max-image-preview":"max-image-preview:large","max-video-preview":"max-video-preview:-1"},"canonical":"https:\/\/adl-regalosempresa.com\/tiendaonline\/articulos\/merchandising\/taza-de-acampada-de-236-ml-para-personalizar-con-logo\/","og_locale":"es_ES","og_type":"article","og_title":"Merchandising Taza de acampada de 236\u00a0ml para personalizar con logo - ADL","og_description":"Art\u00edculo de merchandising Taza de acampada de 236\u00a0ml \"Stanley Everyday\". La taza de acampada de 236 ml \"Stanley Everyday\" es el accesorio perfecto para el primer descanso del d\u00eda. Tanto si tomas caf\u00e9 en el patio como si disfrutas del t\u00e9 de la tarde junto al fuego, mantienes la bebida a la temperatura ideal durante m\u00e1s tiempo. Fabricada en acero inoxidable reciclado, ofrece la fiabilidad por la que es conocido \"Stanley\" desde 1913. La boquilla Tritan\u2122 ayuda a evitar derrames: solo hay que presionarla para asegurarla y disfrutar de la bebida sin preocuparse por las salpicaduras. Dise\u00f1ada para ofrecer comodidad y durabilidad, es ideal para momentos relajantes tanto en interiores como en exteriores.","og_url":"https:\/\/adl-regalosempresa.com\/tiendaonline\/articulos\/merchandising\/taza-de-acampada-de-236-ml-para-personalizar-con-logo\/","og_site_name":"ADL Comunicaci\u00f3n","article_modified_time":"2026-04-18T07:48:07+00:00","og_image":[{"width":1600,"height":1600,"url":"https:\/\/adl-regalosempresa.com\/tiendaonline\/wp-content\/uploads\/2025\/05\/10083110.jpg","type":"image\/jpeg"}],"twitter_card":"summary_large_image","twitter_title":"Merchandising Taza de acampada de 236\u00a0ml para personalizar con logo - ADL","twitter_misc":{"Tiempo de lectura":"1 minuto"},"schema":{"@context":"https:\/\/schema.org","@graph":[{"@type":"WebPage","@id":"https:\/\/adl-regalosempresa.com\/tiendaonline\/articulos\/merchandising\/taza-de-acampada-de-236-ml-para-personalizar-con-logo\/","url":"https:\/\/adl-regalosempresa.com\/tiendaonline\/articulos\/merchandising\/taza-de-acampada-de-236-ml-para-personalizar-con-logo\/","name":"Merchandising Taza de acampada de 236\u00a0ml para personalizar con logo - ADL","isPartOf":{"@id":"https:\/\/adl-regalosempresa.com\/tiendaonline\/#website"},"primaryImageOfPage":{"@id":"https:\/\/adl-regalosempresa.com\/tiendaonline\/articulos\/merchandising\/taza-de-acampada-de-236-ml-para-personalizar-con-logo\/#primaryimage"},"image":{"@id":"https:\/\/adl-regalosempresa.com\/tiendaonline\/articulos\/merchandising\/taza-de-acampada-de-236-ml-para-personalizar-con-logo\/#primaryimage"},"thumbnailUrl":"https:\/\/adl-regalosempresa.com\/tiendaonline\/wp-content\/uploads\/2025\/05\/10083110.jpg","datePublished":"2026-04-13T04:37:43+00:00","dateModified":"2026-04-18T07:48:07+00:00","description":"Art\u00edculo de merchandising Taza de acampada de 236\u00a0ml \"Stanley Everyday\". La taza de acampada de 236 ml \"Stanley Everyday\" es el accesorio perfecto para el primer descanso del d\u00eda. Tanto si tomas caf\u00e9 en el patio como si disfrutas del t\u00e9 de la tarde junto al fuego, mantienes la bebida a la temperatura ideal durante m\u00e1s tiempo. Fabricada en acero inoxidable reciclado, ofrece la fiabilidad por la que es conocido \"Stanley\" desde 1913. La boquilla Tritan\u2122 ayuda a evitar derrames: solo hay que presionarla para asegurarla y disfrutar de la bebida sin preocuparse por las salpicaduras. Dise\u00f1ada para ofrecer comodidad y durabilidad, es ideal para momentos relajantes tanto en interiores como en exteriores.","breadcrumb":{"@id":"https:\/\/adl-regalosempresa.com\/tiendaonline\/articulos\/merchandising\/taza-de-acampada-de-236-ml-para-personalizar-con-logo\/#breadcrumb"},"inLanguage":"es","potentialAction":[{"@type":"ReadAction","target":["https:\/\/adl-regalosempresa.com\/tiendaonline\/articulos\/merchandising\/taza-de-acampada-de-236-ml-para-personalizar-con-logo\/"]}]},{"@type":"ImageObject","inLanguage":"es","@id":"https:\/\/adl-regalosempresa.com\/tiendaonline\/articulos\/merchandising\/taza-de-acampada-de-236-ml-para-personalizar-con-logo\/#primaryimage","url":"https:\/\/adl-regalosempresa.com\/tiendaonline\/wp-content\/uploads\/2025\/05\/10083110.jpg","contentUrl":"https:\/\/adl-regalosempresa.com\/tiendaonline\/wp-content\/uploads\/2025\/05\/10083110.jpg","width":1600,"height":1600,"caption":"Taza de acampada de 236\u00a0ml \"Stanley Everyday\""},{"@type":"BreadcrumbList","@id":"https:\/\/adl-regalosempresa.com\/tiendaonline\/articulos\/merchandising\/taza-de-acampada-de-236-ml-para-personalizar-con-logo\/#breadcrumb","itemListElement":[{"@type":"ListItem","position":1,"name":"Portada","item":"https:\/\/adl-regalosempresa.com\/tiendaonline\/"},{"@type":"ListItem","position":2,"name":"Tienda","item":"https:\/\/adl-regalosempresa.com\/tiendaonline\/tienda\/"},{"@type":"ListItem","position":3,"name":"Taza de acampada de 236\u00a0ml para personalizar con logo"}]},{"@type":"WebSite","@id":"https:\/\/adl-regalosempresa.com\/tiendaonline\/#website","url":"https:\/\/adl-regalosempresa.com\/tiendaonline\/","name":"ADL Comunicaci\u00f3n","description":"Regalos de empresa","publisher":{"@id":"https:\/\/adl-regalosempresa.com\/tiendaonline\/#organization"},"potentialAction":[{"@type":"SearchAction","target":{"@type":"EntryPoint","urlTemplate":"https:\/\/adl-regalosempresa.com\/tiendaonline\/?s={search_term_string}"},"query-input":{"@type":"PropertyValueSpecification","valueRequired":true,"valueName":"search_term_string"}}],"inLanguage":"es"},{"@type":"Organization","@id":"https:\/\/adl-regalosempresa.com\/tiendaonline\/#organization","name":"ADL Comunicaci\u00f3n","url":"https:\/\/adl-regalosempresa.com\/tiendaonline\/","logo":{"@type":"ImageObject","inLanguage":"es","@id":"https:\/\/adl-regalosempresa.com\/tiendaonline\/#\/schema\/logo\/image\/","url":"https:\/\/adl-regalosempresa.com\/tiendaonline\/wp-content\/uploads\/2017\/09\/logo-adl-wp.png","contentUrl":"https:\/\/adl-regalosempresa.com\/tiendaonline\/wp-content\/uploads\/2017\/09\/logo-adl-wp.png","width":407,"height":185,"caption":"ADL Comunicaci\u00f3n"},"image":{"@id":"https:\/\/adl-regalosempresa.com\/tiendaonline\/#\/schema\/logo\/image\/"}}]}},"_links":{"self":[{"href":"https:\/\/adl-regalosempresa.com\/tiendaonline\/wp-json\/wp\/v2\/product\/141424","targetHints":{"allow":["GET"]}}],"collection":[{"href":"https:\/\/adl-regalosempresa.com\/tiendaonline\/wp-json\/wp\/v2\/product"}],"about":[{"href":"https:\/\/adl-regalosempresa.com\/tiendaonline\/wp-json\/wp\/v2\/types\/product"}],"wp:featuredmedia":[{"embeddable":true,"href":"https:\/\/adl-regalosempresa.com\/tiendaonline\/wp-json\/wp\/v2\/media\/141426"}],"wp:attachment":[{"href":"https:\/\/adl-regalosempresa.com\/tiendaonline\/wp-json\/wp\/v2\/media?parent=141424"}],"wp:term":[{"taxonomy":"product_brand","embeddable":true,"href":"https:\/\/adl-regalosempresa.com\/tiendaonline\/wp-json\/wp\/v2\/product_brand?post=141424"},{"taxonomy":"product_cat","embeddable":true,"href":"https:\/\/adl-regalosempresa.com\/tiendaonline\/wp-json\/wp\/v2\/product_cat?post=141424"},{"taxonomy":"product_tag","embeddable":true,"href":"https:\/\/adl-regalosempresa.com\/tiendaonline\/wp-json\/wp\/v2\/product_tag?post=141424"}],"curies":[{"name":"wp","href":"https:\/\/api.w.org\/{rel}","templated":true}]}}