{"id":140341,"date":"2026-04-11T04:46:37","date_gmt":"2026-04-11T04:46:37","guid":{"rendered":"https:\/\/adl-regalosempresa.com\/tiendaonline\/articulos\/merchandising\/jersey-reciclado-de-cuello-redondo-unisex-para-personalizar-con-logo\/"},"modified":"2026-04-26T08:40:08","modified_gmt":"2026-04-26T08:40:08","slug":"jersey-reciclado-de-cuello-redondo-unisex-para-personalizar-con-logo","status":"publish","type":"product","link":"https:\/\/adl-regalosempresa.com\/tiendaonline\/articulos\/merchandising\/jersey-reciclado-de-cuello-redondo-unisex-para-personalizar-con-logo\/","title":{"rendered":"Jersey reciclado de cuello redondo unisex  para personalizar con logo"},"content":{"rendered":"<p>El su\u00e9ter \u00abTin\u00bb unisex de Aware\u2122 con cuello redondo est\u00e1 confeccionado en 50% Algod\u00f3n reciclado, 50% Poli\u00e9ster reciclado, 280 g\/m2. y presenta una silueta atemporal y un escote acanalado realzado para mayor comodidad y estilo. La sudadera incorpora fibras recicladas Cyclo\u00a9 en las que se utilizan residuos preclasificados que determinan el color del hilo. Estas fibras no solo reducen la demanda de recursos v\u00edrgenes, sino que tambi\u00e9n muestran un compromiso con la econom\u00eda circular, ya que encarnan la esencia de la reducci\u00f3n de residuos y promueven un sistema de circuito cerrado. Cada sudadera tambi\u00e9n viene con un rastreador Aware\u2122. Esta innovadora funci\u00f3n permite a los usuarios rastrear el origen y el recorrido de su art\u00edculo a trav\u00e9s de un c\u00f3digo QR, lo que aumenta la transparencia de la cadena de suministro y fomenta una mayor conexi\u00f3n entre el producto y su proceso de producci\u00f3n.<\/p>\n","protected":false},"excerpt":{"rendered":"<p><strong>Descuentos por cantidades<\/strong><br \/>&#8211; a partir de 25 unidades: 26,33 \u20ac\/ud<br \/>&#8211; a partir de 50 unidades: 26,33 \u20ac\/ud<br \/>&#8211; a partir de 100 unidades: 25,84 \u20ac\/ud<\/p>\n<p>Para cantidades superiores a las aqu\u00ed indicadas, no dudes en ponerte en contacto con nuestro departamento comercial o <a href='https:\/\/adl-regalosempresa.com\/tiendaonline\/solicitud-presupuesto\/'>pedirnos presupuesto personalizado<\/a>, ajustaremos el presupuesto a tus necesidades.<\/p>\n","protected":false},"featured_media":140343,"template":"","meta":{"_kad_post_transparent":"","_kad_post_title":"","_kad_post_layout":"","_kad_post_sidebar_id":"","_kad_post_content_style":"","_kad_post_vertical_padding":"","_kad_post_feature":"","_kad_post_feature_position":"","_kad_post_header":false,"_kad_post_footer":false,"_kad_post_classname":""},"product_brand":[],"product_cat":[3649,3650],"product_tag":[],"class_list":{"0":"post-140341","1":"product","2":"type-product","3":"status-publish","4":"has-post-thumbnail","6":"product_cat-ropa","7":"product_cat-sueteres","8":"pa_color-avena","9":"pa_color-azul-marino","10":"pa_color-negro-intenso","11":"pa_color-simple-azul","12":"pa_color-simple-natural","13":"pa_color-simple-negro-intenso","14":"pa_marca-elevate","15":"pa_material-50-algodon-reciclado-50-poliester-reciclado-280-g-m2","16":"pa_peso-450-gr","17":"pa_talla-xxs","18":"pa_talla-xs","19":"pa_talla-s","20":"pa_talla-m","21":"pa_talla-l","22":"pa_talla-xl","23":"pa_talla-xxl","24":"pa_talla-3xl","26":"first","27":"instock","28":"taxable","29":"shipping-taxable","30":"purchasable","31":"product-type-variable","32":"entry","33":"content-bg","34":"loop-entry"},"yoast_head":"<!-- This site is optimized with the Yoast SEO plugin v26.3 - https:\/\/yoast.com\/wordpress\/plugins\/seo\/ -->\n<title>Merchandising Jersey reciclado de cuello redondo unisex para personalizar con logo - ADL<\/title>\n<meta name=\"description\" content=\"Art\u00edculo de merchandising Jersey reciclado de cuello redondo unisex &quot;Aware\u2122&quot; &quot;Tin&quot;. El su\u00e9ter &quot;Tin&quot; unisex de Aware\u2122 con cuello redondo est\u00e1 confeccionado en 50% Algod\u00f3n reciclado, 50% Poli\u00e9ster reciclado, 280 g\/m2. y presenta una silueta atemporal y un escote acanalado realzado para mayor comodidad y estilo. La sudadera incorpora fibras recicladas Cyclo\u00a9 en las que se utilizan residuos preclasificados que determinan el color del hilo. Estas fibras no solo reducen la demanda de recursos v\u00edrgenes, sino que tambi\u00e9n muestran un compromiso con la econom\u00eda circular, ya que encarnan la esencia de la reducci\u00f3n de residuos y promueven un sistema de circuito cerrado. Cada sudadera tambi\u00e9n viene con un rastreador Aware\u2122. Esta innovadora funci\u00f3n permite a los usuarios rastrear el origen y el recorrido de su art\u00edculo a trav\u00e9s de un c\u00f3digo QR, lo que aumenta la transparencia de la cadena de suministro y fomenta una mayor conexi\u00f3n entre el producto y su proceso de producci\u00f3n.\" \/>\n<meta name=\"robots\" content=\"index, follow, max-snippet:-1, max-image-preview:large, max-video-preview:-1\" \/>\n<link rel=\"canonical\" href=\"https:\/\/adl-regalosempresa.com\/tiendaonline\/articulos\/merchandising\/jersey-reciclado-de-cuello-redondo-unisex-para-personalizar-con-logo\/\" \/>\n<meta property=\"og:locale\" content=\"es_ES\" \/>\n<meta property=\"og:type\" content=\"article\" \/>\n<meta property=\"og:title\" content=\"Merchandising Jersey reciclado de cuello redondo unisex para personalizar con logo - ADL\" \/>\n<meta property=\"og:description\" content=\"Art\u00edculo de merchandising Jersey reciclado de cuello redondo unisex &quot;Aware\u2122&quot; &quot;Tin&quot;. El su\u00e9ter &quot;Tin&quot; unisex de Aware\u2122 con cuello redondo est\u00e1 confeccionado en 50% Algod\u00f3n reciclado, 50% Poli\u00e9ster reciclado, 280 g\/m2. y presenta una silueta atemporal y un escote acanalado realzado para mayor comodidad y estilo. La sudadera incorpora fibras recicladas Cyclo\u00a9 en las que se utilizan residuos preclasificados que determinan el color del hilo. Estas fibras no solo reducen la demanda de recursos v\u00edrgenes, sino que tambi\u00e9n muestran un compromiso con la econom\u00eda circular, ya que encarnan la esencia de la reducci\u00f3n de residuos y promueven un sistema de circuito cerrado. Cada sudadera tambi\u00e9n viene con un rastreador Aware\u2122. Esta innovadora funci\u00f3n permite a los usuarios rastrear el origen y el recorrido de su art\u00edculo a trav\u00e9s de un c\u00f3digo QR, lo que aumenta la transparencia de la cadena de suministro y fomenta una mayor conexi\u00f3n entre el producto y su proceso de producci\u00f3n.\" \/>\n<meta property=\"og:url\" content=\"https:\/\/adl-regalosempresa.com\/tiendaonline\/articulos\/merchandising\/jersey-reciclado-de-cuello-redondo-unisex-para-personalizar-con-logo\/\" \/>\n<meta property=\"og:site_name\" content=\"ADL Comunicaci\u00f3n\" \/>\n<meta property=\"article:modified_time\" content=\"2026-04-26T08:40:08+00:00\" \/>\n<meta property=\"og:image\" content=\"https:\/\/adl-regalosempresa.com\/tiendaonline\/wp-content\/uploads\/2025\/01\/3754307.jpg\" \/>\n\t<meta property=\"og:image:width\" content=\"1600\" \/>\n\t<meta property=\"og:image:height\" content=\"1600\" \/>\n\t<meta property=\"og:image:type\" content=\"image\/jpeg\" \/>\n<meta name=\"twitter:card\" content=\"summary_large_image\" \/>\n<meta name=\"twitter:title\" content=\"Merchandising Jersey reciclado de cuello redondo unisex para personalizar con logo - ADL\" \/>\n<meta name=\"twitter:label1\" content=\"Tiempo de lectura\" \/>\n\t<meta name=\"twitter:data1\" content=\"1 minuto\" \/>\n<script type=\"application\/ld+json\" class=\"yoast-schema-graph\">{\"@context\":\"https:\/\/schema.org\",\"@graph\":[{\"@type\":\"WebPage\",\"@id\":\"https:\/\/adl-regalosempresa.com\/tiendaonline\/articulos\/merchandising\/jersey-reciclado-de-cuello-redondo-unisex-para-personalizar-con-logo\/\",\"url\":\"https:\/\/adl-regalosempresa.com\/tiendaonline\/articulos\/merchandising\/jersey-reciclado-de-cuello-redondo-unisex-para-personalizar-con-logo\/\",\"name\":\"Merchandising Jersey reciclado de cuello redondo unisex para personalizar con logo - ADL\",\"isPartOf\":{\"@id\":\"https:\/\/adl-regalosempresa.com\/tiendaonline\/#website\"},\"primaryImageOfPage\":{\"@id\":\"https:\/\/adl-regalosempresa.com\/tiendaonline\/articulos\/merchandising\/jersey-reciclado-de-cuello-redondo-unisex-para-personalizar-con-logo\/#primaryimage\"},\"image\":{\"@id\":\"https:\/\/adl-regalosempresa.com\/tiendaonline\/articulos\/merchandising\/jersey-reciclado-de-cuello-redondo-unisex-para-personalizar-con-logo\/#primaryimage\"},\"thumbnailUrl\":\"https:\/\/adl-regalosempresa.com\/tiendaonline\/wp-content\/uploads\/2025\/01\/3754307.jpg\",\"datePublished\":\"2026-04-11T04:46:37+00:00\",\"dateModified\":\"2026-04-26T08:40:08+00:00\",\"description\":\"Art\u00edculo de merchandising Jersey reciclado de cuello redondo unisex \\\"Aware\u2122\\\" \\\"Tin\\\". El su\u00e9ter \\\"Tin\\\" unisex de Aware\u2122 con cuello redondo est\u00e1 confeccionado en 50% Algod\u00f3n reciclado, 50% Poli\u00e9ster reciclado, 280 g\/m2. y presenta una silueta atemporal y un escote acanalado realzado para mayor comodidad y estilo. La sudadera incorpora fibras recicladas Cyclo\u00a9 en las que se utilizan residuos preclasificados que determinan el color del hilo. Estas fibras no solo reducen la demanda de recursos v\u00edrgenes, sino que tambi\u00e9n muestran un compromiso con la econom\u00eda circular, ya que encarnan la esencia de la reducci\u00f3n de residuos y promueven un sistema de circuito cerrado. Cada sudadera tambi\u00e9n viene con un rastreador Aware\u2122. Esta innovadora funci\u00f3n permite a los usuarios rastrear el origen y el recorrido de su art\u00edculo a trav\u00e9s de un c\u00f3digo QR, lo que aumenta la transparencia de la cadena de suministro y fomenta una mayor conexi\u00f3n entre el producto y su proceso de producci\u00f3n.\",\"breadcrumb\":{\"@id\":\"https:\/\/adl-regalosempresa.com\/tiendaonline\/articulos\/merchandising\/jersey-reciclado-de-cuello-redondo-unisex-para-personalizar-con-logo\/#breadcrumb\"},\"inLanguage\":\"es\",\"potentialAction\":[{\"@type\":\"ReadAction\",\"target\":[\"https:\/\/adl-regalosempresa.com\/tiendaonline\/articulos\/merchandising\/jersey-reciclado-de-cuello-redondo-unisex-para-personalizar-con-logo\/\"]}]},{\"@type\":\"ImageObject\",\"inLanguage\":\"es\",\"@id\":\"https:\/\/adl-regalosempresa.com\/tiendaonline\/articulos\/merchandising\/jersey-reciclado-de-cuello-redondo-unisex-para-personalizar-con-logo\/#primaryimage\",\"url\":\"https:\/\/adl-regalosempresa.com\/tiendaonline\/wp-content\/uploads\/2025\/01\/3754307.jpg\",\"contentUrl\":\"https:\/\/adl-regalosempresa.com\/tiendaonline\/wp-content\/uploads\/2025\/01\/3754307.jpg\",\"width\":1600,\"height\":1600,\"caption\":\"Jersey reciclado de cuello redondo unisex \\\"Aware\u2122\\\" \\\"Tin\\\"\"},{\"@type\":\"BreadcrumbList\",\"@id\":\"https:\/\/adl-regalosempresa.com\/tiendaonline\/articulos\/merchandising\/jersey-reciclado-de-cuello-redondo-unisex-para-personalizar-con-logo\/#breadcrumb\",\"itemListElement\":[{\"@type\":\"ListItem\",\"position\":1,\"name\":\"Portada\",\"item\":\"https:\/\/adl-regalosempresa.com\/tiendaonline\/\"},{\"@type\":\"ListItem\",\"position\":2,\"name\":\"Tienda\",\"item\":\"https:\/\/adl-regalosempresa.com\/tiendaonline\/tienda\/\"},{\"@type\":\"ListItem\",\"position\":3,\"name\":\"Jersey reciclado de cuello redondo unisex para personalizar con logo\"}]},{\"@type\":\"WebSite\",\"@id\":\"https:\/\/adl-regalosempresa.com\/tiendaonline\/#website\",\"url\":\"https:\/\/adl-regalosempresa.com\/tiendaonline\/\",\"name\":\"ADL Comunicaci\u00f3n\",\"description\":\"Regalos de empresa\",\"publisher\":{\"@id\":\"https:\/\/adl-regalosempresa.com\/tiendaonline\/#organization\"},\"potentialAction\":[{\"@type\":\"SearchAction\",\"target\":{\"@type\":\"EntryPoint\",\"urlTemplate\":\"https:\/\/adl-regalosempresa.com\/tiendaonline\/?s={search_term_string}\"},\"query-input\":{\"@type\":\"PropertyValueSpecification\",\"valueRequired\":true,\"valueName\":\"search_term_string\"}}],\"inLanguage\":\"es\"},{\"@type\":\"Organization\",\"@id\":\"https:\/\/adl-regalosempresa.com\/tiendaonline\/#organization\",\"name\":\"ADL Comunicaci\u00f3n\",\"url\":\"https:\/\/adl-regalosempresa.com\/tiendaonline\/\",\"logo\":{\"@type\":\"ImageObject\",\"inLanguage\":\"es\",\"@id\":\"https:\/\/adl-regalosempresa.com\/tiendaonline\/#\/schema\/logo\/image\/\",\"url\":\"https:\/\/adl-regalosempresa.com\/tiendaonline\/wp-content\/uploads\/2017\/09\/logo-adl-wp.png\",\"contentUrl\":\"https:\/\/adl-regalosempresa.com\/tiendaonline\/wp-content\/uploads\/2017\/09\/logo-adl-wp.png\",\"width\":407,\"height\":185,\"caption\":\"ADL Comunicaci\u00f3n\"},\"image\":{\"@id\":\"https:\/\/adl-regalosempresa.com\/tiendaonline\/#\/schema\/logo\/image\/\"}}]}<\/script>\n<!-- \/ Yoast SEO plugin. -->","yoast_head_json":{"title":"Merchandising Jersey reciclado de cuello redondo unisex para personalizar con logo - ADL","description":"Art\u00edculo de merchandising Jersey reciclado de cuello redondo unisex \"Aware\u2122\" \"Tin\". El su\u00e9ter \"Tin\" unisex de Aware\u2122 con cuello redondo est\u00e1 confeccionado en 50% Algod\u00f3n reciclado, 50% Poli\u00e9ster reciclado, 280 g\/m2. y presenta una silueta atemporal y un escote acanalado realzado para mayor comodidad y estilo. La sudadera incorpora fibras recicladas Cyclo\u00a9 en las que se utilizan residuos preclasificados que determinan el color del hilo. Estas fibras no solo reducen la demanda de recursos v\u00edrgenes, sino que tambi\u00e9n muestran un compromiso con la econom\u00eda circular, ya que encarnan la esencia de la reducci\u00f3n de residuos y promueven un sistema de circuito cerrado. Cada sudadera tambi\u00e9n viene con un rastreador Aware\u2122. Esta innovadora funci\u00f3n permite a los usuarios rastrear el origen y el recorrido de su art\u00edculo a trav\u00e9s de un c\u00f3digo QR, lo que aumenta la transparencia de la cadena de suministro y fomenta una mayor conexi\u00f3n entre el producto y su proceso de producci\u00f3n.","robots":{"index":"index","follow":"follow","max-snippet":"max-snippet:-1","max-image-preview":"max-image-preview:large","max-video-preview":"max-video-preview:-1"},"canonical":"https:\/\/adl-regalosempresa.com\/tiendaonline\/articulos\/merchandising\/jersey-reciclado-de-cuello-redondo-unisex-para-personalizar-con-logo\/","og_locale":"es_ES","og_type":"article","og_title":"Merchandising Jersey reciclado de cuello redondo unisex para personalizar con logo - ADL","og_description":"Art\u00edculo de merchandising Jersey reciclado de cuello redondo unisex \"Aware\u2122\" \"Tin\". El su\u00e9ter \"Tin\" unisex de Aware\u2122 con cuello redondo est\u00e1 confeccionado en 50% Algod\u00f3n reciclado, 50% Poli\u00e9ster reciclado, 280 g\/m2. y presenta una silueta atemporal y un escote acanalado realzado para mayor comodidad y estilo. La sudadera incorpora fibras recicladas Cyclo\u00a9 en las que se utilizan residuos preclasificados que determinan el color del hilo. Estas fibras no solo reducen la demanda de recursos v\u00edrgenes, sino que tambi\u00e9n muestran un compromiso con la econom\u00eda circular, ya que encarnan la esencia de la reducci\u00f3n de residuos y promueven un sistema de circuito cerrado. Cada sudadera tambi\u00e9n viene con un rastreador Aware\u2122. Esta innovadora funci\u00f3n permite a los usuarios rastrear el origen y el recorrido de su art\u00edculo a trav\u00e9s de un c\u00f3digo QR, lo que aumenta la transparencia de la cadena de suministro y fomenta una mayor conexi\u00f3n entre el producto y su proceso de producci\u00f3n.","og_url":"https:\/\/adl-regalosempresa.com\/tiendaonline\/articulos\/merchandising\/jersey-reciclado-de-cuello-redondo-unisex-para-personalizar-con-logo\/","og_site_name":"ADL Comunicaci\u00f3n","article_modified_time":"2026-04-26T08:40:08+00:00","og_image":[{"width":1600,"height":1600,"url":"https:\/\/adl-regalosempresa.com\/tiendaonline\/wp-content\/uploads\/2025\/01\/3754307.jpg","type":"image\/jpeg"}],"twitter_card":"summary_large_image","twitter_title":"Merchandising Jersey reciclado de cuello redondo unisex para personalizar con logo - ADL","twitter_misc":{"Tiempo de lectura":"1 minuto"},"schema":{"@context":"https:\/\/schema.org","@graph":[{"@type":"WebPage","@id":"https:\/\/adl-regalosempresa.com\/tiendaonline\/articulos\/merchandising\/jersey-reciclado-de-cuello-redondo-unisex-para-personalizar-con-logo\/","url":"https:\/\/adl-regalosempresa.com\/tiendaonline\/articulos\/merchandising\/jersey-reciclado-de-cuello-redondo-unisex-para-personalizar-con-logo\/","name":"Merchandising Jersey reciclado de cuello redondo unisex para personalizar con logo - ADL","isPartOf":{"@id":"https:\/\/adl-regalosempresa.com\/tiendaonline\/#website"},"primaryImageOfPage":{"@id":"https:\/\/adl-regalosempresa.com\/tiendaonline\/articulos\/merchandising\/jersey-reciclado-de-cuello-redondo-unisex-para-personalizar-con-logo\/#primaryimage"},"image":{"@id":"https:\/\/adl-regalosempresa.com\/tiendaonline\/articulos\/merchandising\/jersey-reciclado-de-cuello-redondo-unisex-para-personalizar-con-logo\/#primaryimage"},"thumbnailUrl":"https:\/\/adl-regalosempresa.com\/tiendaonline\/wp-content\/uploads\/2025\/01\/3754307.jpg","datePublished":"2026-04-11T04:46:37+00:00","dateModified":"2026-04-26T08:40:08+00:00","description":"Art\u00edculo de merchandising Jersey reciclado de cuello redondo unisex \"Aware\u2122\" \"Tin\". El su\u00e9ter \"Tin\" unisex de Aware\u2122 con cuello redondo est\u00e1 confeccionado en 50% Algod\u00f3n reciclado, 50% Poli\u00e9ster reciclado, 280 g\/m2. y presenta una silueta atemporal y un escote acanalado realzado para mayor comodidad y estilo. La sudadera incorpora fibras recicladas Cyclo\u00a9 en las que se utilizan residuos preclasificados que determinan el color del hilo. Estas fibras no solo reducen la demanda de recursos v\u00edrgenes, sino que tambi\u00e9n muestran un compromiso con la econom\u00eda circular, ya que encarnan la esencia de la reducci\u00f3n de residuos y promueven un sistema de circuito cerrado. Cada sudadera tambi\u00e9n viene con un rastreador Aware\u2122. Esta innovadora funci\u00f3n permite a los usuarios rastrear el origen y el recorrido de su art\u00edculo a trav\u00e9s de un c\u00f3digo QR, lo que aumenta la transparencia de la cadena de suministro y fomenta una mayor conexi\u00f3n entre el producto y su proceso de producci\u00f3n.","breadcrumb":{"@id":"https:\/\/adl-regalosempresa.com\/tiendaonline\/articulos\/merchandising\/jersey-reciclado-de-cuello-redondo-unisex-para-personalizar-con-logo\/#breadcrumb"},"inLanguage":"es","potentialAction":[{"@type":"ReadAction","target":["https:\/\/adl-regalosempresa.com\/tiendaonline\/articulos\/merchandising\/jersey-reciclado-de-cuello-redondo-unisex-para-personalizar-con-logo\/"]}]},{"@type":"ImageObject","inLanguage":"es","@id":"https:\/\/adl-regalosempresa.com\/tiendaonline\/articulos\/merchandising\/jersey-reciclado-de-cuello-redondo-unisex-para-personalizar-con-logo\/#primaryimage","url":"https:\/\/adl-regalosempresa.com\/tiendaonline\/wp-content\/uploads\/2025\/01\/3754307.jpg","contentUrl":"https:\/\/adl-regalosempresa.com\/tiendaonline\/wp-content\/uploads\/2025\/01\/3754307.jpg","width":1600,"height":1600,"caption":"Jersey reciclado de cuello redondo unisex \"Aware\u2122\" \"Tin\""},{"@type":"BreadcrumbList","@id":"https:\/\/adl-regalosempresa.com\/tiendaonline\/articulos\/merchandising\/jersey-reciclado-de-cuello-redondo-unisex-para-personalizar-con-logo\/#breadcrumb","itemListElement":[{"@type":"ListItem","position":1,"name":"Portada","item":"https:\/\/adl-regalosempresa.com\/tiendaonline\/"},{"@type":"ListItem","position":2,"name":"Tienda","item":"https:\/\/adl-regalosempresa.com\/tiendaonline\/tienda\/"},{"@type":"ListItem","position":3,"name":"Jersey reciclado de cuello redondo unisex para personalizar con logo"}]},{"@type":"WebSite","@id":"https:\/\/adl-regalosempresa.com\/tiendaonline\/#website","url":"https:\/\/adl-regalosempresa.com\/tiendaonline\/","name":"ADL Comunicaci\u00f3n","description":"Regalos de empresa","publisher":{"@id":"https:\/\/adl-regalosempresa.com\/tiendaonline\/#organization"},"potentialAction":[{"@type":"SearchAction","target":{"@type":"EntryPoint","urlTemplate":"https:\/\/adl-regalosempresa.com\/tiendaonline\/?s={search_term_string}"},"query-input":{"@type":"PropertyValueSpecification","valueRequired":true,"valueName":"search_term_string"}}],"inLanguage":"es"},{"@type":"Organization","@id":"https:\/\/adl-regalosempresa.com\/tiendaonline\/#organization","name":"ADL Comunicaci\u00f3n","url":"https:\/\/adl-regalosempresa.com\/tiendaonline\/","logo":{"@type":"ImageObject","inLanguage":"es","@id":"https:\/\/adl-regalosempresa.com\/tiendaonline\/#\/schema\/logo\/image\/","url":"https:\/\/adl-regalosempresa.com\/tiendaonline\/wp-content\/uploads\/2017\/09\/logo-adl-wp.png","contentUrl":"https:\/\/adl-regalosempresa.com\/tiendaonline\/wp-content\/uploads\/2017\/09\/logo-adl-wp.png","width":407,"height":185,"caption":"ADL Comunicaci\u00f3n"},"image":{"@id":"https:\/\/adl-regalosempresa.com\/tiendaonline\/#\/schema\/logo\/image\/"}}]}},"_links":{"self":[{"href":"https:\/\/adl-regalosempresa.com\/tiendaonline\/wp-json\/wp\/v2\/product\/140341","targetHints":{"allow":["GET"]}}],"collection":[{"href":"https:\/\/adl-regalosempresa.com\/tiendaonline\/wp-json\/wp\/v2\/product"}],"about":[{"href":"https:\/\/adl-regalosempresa.com\/tiendaonline\/wp-json\/wp\/v2\/types\/product"}],"wp:featuredmedia":[{"embeddable":true,"href":"https:\/\/adl-regalosempresa.com\/tiendaonline\/wp-json\/wp\/v2\/media\/140343"}],"wp:attachment":[{"href":"https:\/\/adl-regalosempresa.com\/tiendaonline\/wp-json\/wp\/v2\/media?parent=140341"}],"wp:term":[{"taxonomy":"product_brand","embeddable":true,"href":"https:\/\/adl-regalosempresa.com\/tiendaonline\/wp-json\/wp\/v2\/product_brand?post=140341"},{"taxonomy":"product_cat","embeddable":true,"href":"https:\/\/adl-regalosempresa.com\/tiendaonline\/wp-json\/wp\/v2\/product_cat?post=140341"},{"taxonomy":"product_tag","embeddable":true,"href":"https:\/\/adl-regalosempresa.com\/tiendaonline\/wp-json\/wp\/v2\/product_tag?post=140341"}],"curies":[{"name":"wp","href":"https:\/\/api.w.org\/{rel}","templated":true}]}}