{"id":138816,"date":"2026-04-10T04:34:31","date_gmt":"2026-04-10T04:34:31","guid":{"rendered":"https:\/\/adl-regalosempresa.com\/tiendaonline\/articulos\/merchandising\/mochila-de-cabina-con-ruedas-de-material-reciclado-grs-de-20-para-personalizar-con-logo\/"},"modified":"2026-04-25T08:28:16","modified_gmt":"2026-04-25T08:28:16","slug":"trolley-de-cabina-de-material-reciclado-grs-de-20-para-personalizar-con-logo","status":"publish","type":"product","link":"https:\/\/adl-regalosempresa.com\/tiendaonline\/articulos\/merchandising\/trolley-de-cabina-de-material-reciclado-grs-de-20-para-personalizar-con-logo\/","title":{"rendered":"Trolley de cabina de material reciclado GRS de 20&#8243; para personalizar con logo"},"content":{"rendered":"<p>El trolley de cabina \u00abRover Pro\u00bb de 20&#8243; destaca por su compartimento frontal abierto para port\u00e1til de 20&#8243; y su puerto de carga USB integrado, lo que le convierte en el compa\u00f1ero ideal tanto para viajes de negocios como de placer. Este trolley est\u00e1 fabricada con pl\u00e1stico reciclado con certificado GRS resistente a los impactos y un forro de RPET de calidad. Adem\u00e1s, cuenta con un compartimento frontal abierto para el port\u00e1til con bolsillos organizadores para accesorios electr\u00f3nicos y una cerradura de combinaci\u00f3n TSA tanto para el compartimento principal como para el frontal abierto. El trolley tambi\u00e9n cuenta con ruedas giratorias dobles de 360 grados para facilitar su manejo en los aeropuertos. Puede viajar como equipaje de mano en la mayor\u00eda de las principales compa\u00f1\u00edas a\u00e9reas.<\/p>\n","protected":false},"excerpt":{"rendered":"<p><strong>Descuentos por cantidades<\/strong><br \/>&#8211; a partir de 25 unidades: 79,14 \u20ac\/ud<br \/>&#8211; a partir de 50 unidades: 79,14 \u20ac\/ud<br \/>&#8211; a partir de 100 unidades: 77,66 \u20ac\/ud<\/p>\n<p>Para cantidades superiores a las aqu\u00ed indicadas, no dudes en ponerte en contacto con nuestro departamento comercial o <a href='https:\/\/adl-regalosempresa.com\/tiendaonline\/solicitud-presupuesto\/'>pedirnos presupuesto personalizado<\/a>, ajustaremos el presupuesto a tus necesidades.<\/p>\n","protected":false},"featured_media":138909,"template":"","meta":{"_kad_post_transparent":"","_kad_post_title":"","_kad_post_layout":"","_kad_post_sidebar_id":"","_kad_post_content_style":"","_kad_post_vertical_padding":"","_kad_post_feature":"","_kad_post_feature_position":"","_kad_post_header":false,"_kad_post_footer":false,"_kad_post_classname":""},"product_brand":[],"product_cat":[3526,4795],"product_tag":[],"class_list":{"0":"post-138816","1":"product","2":"type-product","3":"status-publish","4":"has-post-thumbnail","6":"product_cat-bolsas","7":"product_cat-maletas-con-ruedas-y-maletines","8":"pa_alto-57-cm","9":"pa_ancho-23-cm","10":"pa_color-negro-intenso","11":"pa_color-plateado","12":"pa_color-simple-gris","13":"pa_color-simple-negro-intenso","14":"pa_largo-35-cm","15":"pa_marca-unbranded","16":"pa_material-abs-reciclado-certificado-grs","17":"pa_peso-3070-gr","19":"first","20":"instock","21":"taxable","22":"shipping-taxable","23":"purchasable","24":"product-type-variable","25":"entry","26":"content-bg","27":"loop-entry"},"yoast_head":"<!-- This site is optimized with the Yoast SEO plugin v26.3 - https:\/\/yoast.com\/wordpress\/plugins\/seo\/ -->\n<title>Merchandising Trolley de cabina de material reciclado GRS de 20&quot; para personalizar con logo - ADL<\/title>\n<meta name=\"description\" content=\"Art\u00edculo de merchandising Trolley de cabina de material reciclado GRS de 20&quot; y 40 L &quot;Rover Pro&quot;. El trolley de cabina &quot;Rover Pro&quot; de 20&quot; destaca por su compartimento frontal abierto para port\u00e1til de 20&quot; y su puerto de carga USB integrado, lo que le convierte en el compa\u00f1ero ideal tanto para viajes de negocios como de placer. Este trolley est\u00e1 fabricada con pl\u00e1stico reciclado con certificado GRS resistente a los impactos y un forro de RPET de calidad. Adem\u00e1s, cuenta con un compartimento frontal abierto para el port\u00e1til con bolsillos organizadores para accesorios electr\u00f3nicos y una cerradura de combinaci\u00f3n TSA tanto para el compartimento principal como para el frontal abierto. El trolley tambi\u00e9n cuenta con ruedas giratorias dobles de 360 grados para facilitar su manejo en los aeropuertos. Puede viajar como equipaje de mano en la mayor\u00eda de las principales compa\u00f1\u00edas a\u00e9reas.\" \/>\n<meta name=\"robots\" content=\"index, follow, max-snippet:-1, max-image-preview:large, max-video-preview:-1\" \/>\n<link rel=\"canonical\" href=\"https:\/\/adl-regalosempresa.com\/tiendaonline\/articulos\/merchandising\/trolley-de-cabina-de-material-reciclado-grs-de-20-para-personalizar-con-logo\/\" \/>\n<meta property=\"og:locale\" content=\"es_ES\" \/>\n<meta property=\"og:type\" content=\"article\" \/>\n<meta property=\"og:title\" content=\"Merchandising Trolley de cabina de material reciclado GRS de 20&quot; para personalizar con logo - ADL\" \/>\n<meta property=\"og:description\" content=\"Art\u00edculo de merchandising Trolley de cabina de material reciclado GRS de 20&quot; y 40 L &quot;Rover Pro&quot;. El trolley de cabina &quot;Rover Pro&quot; de 20&quot; destaca por su compartimento frontal abierto para port\u00e1til de 20&quot; y su puerto de carga USB integrado, lo que le convierte en el compa\u00f1ero ideal tanto para viajes de negocios como de placer. Este trolley est\u00e1 fabricada con pl\u00e1stico reciclado con certificado GRS resistente a los impactos y un forro de RPET de calidad. Adem\u00e1s, cuenta con un compartimento frontal abierto para el port\u00e1til con bolsillos organizadores para accesorios electr\u00f3nicos y una cerradura de combinaci\u00f3n TSA tanto para el compartimento principal como para el frontal abierto. El trolley tambi\u00e9n cuenta con ruedas giratorias dobles de 360 grados para facilitar su manejo en los aeropuertos. Puede viajar como equipaje de mano en la mayor\u00eda de las principales compa\u00f1\u00edas a\u00e9reas.\" \/>\n<meta property=\"og:url\" content=\"https:\/\/adl-regalosempresa.com\/tiendaonline\/articulos\/merchandising\/trolley-de-cabina-de-material-reciclado-grs-de-20-para-personalizar-con-logo\/\" \/>\n<meta property=\"og:site_name\" content=\"ADL Comunicaci\u00f3n\" \/>\n<meta property=\"article:modified_time\" content=\"2026-04-25T08:28:16+00:00\" \/>\n<meta property=\"og:image\" content=\"https:\/\/adl-regalosempresa.com\/tiendaonline\/wp-content\/uploads\/2024\/12\/13008781.jpg\" \/>\n\t<meta property=\"og:image:width\" content=\"1600\" \/>\n\t<meta property=\"og:image:height\" content=\"1600\" \/>\n\t<meta property=\"og:image:type\" content=\"image\/jpeg\" \/>\n<meta name=\"twitter:card\" content=\"summary_large_image\" \/>\n<meta name=\"twitter:title\" content=\"Merchandising Trolley de cabina de material reciclado GRS de 20&quot; para personalizar con logo - ADL\" \/>\n<meta name=\"twitter:label1\" content=\"Tiempo de lectura\" \/>\n\t<meta name=\"twitter:data1\" content=\"1 minuto\" \/>\n<script type=\"application\/ld+json\" class=\"yoast-schema-graph\">{\"@context\":\"https:\/\/schema.org\",\"@graph\":[{\"@type\":\"WebPage\",\"@id\":\"https:\/\/adl-regalosempresa.com\/tiendaonline\/articulos\/merchandising\/trolley-de-cabina-de-material-reciclado-grs-de-20-para-personalizar-con-logo\/\",\"url\":\"https:\/\/adl-regalosempresa.com\/tiendaonline\/articulos\/merchandising\/trolley-de-cabina-de-material-reciclado-grs-de-20-para-personalizar-con-logo\/\",\"name\":\"Merchandising Trolley de cabina de material reciclado GRS de 20\\\" para personalizar con logo - ADL\",\"isPartOf\":{\"@id\":\"https:\/\/adl-regalosempresa.com\/tiendaonline\/#website\"},\"primaryImageOfPage\":{\"@id\":\"https:\/\/adl-regalosempresa.com\/tiendaonline\/articulos\/merchandising\/trolley-de-cabina-de-material-reciclado-grs-de-20-para-personalizar-con-logo\/#primaryimage\"},\"image\":{\"@id\":\"https:\/\/adl-regalosempresa.com\/tiendaonline\/articulos\/merchandising\/trolley-de-cabina-de-material-reciclado-grs-de-20-para-personalizar-con-logo\/#primaryimage\"},\"thumbnailUrl\":\"https:\/\/adl-regalosempresa.com\/tiendaonline\/wp-content\/uploads\/2024\/12\/13008781.jpg\",\"datePublished\":\"2026-04-10T04:34:31+00:00\",\"dateModified\":\"2026-04-25T08:28:16+00:00\",\"description\":\"Art\u00edculo de merchandising Trolley de cabina de material reciclado GRS de 20\\\" y 40 L \\\"Rover Pro\\\". El trolley de cabina \\\"Rover Pro\\\" de 20\\\" destaca por su compartimento frontal abierto para port\u00e1til de 20\\\" y su puerto de carga USB integrado, lo que le convierte en el compa\u00f1ero ideal tanto para viajes de negocios como de placer. Este trolley est\u00e1 fabricada con pl\u00e1stico reciclado con certificado GRS resistente a los impactos y un forro de RPET de calidad. Adem\u00e1s, cuenta con un compartimento frontal abierto para el port\u00e1til con bolsillos organizadores para accesorios electr\u00f3nicos y una cerradura de combinaci\u00f3n TSA tanto para el compartimento principal como para el frontal abierto. El trolley tambi\u00e9n cuenta con ruedas giratorias dobles de 360 grados para facilitar su manejo en los aeropuertos. Puede viajar como equipaje de mano en la mayor\u00eda de las principales compa\u00f1\u00edas a\u00e9reas.\",\"breadcrumb\":{\"@id\":\"https:\/\/adl-regalosempresa.com\/tiendaonline\/articulos\/merchandising\/trolley-de-cabina-de-material-reciclado-grs-de-20-para-personalizar-con-logo\/#breadcrumb\"},\"inLanguage\":\"es\",\"potentialAction\":[{\"@type\":\"ReadAction\",\"target\":[\"https:\/\/adl-regalosempresa.com\/tiendaonline\/articulos\/merchandising\/trolley-de-cabina-de-material-reciclado-grs-de-20-para-personalizar-con-logo\/\"]}]},{\"@type\":\"ImageObject\",\"inLanguage\":\"es\",\"@id\":\"https:\/\/adl-regalosempresa.com\/tiendaonline\/articulos\/merchandising\/trolley-de-cabina-de-material-reciclado-grs-de-20-para-personalizar-con-logo\/#primaryimage\",\"url\":\"https:\/\/adl-regalosempresa.com\/tiendaonline\/wp-content\/uploads\/2024\/12\/13008781.jpg\",\"contentUrl\":\"https:\/\/adl-regalosempresa.com\/tiendaonline\/wp-content\/uploads\/2024\/12\/13008781.jpg\",\"width\":1600,\"height\":1600,\"caption\":\"Trolley de cabina de material reciclado GRS de 20\\\" y 40 L \\\"Rover Pro\\\"\"},{\"@type\":\"BreadcrumbList\",\"@id\":\"https:\/\/adl-regalosempresa.com\/tiendaonline\/articulos\/merchandising\/trolley-de-cabina-de-material-reciclado-grs-de-20-para-personalizar-con-logo\/#breadcrumb\",\"itemListElement\":[{\"@type\":\"ListItem\",\"position\":1,\"name\":\"Portada\",\"item\":\"https:\/\/adl-regalosempresa.com\/tiendaonline\/\"},{\"@type\":\"ListItem\",\"position\":2,\"name\":\"Tienda\",\"item\":\"https:\/\/adl-regalosempresa.com\/tiendaonline\/tienda\/\"},{\"@type\":\"ListItem\",\"position\":3,\"name\":\"Trolley de cabina de material reciclado GRS de 20&#8243; para personalizar con logo\"}]},{\"@type\":\"WebSite\",\"@id\":\"https:\/\/adl-regalosempresa.com\/tiendaonline\/#website\",\"url\":\"https:\/\/adl-regalosempresa.com\/tiendaonline\/\",\"name\":\"ADL Comunicaci\u00f3n\",\"description\":\"Regalos de empresa\",\"publisher\":{\"@id\":\"https:\/\/adl-regalosempresa.com\/tiendaonline\/#organization\"},\"potentialAction\":[{\"@type\":\"SearchAction\",\"target\":{\"@type\":\"EntryPoint\",\"urlTemplate\":\"https:\/\/adl-regalosempresa.com\/tiendaonline\/?s={search_term_string}\"},\"query-input\":{\"@type\":\"PropertyValueSpecification\",\"valueRequired\":true,\"valueName\":\"search_term_string\"}}],\"inLanguage\":\"es\"},{\"@type\":\"Organization\",\"@id\":\"https:\/\/adl-regalosempresa.com\/tiendaonline\/#organization\",\"name\":\"ADL Comunicaci\u00f3n\",\"url\":\"https:\/\/adl-regalosempresa.com\/tiendaonline\/\",\"logo\":{\"@type\":\"ImageObject\",\"inLanguage\":\"es\",\"@id\":\"https:\/\/adl-regalosempresa.com\/tiendaonline\/#\/schema\/logo\/image\/\",\"url\":\"https:\/\/adl-regalosempresa.com\/tiendaonline\/wp-content\/uploads\/2017\/09\/logo-adl-wp.png\",\"contentUrl\":\"https:\/\/adl-regalosempresa.com\/tiendaonline\/wp-content\/uploads\/2017\/09\/logo-adl-wp.png\",\"width\":407,\"height\":185,\"caption\":\"ADL Comunicaci\u00f3n\"},\"image\":{\"@id\":\"https:\/\/adl-regalosempresa.com\/tiendaonline\/#\/schema\/logo\/image\/\"}}]}<\/script>\n<!-- \/ Yoast SEO plugin. -->","yoast_head_json":{"title":"Merchandising Trolley de cabina de material reciclado GRS de 20\" para personalizar con logo - ADL","description":"Art\u00edculo de merchandising Trolley de cabina de material reciclado GRS de 20\" y 40 L \"Rover Pro\". El trolley de cabina \"Rover Pro\" de 20\" destaca por su compartimento frontal abierto para port\u00e1til de 20\" y su puerto de carga USB integrado, lo que le convierte en el compa\u00f1ero ideal tanto para viajes de negocios como de placer. Este trolley est\u00e1 fabricada con pl\u00e1stico reciclado con certificado GRS resistente a los impactos y un forro de RPET de calidad. Adem\u00e1s, cuenta con un compartimento frontal abierto para el port\u00e1til con bolsillos organizadores para accesorios electr\u00f3nicos y una cerradura de combinaci\u00f3n TSA tanto para el compartimento principal como para el frontal abierto. El trolley tambi\u00e9n cuenta con ruedas giratorias dobles de 360 grados para facilitar su manejo en los aeropuertos. Puede viajar como equipaje de mano en la mayor\u00eda de las principales compa\u00f1\u00edas a\u00e9reas.","robots":{"index":"index","follow":"follow","max-snippet":"max-snippet:-1","max-image-preview":"max-image-preview:large","max-video-preview":"max-video-preview:-1"},"canonical":"https:\/\/adl-regalosempresa.com\/tiendaonline\/articulos\/merchandising\/trolley-de-cabina-de-material-reciclado-grs-de-20-para-personalizar-con-logo\/","og_locale":"es_ES","og_type":"article","og_title":"Merchandising Trolley de cabina de material reciclado GRS de 20\" para personalizar con logo - ADL","og_description":"Art\u00edculo de merchandising Trolley de cabina de material reciclado GRS de 20\" y 40 L \"Rover Pro\". El trolley de cabina \"Rover Pro\" de 20\" destaca por su compartimento frontal abierto para port\u00e1til de 20\" y su puerto de carga USB integrado, lo que le convierte en el compa\u00f1ero ideal tanto para viajes de negocios como de placer. Este trolley est\u00e1 fabricada con pl\u00e1stico reciclado con certificado GRS resistente a los impactos y un forro de RPET de calidad. Adem\u00e1s, cuenta con un compartimento frontal abierto para el port\u00e1til con bolsillos organizadores para accesorios electr\u00f3nicos y una cerradura de combinaci\u00f3n TSA tanto para el compartimento principal como para el frontal abierto. El trolley tambi\u00e9n cuenta con ruedas giratorias dobles de 360 grados para facilitar su manejo en los aeropuertos. Puede viajar como equipaje de mano en la mayor\u00eda de las principales compa\u00f1\u00edas a\u00e9reas.","og_url":"https:\/\/adl-regalosempresa.com\/tiendaonline\/articulos\/merchandising\/trolley-de-cabina-de-material-reciclado-grs-de-20-para-personalizar-con-logo\/","og_site_name":"ADL Comunicaci\u00f3n","article_modified_time":"2026-04-25T08:28:16+00:00","og_image":[{"width":1600,"height":1600,"url":"https:\/\/adl-regalosempresa.com\/tiendaonline\/wp-content\/uploads\/2024\/12\/13008781.jpg","type":"image\/jpeg"}],"twitter_card":"summary_large_image","twitter_title":"Merchandising Trolley de cabina de material reciclado GRS de 20\" para personalizar con logo - ADL","twitter_misc":{"Tiempo de lectura":"1 minuto"},"schema":{"@context":"https:\/\/schema.org","@graph":[{"@type":"WebPage","@id":"https:\/\/adl-regalosempresa.com\/tiendaonline\/articulos\/merchandising\/trolley-de-cabina-de-material-reciclado-grs-de-20-para-personalizar-con-logo\/","url":"https:\/\/adl-regalosempresa.com\/tiendaonline\/articulos\/merchandising\/trolley-de-cabina-de-material-reciclado-grs-de-20-para-personalizar-con-logo\/","name":"Merchandising Trolley de cabina de material reciclado GRS de 20\" para personalizar con logo - ADL","isPartOf":{"@id":"https:\/\/adl-regalosempresa.com\/tiendaonline\/#website"},"primaryImageOfPage":{"@id":"https:\/\/adl-regalosempresa.com\/tiendaonline\/articulos\/merchandising\/trolley-de-cabina-de-material-reciclado-grs-de-20-para-personalizar-con-logo\/#primaryimage"},"image":{"@id":"https:\/\/adl-regalosempresa.com\/tiendaonline\/articulos\/merchandising\/trolley-de-cabina-de-material-reciclado-grs-de-20-para-personalizar-con-logo\/#primaryimage"},"thumbnailUrl":"https:\/\/adl-regalosempresa.com\/tiendaonline\/wp-content\/uploads\/2024\/12\/13008781.jpg","datePublished":"2026-04-10T04:34:31+00:00","dateModified":"2026-04-25T08:28:16+00:00","description":"Art\u00edculo de merchandising Trolley de cabina de material reciclado GRS de 20\" y 40 L \"Rover Pro\". El trolley de cabina \"Rover Pro\" de 20\" destaca por su compartimento frontal abierto para port\u00e1til de 20\" y su puerto de carga USB integrado, lo que le convierte en el compa\u00f1ero ideal tanto para viajes de negocios como de placer. Este trolley est\u00e1 fabricada con pl\u00e1stico reciclado con certificado GRS resistente a los impactos y un forro de RPET de calidad. Adem\u00e1s, cuenta con un compartimento frontal abierto para el port\u00e1til con bolsillos organizadores para accesorios electr\u00f3nicos y una cerradura de combinaci\u00f3n TSA tanto para el compartimento principal como para el frontal abierto. El trolley tambi\u00e9n cuenta con ruedas giratorias dobles de 360 grados para facilitar su manejo en los aeropuertos. Puede viajar como equipaje de mano en la mayor\u00eda de las principales compa\u00f1\u00edas a\u00e9reas.","breadcrumb":{"@id":"https:\/\/adl-regalosempresa.com\/tiendaonline\/articulos\/merchandising\/trolley-de-cabina-de-material-reciclado-grs-de-20-para-personalizar-con-logo\/#breadcrumb"},"inLanguage":"es","potentialAction":[{"@type":"ReadAction","target":["https:\/\/adl-regalosempresa.com\/tiendaonline\/articulos\/merchandising\/trolley-de-cabina-de-material-reciclado-grs-de-20-para-personalizar-con-logo\/"]}]},{"@type":"ImageObject","inLanguage":"es","@id":"https:\/\/adl-regalosempresa.com\/tiendaonline\/articulos\/merchandising\/trolley-de-cabina-de-material-reciclado-grs-de-20-para-personalizar-con-logo\/#primaryimage","url":"https:\/\/adl-regalosempresa.com\/tiendaonline\/wp-content\/uploads\/2024\/12\/13008781.jpg","contentUrl":"https:\/\/adl-regalosempresa.com\/tiendaonline\/wp-content\/uploads\/2024\/12\/13008781.jpg","width":1600,"height":1600,"caption":"Trolley de cabina de material reciclado GRS de 20\" y 40 L \"Rover Pro\""},{"@type":"BreadcrumbList","@id":"https:\/\/adl-regalosempresa.com\/tiendaonline\/articulos\/merchandising\/trolley-de-cabina-de-material-reciclado-grs-de-20-para-personalizar-con-logo\/#breadcrumb","itemListElement":[{"@type":"ListItem","position":1,"name":"Portada","item":"https:\/\/adl-regalosempresa.com\/tiendaonline\/"},{"@type":"ListItem","position":2,"name":"Tienda","item":"https:\/\/adl-regalosempresa.com\/tiendaonline\/tienda\/"},{"@type":"ListItem","position":3,"name":"Trolley de cabina de material reciclado GRS de 20&#8243; para personalizar con logo"}]},{"@type":"WebSite","@id":"https:\/\/adl-regalosempresa.com\/tiendaonline\/#website","url":"https:\/\/adl-regalosempresa.com\/tiendaonline\/","name":"ADL Comunicaci\u00f3n","description":"Regalos de empresa","publisher":{"@id":"https:\/\/adl-regalosempresa.com\/tiendaonline\/#organization"},"potentialAction":[{"@type":"SearchAction","target":{"@type":"EntryPoint","urlTemplate":"https:\/\/adl-regalosempresa.com\/tiendaonline\/?s={search_term_string}"},"query-input":{"@type":"PropertyValueSpecification","valueRequired":true,"valueName":"search_term_string"}}],"inLanguage":"es"},{"@type":"Organization","@id":"https:\/\/adl-regalosempresa.com\/tiendaonline\/#organization","name":"ADL Comunicaci\u00f3n","url":"https:\/\/adl-regalosempresa.com\/tiendaonline\/","logo":{"@type":"ImageObject","inLanguage":"es","@id":"https:\/\/adl-regalosempresa.com\/tiendaonline\/#\/schema\/logo\/image\/","url":"https:\/\/adl-regalosempresa.com\/tiendaonline\/wp-content\/uploads\/2017\/09\/logo-adl-wp.png","contentUrl":"https:\/\/adl-regalosempresa.com\/tiendaonline\/wp-content\/uploads\/2017\/09\/logo-adl-wp.png","width":407,"height":185,"caption":"ADL Comunicaci\u00f3n"},"image":{"@id":"https:\/\/adl-regalosempresa.com\/tiendaonline\/#\/schema\/logo\/image\/"}}]}},"_links":{"self":[{"href":"https:\/\/adl-regalosempresa.com\/tiendaonline\/wp-json\/wp\/v2\/product\/138816","targetHints":{"allow":["GET"]}}],"collection":[{"href":"https:\/\/adl-regalosempresa.com\/tiendaonline\/wp-json\/wp\/v2\/product"}],"about":[{"href":"https:\/\/adl-regalosempresa.com\/tiendaonline\/wp-json\/wp\/v2\/types\/product"}],"wp:featuredmedia":[{"embeddable":true,"href":"https:\/\/adl-regalosempresa.com\/tiendaonline\/wp-json\/wp\/v2\/media\/138909"}],"wp:attachment":[{"href":"https:\/\/adl-regalosempresa.com\/tiendaonline\/wp-json\/wp\/v2\/media?parent=138816"}],"wp:term":[{"taxonomy":"product_brand","embeddable":true,"href":"https:\/\/adl-regalosempresa.com\/tiendaonline\/wp-json\/wp\/v2\/product_brand?post=138816"},{"taxonomy":"product_cat","embeddable":true,"href":"https:\/\/adl-regalosempresa.com\/tiendaonline\/wp-json\/wp\/v2\/product_cat?post=138816"},{"taxonomy":"product_tag","embeddable":true,"href":"https:\/\/adl-regalosempresa.com\/tiendaonline\/wp-json\/wp\/v2\/product_tag?post=138816"}],"curies":[{"name":"wp","href":"https:\/\/api.w.org\/{rel}","templated":true}]}}