{"id":138568,"date":"2026-03-31T06:12:39","date_gmt":"2026-03-31T06:12:39","guid":{"rendered":"https:\/\/adl-regalosempresa.com\/tiendaonline\/articulos\/merchandising\/auriculares-tws163-para-personalizar-con-logo\/"},"modified":"2026-04-28T08:26:31","modified_gmt":"2026-04-28T08:26:31","slug":"auriculares-tws163-para-personalizar-con-logo","status":"publish","type":"product","link":"https:\/\/adl-regalosempresa.com\/tiendaonline\/articulos\/merchandising\/auriculares-tws163-para-personalizar-con-logo\/","title":{"rendered":"Auriculares TWS163  para personalizar con logo"},"content":{"rendered":"<p>Auriculares inal\u00e1mbricos con tecnolog\u00eda ENC que elimina el ruido externo. Los auriculares tienen 6 horas de autonom\u00eda e incorporan una funci\u00f3n de encendido autom\u00e1tico, que los activa en cuanto se sacan de la funda. Adem\u00e1s, la base de carga es compatible con cargadores inal\u00e1mbricos. Los auriculares se cargan por completo en 1 hora y admiten una distancia de conexi\u00f3n Bluetooth\u00ae 5.0 de hasta 10 metros.<\/p>\n","protected":false},"excerpt":{"rendered":"<p><strong>Descuentos por cantidades<\/strong><br \/>&#8211; a partir de 2 unidades: 32,98 \u20ac\/ud<br \/>&#8211; a partir de 5 unidades: 32,45 \u20ac\/ud<br \/>&#8211; a partir de 10 unidades: 31,48 \u20ac\/ud<\/p>\n<p>Para cantidades superiores a las aqu\u00ed indicadas, no dudes en ponerte en contacto con nuestro departamento comercial o <a href='https:\/\/adl-regalosempresa.com\/tiendaonline\/solicitud-presupuesto\/'>pedirnos presupuesto personalizado<\/a>, ajustaremos el presupuesto a tus necesidades.<\/p>\n","protected":false},"featured_media":138570,"template":"","meta":{"_kad_post_transparent":"","_kad_post_title":"","_kad_post_layout":"","_kad_post_sidebar_id":"","_kad_post_content_style":"","_kad_post_vertical_padding":"","_kad_post_feature":"","_kad_post_feature_position":"","_kad_post_header":false,"_kad_post_footer":false,"_kad_post_classname":""},"product_brand":[],"product_cat":[4591,486],"product_tag":[],"class_list":{"0":"post-138568","1":"product","2":"type-product","3":"status-publish","4":"has-post-thumbnail","6":"product_cat-auriculares","7":"product_cat-tecnologia","8":"pa_alto-48-cm","9":"pa_ancho-32-cm","10":"pa_color-madera","11":"pa_color-simple-marron","12":"pa_largo-52-cm","13":"pa_marca-prixton","14":"pa_material-madera-de-haya-paja-de-trigo","15":"pa_peso-39-gr","17":"first","18":"instock","19":"taxable","20":"shipping-taxable","21":"purchasable","22":"product-type-variable","23":"entry","24":"content-bg","25":"loop-entry"},"yoast_head":"<!-- This site is optimized with the Yoast SEO plugin v26.3 - https:\/\/yoast.com\/wordpress\/plugins\/seo\/ -->\n<title>Merchandising Auriculares TWS163 para personalizar con logo - ADL<\/title>\n<meta name=\"description\" content=\"Art\u00edculo de merchandising Auriculares TWS163 &quot;Prixton&quot;. Auriculares inal\u00e1mbricos con tecnolog\u00eda ENC que elimina el ruido externo. Los auriculares tienen 6 horas de autonom\u00eda e incorporan una funci\u00f3n de encendido autom\u00e1tico, que los activa en cuanto se sacan de la funda. Adem\u00e1s, la base de carga es compatible con cargadores inal\u00e1mbricos. Los auriculares se cargan por completo en 1 hora y admiten una distancia de conexi\u00f3n Bluetooth\u00ae 5.0 de hasta 10 metros.\" \/>\n<meta name=\"robots\" content=\"index, follow, max-snippet:-1, max-image-preview:large, max-video-preview:-1\" \/>\n<link rel=\"canonical\" href=\"https:\/\/adl-regalosempresa.com\/tiendaonline\/articulos\/merchandising\/auriculares-tws163-para-personalizar-con-logo\/\" \/>\n<meta property=\"og:locale\" content=\"es_ES\" \/>\n<meta property=\"og:type\" content=\"article\" \/>\n<meta property=\"og:title\" content=\"Merchandising Auriculares TWS163 para personalizar con logo - ADL\" \/>\n<meta property=\"og:description\" content=\"Art\u00edculo de merchandising Auriculares TWS163 &quot;Prixton&quot;. Auriculares inal\u00e1mbricos con tecnolog\u00eda ENC que elimina el ruido externo. Los auriculares tienen 6 horas de autonom\u00eda e incorporan una funci\u00f3n de encendido autom\u00e1tico, que los activa en cuanto se sacan de la funda. Adem\u00e1s, la base de carga es compatible con cargadores inal\u00e1mbricos. Los auriculares se cargan por completo en 1 hora y admiten una distancia de conexi\u00f3n Bluetooth\u00ae 5.0 de hasta 10 metros.\" \/>\n<meta property=\"og:url\" content=\"https:\/\/adl-regalosempresa.com\/tiendaonline\/articulos\/merchandising\/auriculares-tws163-para-personalizar-con-logo\/\" \/>\n<meta property=\"og:site_name\" content=\"ADL Comunicaci\u00f3n\" \/>\n<meta property=\"article:modified_time\" content=\"2026-04-28T08:26:31+00:00\" \/>\n<meta property=\"og:image\" content=\"https:\/\/adl-regalosempresa.com\/tiendaonline\/wp-content\/uploads\/2024\/10\/1PA18571.jpg\" \/>\n\t<meta property=\"og:image:width\" content=\"1600\" \/>\n\t<meta property=\"og:image:height\" content=\"1600\" \/>\n\t<meta property=\"og:image:type\" content=\"image\/jpeg\" \/>\n<meta name=\"twitter:card\" content=\"summary_large_image\" \/>\n<meta name=\"twitter:title\" content=\"Merchandising Auriculares TWS163 para personalizar con logo - ADL\" \/>\n<script type=\"application\/ld+json\" class=\"yoast-schema-graph\">{\"@context\":\"https:\/\/schema.org\",\"@graph\":[{\"@type\":\"WebPage\",\"@id\":\"https:\/\/adl-regalosempresa.com\/tiendaonline\/articulos\/merchandising\/auriculares-tws163-para-personalizar-con-logo\/\",\"url\":\"https:\/\/adl-regalosempresa.com\/tiendaonline\/articulos\/merchandising\/auriculares-tws163-para-personalizar-con-logo\/\",\"name\":\"Merchandising Auriculares TWS163 para personalizar con logo - ADL\",\"isPartOf\":{\"@id\":\"https:\/\/adl-regalosempresa.com\/tiendaonline\/#website\"},\"primaryImageOfPage\":{\"@id\":\"https:\/\/adl-regalosempresa.com\/tiendaonline\/articulos\/merchandising\/auriculares-tws163-para-personalizar-con-logo\/#primaryimage\"},\"image\":{\"@id\":\"https:\/\/adl-regalosempresa.com\/tiendaonline\/articulos\/merchandising\/auriculares-tws163-para-personalizar-con-logo\/#primaryimage\"},\"thumbnailUrl\":\"https:\/\/adl-regalosempresa.com\/tiendaonline\/wp-content\/uploads\/2024\/10\/1PA18571.jpg\",\"datePublished\":\"2026-03-31T06:12:39+00:00\",\"dateModified\":\"2026-04-28T08:26:31+00:00\",\"description\":\"Art\u00edculo de merchandising Auriculares TWS163 \\\"Prixton\\\". Auriculares inal\u00e1mbricos con tecnolog\u00eda ENC que elimina el ruido externo. Los auriculares tienen 6 horas de autonom\u00eda e incorporan una funci\u00f3n de encendido autom\u00e1tico, que los activa en cuanto se sacan de la funda. Adem\u00e1s, la base de carga es compatible con cargadores inal\u00e1mbricos. Los auriculares se cargan por completo en 1 hora y admiten una distancia de conexi\u00f3n Bluetooth\u00ae 5.0 de hasta 10 metros.\",\"breadcrumb\":{\"@id\":\"https:\/\/adl-regalosempresa.com\/tiendaonline\/articulos\/merchandising\/auriculares-tws163-para-personalizar-con-logo\/#breadcrumb\"},\"inLanguage\":\"es\",\"potentialAction\":[{\"@type\":\"ReadAction\",\"target\":[\"https:\/\/adl-regalosempresa.com\/tiendaonline\/articulos\/merchandising\/auriculares-tws163-para-personalizar-con-logo\/\"]}]},{\"@type\":\"ImageObject\",\"inLanguage\":\"es\",\"@id\":\"https:\/\/adl-regalosempresa.com\/tiendaonline\/articulos\/merchandising\/auriculares-tws163-para-personalizar-con-logo\/#primaryimage\",\"url\":\"https:\/\/adl-regalosempresa.com\/tiendaonline\/wp-content\/uploads\/2024\/10\/1PA18571.jpg\",\"contentUrl\":\"https:\/\/adl-regalosempresa.com\/tiendaonline\/wp-content\/uploads\/2024\/10\/1PA18571.jpg\",\"width\":1600,\"height\":1600,\"caption\":\"Auriculares TWS163 \\\"Prixton\\\"\"},{\"@type\":\"BreadcrumbList\",\"@id\":\"https:\/\/adl-regalosempresa.com\/tiendaonline\/articulos\/merchandising\/auriculares-tws163-para-personalizar-con-logo\/#breadcrumb\",\"itemListElement\":[{\"@type\":\"ListItem\",\"position\":1,\"name\":\"Portada\",\"item\":\"https:\/\/adl-regalosempresa.com\/tiendaonline\/\"},{\"@type\":\"ListItem\",\"position\":2,\"name\":\"Tienda\",\"item\":\"https:\/\/adl-regalosempresa.com\/tiendaonline\/tienda\/\"},{\"@type\":\"ListItem\",\"position\":3,\"name\":\"Auriculares TWS163 para personalizar con logo\"}]},{\"@type\":\"WebSite\",\"@id\":\"https:\/\/adl-regalosempresa.com\/tiendaonline\/#website\",\"url\":\"https:\/\/adl-regalosempresa.com\/tiendaonline\/\",\"name\":\"ADL Comunicaci\u00f3n\",\"description\":\"Regalos de empresa\",\"publisher\":{\"@id\":\"https:\/\/adl-regalosempresa.com\/tiendaonline\/#organization\"},\"potentialAction\":[{\"@type\":\"SearchAction\",\"target\":{\"@type\":\"EntryPoint\",\"urlTemplate\":\"https:\/\/adl-regalosempresa.com\/tiendaonline\/?s={search_term_string}\"},\"query-input\":{\"@type\":\"PropertyValueSpecification\",\"valueRequired\":true,\"valueName\":\"search_term_string\"}}],\"inLanguage\":\"es\"},{\"@type\":\"Organization\",\"@id\":\"https:\/\/adl-regalosempresa.com\/tiendaonline\/#organization\",\"name\":\"ADL Comunicaci\u00f3n\",\"url\":\"https:\/\/adl-regalosempresa.com\/tiendaonline\/\",\"logo\":{\"@type\":\"ImageObject\",\"inLanguage\":\"es\",\"@id\":\"https:\/\/adl-regalosempresa.com\/tiendaonline\/#\/schema\/logo\/image\/\",\"url\":\"https:\/\/adl-regalosempresa.com\/tiendaonline\/wp-content\/uploads\/2017\/09\/logo-adl-wp.png\",\"contentUrl\":\"https:\/\/adl-regalosempresa.com\/tiendaonline\/wp-content\/uploads\/2017\/09\/logo-adl-wp.png\",\"width\":407,\"height\":185,\"caption\":\"ADL Comunicaci\u00f3n\"},\"image\":{\"@id\":\"https:\/\/adl-regalosempresa.com\/tiendaonline\/#\/schema\/logo\/image\/\"}}]}<\/script>\n<!-- \/ Yoast SEO plugin. -->","yoast_head_json":{"title":"Merchandising Auriculares TWS163 para personalizar con logo - ADL","description":"Art\u00edculo de merchandising Auriculares TWS163 \"Prixton\". Auriculares inal\u00e1mbricos con tecnolog\u00eda ENC que elimina el ruido externo. Los auriculares tienen 6 horas de autonom\u00eda e incorporan una funci\u00f3n de encendido autom\u00e1tico, que los activa en cuanto se sacan de la funda. Adem\u00e1s, la base de carga es compatible con cargadores inal\u00e1mbricos. Los auriculares se cargan por completo en 1 hora y admiten una distancia de conexi\u00f3n Bluetooth\u00ae 5.0 de hasta 10 metros.","robots":{"index":"index","follow":"follow","max-snippet":"max-snippet:-1","max-image-preview":"max-image-preview:large","max-video-preview":"max-video-preview:-1"},"canonical":"https:\/\/adl-regalosempresa.com\/tiendaonline\/articulos\/merchandising\/auriculares-tws163-para-personalizar-con-logo\/","og_locale":"es_ES","og_type":"article","og_title":"Merchandising Auriculares TWS163 para personalizar con logo - ADL","og_description":"Art\u00edculo de merchandising Auriculares TWS163 \"Prixton\". Auriculares inal\u00e1mbricos con tecnolog\u00eda ENC que elimina el ruido externo. Los auriculares tienen 6 horas de autonom\u00eda e incorporan una funci\u00f3n de encendido autom\u00e1tico, que los activa en cuanto se sacan de la funda. Adem\u00e1s, la base de carga es compatible con cargadores inal\u00e1mbricos. Los auriculares se cargan por completo en 1 hora y admiten una distancia de conexi\u00f3n Bluetooth\u00ae 5.0 de hasta 10 metros.","og_url":"https:\/\/adl-regalosempresa.com\/tiendaonline\/articulos\/merchandising\/auriculares-tws163-para-personalizar-con-logo\/","og_site_name":"ADL Comunicaci\u00f3n","article_modified_time":"2026-04-28T08:26:31+00:00","og_image":[{"width":1600,"height":1600,"url":"https:\/\/adl-regalosempresa.com\/tiendaonline\/wp-content\/uploads\/2024\/10\/1PA18571.jpg","type":"image\/jpeg"}],"twitter_card":"summary_large_image","twitter_title":"Merchandising Auriculares TWS163 para personalizar con logo - ADL","schema":{"@context":"https:\/\/schema.org","@graph":[{"@type":"WebPage","@id":"https:\/\/adl-regalosempresa.com\/tiendaonline\/articulos\/merchandising\/auriculares-tws163-para-personalizar-con-logo\/","url":"https:\/\/adl-regalosempresa.com\/tiendaonline\/articulos\/merchandising\/auriculares-tws163-para-personalizar-con-logo\/","name":"Merchandising Auriculares TWS163 para personalizar con logo - ADL","isPartOf":{"@id":"https:\/\/adl-regalosempresa.com\/tiendaonline\/#website"},"primaryImageOfPage":{"@id":"https:\/\/adl-regalosempresa.com\/tiendaonline\/articulos\/merchandising\/auriculares-tws163-para-personalizar-con-logo\/#primaryimage"},"image":{"@id":"https:\/\/adl-regalosempresa.com\/tiendaonline\/articulos\/merchandising\/auriculares-tws163-para-personalizar-con-logo\/#primaryimage"},"thumbnailUrl":"https:\/\/adl-regalosempresa.com\/tiendaonline\/wp-content\/uploads\/2024\/10\/1PA18571.jpg","datePublished":"2026-03-31T06:12:39+00:00","dateModified":"2026-04-28T08:26:31+00:00","description":"Art\u00edculo de merchandising Auriculares TWS163 \"Prixton\". Auriculares inal\u00e1mbricos con tecnolog\u00eda ENC que elimina el ruido externo. Los auriculares tienen 6 horas de autonom\u00eda e incorporan una funci\u00f3n de encendido autom\u00e1tico, que los activa en cuanto se sacan de la funda. Adem\u00e1s, la base de carga es compatible con cargadores inal\u00e1mbricos. Los auriculares se cargan por completo en 1 hora y admiten una distancia de conexi\u00f3n Bluetooth\u00ae 5.0 de hasta 10 metros.","breadcrumb":{"@id":"https:\/\/adl-regalosempresa.com\/tiendaonline\/articulos\/merchandising\/auriculares-tws163-para-personalizar-con-logo\/#breadcrumb"},"inLanguage":"es","potentialAction":[{"@type":"ReadAction","target":["https:\/\/adl-regalosempresa.com\/tiendaonline\/articulos\/merchandising\/auriculares-tws163-para-personalizar-con-logo\/"]}]},{"@type":"ImageObject","inLanguage":"es","@id":"https:\/\/adl-regalosempresa.com\/tiendaonline\/articulos\/merchandising\/auriculares-tws163-para-personalizar-con-logo\/#primaryimage","url":"https:\/\/adl-regalosempresa.com\/tiendaonline\/wp-content\/uploads\/2024\/10\/1PA18571.jpg","contentUrl":"https:\/\/adl-regalosempresa.com\/tiendaonline\/wp-content\/uploads\/2024\/10\/1PA18571.jpg","width":1600,"height":1600,"caption":"Auriculares TWS163 \"Prixton\""},{"@type":"BreadcrumbList","@id":"https:\/\/adl-regalosempresa.com\/tiendaonline\/articulos\/merchandising\/auriculares-tws163-para-personalizar-con-logo\/#breadcrumb","itemListElement":[{"@type":"ListItem","position":1,"name":"Portada","item":"https:\/\/adl-regalosempresa.com\/tiendaonline\/"},{"@type":"ListItem","position":2,"name":"Tienda","item":"https:\/\/adl-regalosempresa.com\/tiendaonline\/tienda\/"},{"@type":"ListItem","position":3,"name":"Auriculares TWS163 para personalizar con logo"}]},{"@type":"WebSite","@id":"https:\/\/adl-regalosempresa.com\/tiendaonline\/#website","url":"https:\/\/adl-regalosempresa.com\/tiendaonline\/","name":"ADL Comunicaci\u00f3n","description":"Regalos de empresa","publisher":{"@id":"https:\/\/adl-regalosempresa.com\/tiendaonline\/#organization"},"potentialAction":[{"@type":"SearchAction","target":{"@type":"EntryPoint","urlTemplate":"https:\/\/adl-regalosempresa.com\/tiendaonline\/?s={search_term_string}"},"query-input":{"@type":"PropertyValueSpecification","valueRequired":true,"valueName":"search_term_string"}}],"inLanguage":"es"},{"@type":"Organization","@id":"https:\/\/adl-regalosempresa.com\/tiendaonline\/#organization","name":"ADL Comunicaci\u00f3n","url":"https:\/\/adl-regalosempresa.com\/tiendaonline\/","logo":{"@type":"ImageObject","inLanguage":"es","@id":"https:\/\/adl-regalosempresa.com\/tiendaonline\/#\/schema\/logo\/image\/","url":"https:\/\/adl-regalosempresa.com\/tiendaonline\/wp-content\/uploads\/2017\/09\/logo-adl-wp.png","contentUrl":"https:\/\/adl-regalosempresa.com\/tiendaonline\/wp-content\/uploads\/2017\/09\/logo-adl-wp.png","width":407,"height":185,"caption":"ADL Comunicaci\u00f3n"},"image":{"@id":"https:\/\/adl-regalosempresa.com\/tiendaonline\/#\/schema\/logo\/image\/"}}]}},"_links":{"self":[{"href":"https:\/\/adl-regalosempresa.com\/tiendaonline\/wp-json\/wp\/v2\/product\/138568","targetHints":{"allow":["GET"]}}],"collection":[{"href":"https:\/\/adl-regalosempresa.com\/tiendaonline\/wp-json\/wp\/v2\/product"}],"about":[{"href":"https:\/\/adl-regalosempresa.com\/tiendaonline\/wp-json\/wp\/v2\/types\/product"}],"wp:featuredmedia":[{"embeddable":true,"href":"https:\/\/adl-regalosempresa.com\/tiendaonline\/wp-json\/wp\/v2\/media\/138570"}],"wp:attachment":[{"href":"https:\/\/adl-regalosempresa.com\/tiendaonline\/wp-json\/wp\/v2\/media?parent=138568"}],"wp:term":[{"taxonomy":"product_brand","embeddable":true,"href":"https:\/\/adl-regalosempresa.com\/tiendaonline\/wp-json\/wp\/v2\/product_brand?post=138568"},{"taxonomy":"product_cat","embeddable":true,"href":"https:\/\/adl-regalosempresa.com\/tiendaonline\/wp-json\/wp\/v2\/product_cat?post=138568"},{"taxonomy":"product_tag","embeddable":true,"href":"https:\/\/adl-regalosempresa.com\/tiendaonline\/wp-json\/wp\/v2\/product_tag?post=138568"}],"curies":[{"name":"wp","href":"https:\/\/api.w.org\/{rel}","templated":true}]}}