{"id":135306,"date":"2026-03-24T06:21:04","date_gmt":"2026-03-24T06:21:04","guid":{"rendered":"https:\/\/adl-regalosempresa.com\/tiendaonline\/articulos\/merchandising\/mochila-modular-de-material-reciclado-grs-para-personalizar-con-logo\/"},"modified":"2026-04-17T08:24:09","modified_gmt":"2026-04-17T08:24:09","slug":"mochila-modular-de-material-reciclado-grs-para-personalizar-con-logo","status":"publish","type":"product","link":"https:\/\/adl-regalosempresa.com\/tiendaonline\/articulos\/merchandising\/mochila-modular-de-material-reciclado-grs-para-personalizar-con-logo\/","title":{"rendered":"Mochila modular de material reciclado GRS  para personalizar con logo"},"content":{"rendered":"<p>La mochila modular \u00abRoam\u00bb es la mejor compa\u00f1era para la exploraci\u00f3n urbana y las aventuras al aire libre. Pasa f\u00e1cilmente de 20\u00a0l a 30\u00a0l y hasta 39\u00a0l a\u00f1adiendo accesorios como la bolsa bandolera \u00abRoam\u00bb y el neceser \u00abRoam\u00bb. Disfruta de la funcionalidad y la organizaci\u00f3n con correas laterales para ampliar la capacidad, panel trasero y correas para los hombros acolchados, bolsillos para botellas de agua, panel organizador desmontable para el port\u00e1til y objetos m\u00e1s peque\u00f1os, y una bolsa impermeable desmontable. Fabricada con poli\u00e9ster reciclado con certificado GRS de alta calidad y dise\u00f1ada para las personas aventureras de hoy en d\u00eda, la mochila modular \u00abRoam\u00bb combina durabilidad, funcionalidad y estilo.<\/p>\n","protected":false},"excerpt":{"rendered":"<p><strong>Descuentos por cantidades<\/strong><br \/>&#8211; a partir de 100 unidades: 49,54 \u20ac\/ud<br \/>&#8211; a partir de 250 unidades: 49,54 \u20ac\/ud<br \/>&#8211; a partir de 1000 unidades: 48,62 \u20ac\/ud<\/p>\n<p>Para cantidades superiores a las aqu\u00ed indicadas, no dudes en ponerte en contacto con nuestro departamento comercial o <a href='https:\/\/adl-regalosempresa.com\/tiendaonline\/solicitud-presupuesto\/'>pedirnos presupuesto personalizado<\/a>, ajustaremos el presupuesto a tus necesidades.<\/p>\n","protected":false},"featured_media":135308,"template":"","meta":{"_kad_post_transparent":"","_kad_post_title":"","_kad_post_layout":"","_kad_post_sidebar_id":"","_kad_post_content_style":"","_kad_post_vertical_padding":"","_kad_post_feature":"","_kad_post_feature_position":"","_kad_post_header":false,"_kad_post_footer":false,"_kad_post_classname":""},"product_brand":[],"product_cat":[3526,4808],"product_tag":[],"class_list":{"0":"post-135306","1":"product","2":"type-product","3":"status-publish","4":"has-post-thumbnail","6":"product_cat-bolsas","7":"product_cat-mochilas","8":"pa_alto-55-cm","9":"pa_ancho-185-cm","10":"pa_color-negro-intenso","11":"pa_color-verde","12":"pa_color-simple-negro-intenso","13":"pa_color-simple-verde","14":"pa_largo-30-cm","15":"pa_marca-unbranded","16":"pa_material-900d-poliester-reciclado-con-certificado-grs","17":"pa_peso-950-gr","19":"first","20":"instock","21":"taxable","22":"shipping-taxable","23":"purchasable","24":"product-type-variable","25":"entry","26":"content-bg","27":"loop-entry"},"yoast_head":"<!-- This site is optimized with the Yoast SEO plugin v26.3 - https:\/\/yoast.com\/wordpress\/plugins\/seo\/ -->\n<title>Merchandising Mochila modular de material reciclado GRS para personalizar con logo - ADL<\/title>\n<meta name=\"description\" content=\"Art\u00edculo de merchandising Mochila modular de material reciclado GRS &quot;Roam&quot;. La mochila modular &quot;Roam&quot; es la mejor compa\u00f1era para la exploraci\u00f3n urbana y las aventuras al aire libre. Pasa f\u00e1cilmente de 20\u00a0l a 30\u00a0l y hasta 39\u00a0l a\u00f1adiendo accesorios como la bolsa bandolera &quot;Roam&quot; y el neceser &quot;Roam&quot;. Disfruta de la funcionalidad y la organizaci\u00f3n con correas laterales para ampliar la capacidad, panel trasero y correas para los hombros acolchados, bolsillos para botellas de agua, panel organizador desmontable para el port\u00e1til y objetos m\u00e1s peque\u00f1os, y una bolsa impermeable desmontable. Fabricada con poli\u00e9ster reciclado con certificado GRS de alta calidad y dise\u00f1ada para las personas aventureras de hoy en d\u00eda, la mochila modular &quot;Roam&quot; combina durabilidad, funcionalidad y estilo.\" \/>\n<meta name=\"robots\" content=\"index, follow, max-snippet:-1, max-image-preview:large, max-video-preview:-1\" \/>\n<link rel=\"canonical\" href=\"https:\/\/adl-regalosempresa.com\/tiendaonline\/articulos\/merchandising\/mochila-modular-de-material-reciclado-grs-para-personalizar-con-logo\/\" \/>\n<meta property=\"og:locale\" content=\"es_ES\" \/>\n<meta property=\"og:type\" content=\"article\" \/>\n<meta property=\"og:title\" content=\"Merchandising Mochila modular de material reciclado GRS para personalizar con logo - ADL\" \/>\n<meta property=\"og:description\" content=\"Art\u00edculo de merchandising Mochila modular de material reciclado GRS &quot;Roam&quot;. La mochila modular &quot;Roam&quot; es la mejor compa\u00f1era para la exploraci\u00f3n urbana y las aventuras al aire libre. Pasa f\u00e1cilmente de 20\u00a0l a 30\u00a0l y hasta 39\u00a0l a\u00f1adiendo accesorios como la bolsa bandolera &quot;Roam&quot; y el neceser &quot;Roam&quot;. Disfruta de la funcionalidad y la organizaci\u00f3n con correas laterales para ampliar la capacidad, panel trasero y correas para los hombros acolchados, bolsillos para botellas de agua, panel organizador desmontable para el port\u00e1til y objetos m\u00e1s peque\u00f1os, y una bolsa impermeable desmontable. Fabricada con poli\u00e9ster reciclado con certificado GRS de alta calidad y dise\u00f1ada para las personas aventureras de hoy en d\u00eda, la mochila modular &quot;Roam&quot; combina durabilidad, funcionalidad y estilo.\" \/>\n<meta property=\"og:url\" content=\"https:\/\/adl-regalosempresa.com\/tiendaonline\/articulos\/merchandising\/mochila-modular-de-material-reciclado-grs-para-personalizar-con-logo\/\" \/>\n<meta property=\"og:site_name\" content=\"ADL Comunicaci\u00f3n\" \/>\n<meta property=\"article:modified_time\" content=\"2026-04-17T08:24:09+00:00\" \/>\n<meta property=\"og:image\" content=\"https:\/\/adl-regalosempresa.com\/tiendaonline\/wp-content\/uploads\/2024\/08\/12071461.jpg\" \/>\n\t<meta property=\"og:image:width\" content=\"1600\" \/>\n\t<meta property=\"og:image:height\" content=\"1600\" \/>\n\t<meta property=\"og:image:type\" content=\"image\/jpeg\" \/>\n<meta name=\"twitter:card\" content=\"summary_large_image\" \/>\n<meta name=\"twitter:title\" content=\"Merchandising Mochila modular de material reciclado GRS para personalizar con logo - ADL\" \/>\n<meta name=\"twitter:label1\" content=\"Tiempo de lectura\" \/>\n\t<meta name=\"twitter:data1\" content=\"1 minuto\" \/>\n<script type=\"application\/ld+json\" class=\"yoast-schema-graph\">{\"@context\":\"https:\/\/schema.org\",\"@graph\":[{\"@type\":\"WebPage\",\"@id\":\"https:\/\/adl-regalosempresa.com\/tiendaonline\/articulos\/merchandising\/mochila-modular-de-material-reciclado-grs-para-personalizar-con-logo\/\",\"url\":\"https:\/\/adl-regalosempresa.com\/tiendaonline\/articulos\/merchandising\/mochila-modular-de-material-reciclado-grs-para-personalizar-con-logo\/\",\"name\":\"Merchandising Mochila modular de material reciclado GRS para personalizar con logo - ADL\",\"isPartOf\":{\"@id\":\"https:\/\/adl-regalosempresa.com\/tiendaonline\/#website\"},\"primaryImageOfPage\":{\"@id\":\"https:\/\/adl-regalosempresa.com\/tiendaonline\/articulos\/merchandising\/mochila-modular-de-material-reciclado-grs-para-personalizar-con-logo\/#primaryimage\"},\"image\":{\"@id\":\"https:\/\/adl-regalosempresa.com\/tiendaonline\/articulos\/merchandising\/mochila-modular-de-material-reciclado-grs-para-personalizar-con-logo\/#primaryimage\"},\"thumbnailUrl\":\"https:\/\/adl-regalosempresa.com\/tiendaonline\/wp-content\/uploads\/2024\/08\/12071461.jpg\",\"datePublished\":\"2026-03-24T06:21:04+00:00\",\"dateModified\":\"2026-04-17T08:24:09+00:00\",\"description\":\"Art\u00edculo de merchandising Mochila modular de material reciclado GRS \\\"Roam\\\". La mochila modular \\\"Roam\\\" es la mejor compa\u00f1era para la exploraci\u00f3n urbana y las aventuras al aire libre. Pasa f\u00e1cilmente de 20\u00a0l a 30\u00a0l y hasta 39\u00a0l a\u00f1adiendo accesorios como la bolsa bandolera \\\"Roam\\\" y el neceser \\\"Roam\\\". Disfruta de la funcionalidad y la organizaci\u00f3n con correas laterales para ampliar la capacidad, panel trasero y correas para los hombros acolchados, bolsillos para botellas de agua, panel organizador desmontable para el port\u00e1til y objetos m\u00e1s peque\u00f1os, y una bolsa impermeable desmontable. Fabricada con poli\u00e9ster reciclado con certificado GRS de alta calidad y dise\u00f1ada para las personas aventureras de hoy en d\u00eda, la mochila modular \\\"Roam\\\" combina durabilidad, funcionalidad y estilo.\",\"breadcrumb\":{\"@id\":\"https:\/\/adl-regalosempresa.com\/tiendaonline\/articulos\/merchandising\/mochila-modular-de-material-reciclado-grs-para-personalizar-con-logo\/#breadcrumb\"},\"inLanguage\":\"es\",\"potentialAction\":[{\"@type\":\"ReadAction\",\"target\":[\"https:\/\/adl-regalosempresa.com\/tiendaonline\/articulos\/merchandising\/mochila-modular-de-material-reciclado-grs-para-personalizar-con-logo\/\"]}]},{\"@type\":\"ImageObject\",\"inLanguage\":\"es\",\"@id\":\"https:\/\/adl-regalosempresa.com\/tiendaonline\/articulos\/merchandising\/mochila-modular-de-material-reciclado-grs-para-personalizar-con-logo\/#primaryimage\",\"url\":\"https:\/\/adl-regalosempresa.com\/tiendaonline\/wp-content\/uploads\/2024\/08\/12071461.jpg\",\"contentUrl\":\"https:\/\/adl-regalosempresa.com\/tiendaonline\/wp-content\/uploads\/2024\/08\/12071461.jpg\",\"width\":1600,\"height\":1600,\"caption\":\"Mochila modular de material reciclado GRS \\\"Roam\\\"\"},{\"@type\":\"BreadcrumbList\",\"@id\":\"https:\/\/adl-regalosempresa.com\/tiendaonline\/articulos\/merchandising\/mochila-modular-de-material-reciclado-grs-para-personalizar-con-logo\/#breadcrumb\",\"itemListElement\":[{\"@type\":\"ListItem\",\"position\":1,\"name\":\"Portada\",\"item\":\"https:\/\/adl-regalosempresa.com\/tiendaonline\/\"},{\"@type\":\"ListItem\",\"position\":2,\"name\":\"Tienda\",\"item\":\"https:\/\/adl-regalosempresa.com\/tiendaonline\/tienda\/\"},{\"@type\":\"ListItem\",\"position\":3,\"name\":\"Mochila modular de material reciclado GRS para personalizar con logo\"}]},{\"@type\":\"WebSite\",\"@id\":\"https:\/\/adl-regalosempresa.com\/tiendaonline\/#website\",\"url\":\"https:\/\/adl-regalosempresa.com\/tiendaonline\/\",\"name\":\"ADL Comunicaci\u00f3n\",\"description\":\"Regalos de empresa\",\"publisher\":{\"@id\":\"https:\/\/adl-regalosempresa.com\/tiendaonline\/#organization\"},\"potentialAction\":[{\"@type\":\"SearchAction\",\"target\":{\"@type\":\"EntryPoint\",\"urlTemplate\":\"https:\/\/adl-regalosempresa.com\/tiendaonline\/?s={search_term_string}\"},\"query-input\":{\"@type\":\"PropertyValueSpecification\",\"valueRequired\":true,\"valueName\":\"search_term_string\"}}],\"inLanguage\":\"es\"},{\"@type\":\"Organization\",\"@id\":\"https:\/\/adl-regalosempresa.com\/tiendaonline\/#organization\",\"name\":\"ADL Comunicaci\u00f3n\",\"url\":\"https:\/\/adl-regalosempresa.com\/tiendaonline\/\",\"logo\":{\"@type\":\"ImageObject\",\"inLanguage\":\"es\",\"@id\":\"https:\/\/adl-regalosempresa.com\/tiendaonline\/#\/schema\/logo\/image\/\",\"url\":\"https:\/\/adl-regalosempresa.com\/tiendaonline\/wp-content\/uploads\/2017\/09\/logo-adl-wp.png\",\"contentUrl\":\"https:\/\/adl-regalosempresa.com\/tiendaonline\/wp-content\/uploads\/2017\/09\/logo-adl-wp.png\",\"width\":407,\"height\":185,\"caption\":\"ADL Comunicaci\u00f3n\"},\"image\":{\"@id\":\"https:\/\/adl-regalosempresa.com\/tiendaonline\/#\/schema\/logo\/image\/\"}}]}<\/script>\n<!-- \/ Yoast SEO plugin. -->","yoast_head_json":{"title":"Merchandising Mochila modular de material reciclado GRS para personalizar con logo - ADL","description":"Art\u00edculo de merchandising Mochila modular de material reciclado GRS \"Roam\". La mochila modular \"Roam\" es la mejor compa\u00f1era para la exploraci\u00f3n urbana y las aventuras al aire libre. Pasa f\u00e1cilmente de 20\u00a0l a 30\u00a0l y hasta 39\u00a0l a\u00f1adiendo accesorios como la bolsa bandolera \"Roam\" y el neceser \"Roam\". Disfruta de la funcionalidad y la organizaci\u00f3n con correas laterales para ampliar la capacidad, panel trasero y correas para los hombros acolchados, bolsillos para botellas de agua, panel organizador desmontable para el port\u00e1til y objetos m\u00e1s peque\u00f1os, y una bolsa impermeable desmontable. Fabricada con poli\u00e9ster reciclado con certificado GRS de alta calidad y dise\u00f1ada para las personas aventureras de hoy en d\u00eda, la mochila modular \"Roam\" combina durabilidad, funcionalidad y estilo.","robots":{"index":"index","follow":"follow","max-snippet":"max-snippet:-1","max-image-preview":"max-image-preview:large","max-video-preview":"max-video-preview:-1"},"canonical":"https:\/\/adl-regalosempresa.com\/tiendaonline\/articulos\/merchandising\/mochila-modular-de-material-reciclado-grs-para-personalizar-con-logo\/","og_locale":"es_ES","og_type":"article","og_title":"Merchandising Mochila modular de material reciclado GRS para personalizar con logo - ADL","og_description":"Art\u00edculo de merchandising Mochila modular de material reciclado GRS \"Roam\". La mochila modular \"Roam\" es la mejor compa\u00f1era para la exploraci\u00f3n urbana y las aventuras al aire libre. Pasa f\u00e1cilmente de 20\u00a0l a 30\u00a0l y hasta 39\u00a0l a\u00f1adiendo accesorios como la bolsa bandolera \"Roam\" y el neceser \"Roam\". Disfruta de la funcionalidad y la organizaci\u00f3n con correas laterales para ampliar la capacidad, panel trasero y correas para los hombros acolchados, bolsillos para botellas de agua, panel organizador desmontable para el port\u00e1til y objetos m\u00e1s peque\u00f1os, y una bolsa impermeable desmontable. Fabricada con poli\u00e9ster reciclado con certificado GRS de alta calidad y dise\u00f1ada para las personas aventureras de hoy en d\u00eda, la mochila modular \"Roam\" combina durabilidad, funcionalidad y estilo.","og_url":"https:\/\/adl-regalosempresa.com\/tiendaonline\/articulos\/merchandising\/mochila-modular-de-material-reciclado-grs-para-personalizar-con-logo\/","og_site_name":"ADL Comunicaci\u00f3n","article_modified_time":"2026-04-17T08:24:09+00:00","og_image":[{"width":1600,"height":1600,"url":"https:\/\/adl-regalosempresa.com\/tiendaonline\/wp-content\/uploads\/2024\/08\/12071461.jpg","type":"image\/jpeg"}],"twitter_card":"summary_large_image","twitter_title":"Merchandising Mochila modular de material reciclado GRS para personalizar con logo - ADL","twitter_misc":{"Tiempo de lectura":"1 minuto"},"schema":{"@context":"https:\/\/schema.org","@graph":[{"@type":"WebPage","@id":"https:\/\/adl-regalosempresa.com\/tiendaonline\/articulos\/merchandising\/mochila-modular-de-material-reciclado-grs-para-personalizar-con-logo\/","url":"https:\/\/adl-regalosempresa.com\/tiendaonline\/articulos\/merchandising\/mochila-modular-de-material-reciclado-grs-para-personalizar-con-logo\/","name":"Merchandising Mochila modular de material reciclado GRS para personalizar con logo - ADL","isPartOf":{"@id":"https:\/\/adl-regalosempresa.com\/tiendaonline\/#website"},"primaryImageOfPage":{"@id":"https:\/\/adl-regalosempresa.com\/tiendaonline\/articulos\/merchandising\/mochila-modular-de-material-reciclado-grs-para-personalizar-con-logo\/#primaryimage"},"image":{"@id":"https:\/\/adl-regalosempresa.com\/tiendaonline\/articulos\/merchandising\/mochila-modular-de-material-reciclado-grs-para-personalizar-con-logo\/#primaryimage"},"thumbnailUrl":"https:\/\/adl-regalosempresa.com\/tiendaonline\/wp-content\/uploads\/2024\/08\/12071461.jpg","datePublished":"2026-03-24T06:21:04+00:00","dateModified":"2026-04-17T08:24:09+00:00","description":"Art\u00edculo de merchandising Mochila modular de material reciclado GRS \"Roam\". La mochila modular \"Roam\" es la mejor compa\u00f1era para la exploraci\u00f3n urbana y las aventuras al aire libre. Pasa f\u00e1cilmente de 20\u00a0l a 30\u00a0l y hasta 39\u00a0l a\u00f1adiendo accesorios como la bolsa bandolera \"Roam\" y el neceser \"Roam\". Disfruta de la funcionalidad y la organizaci\u00f3n con correas laterales para ampliar la capacidad, panel trasero y correas para los hombros acolchados, bolsillos para botellas de agua, panel organizador desmontable para el port\u00e1til y objetos m\u00e1s peque\u00f1os, y una bolsa impermeable desmontable. Fabricada con poli\u00e9ster reciclado con certificado GRS de alta calidad y dise\u00f1ada para las personas aventureras de hoy en d\u00eda, la mochila modular \"Roam\" combina durabilidad, funcionalidad y estilo.","breadcrumb":{"@id":"https:\/\/adl-regalosempresa.com\/tiendaonline\/articulos\/merchandising\/mochila-modular-de-material-reciclado-grs-para-personalizar-con-logo\/#breadcrumb"},"inLanguage":"es","potentialAction":[{"@type":"ReadAction","target":["https:\/\/adl-regalosempresa.com\/tiendaonline\/articulos\/merchandising\/mochila-modular-de-material-reciclado-grs-para-personalizar-con-logo\/"]}]},{"@type":"ImageObject","inLanguage":"es","@id":"https:\/\/adl-regalosempresa.com\/tiendaonline\/articulos\/merchandising\/mochila-modular-de-material-reciclado-grs-para-personalizar-con-logo\/#primaryimage","url":"https:\/\/adl-regalosempresa.com\/tiendaonline\/wp-content\/uploads\/2024\/08\/12071461.jpg","contentUrl":"https:\/\/adl-regalosempresa.com\/tiendaonline\/wp-content\/uploads\/2024\/08\/12071461.jpg","width":1600,"height":1600,"caption":"Mochila modular de material reciclado GRS \"Roam\""},{"@type":"BreadcrumbList","@id":"https:\/\/adl-regalosempresa.com\/tiendaonline\/articulos\/merchandising\/mochila-modular-de-material-reciclado-grs-para-personalizar-con-logo\/#breadcrumb","itemListElement":[{"@type":"ListItem","position":1,"name":"Portada","item":"https:\/\/adl-regalosempresa.com\/tiendaonline\/"},{"@type":"ListItem","position":2,"name":"Tienda","item":"https:\/\/adl-regalosempresa.com\/tiendaonline\/tienda\/"},{"@type":"ListItem","position":3,"name":"Mochila modular de material reciclado GRS para personalizar con logo"}]},{"@type":"WebSite","@id":"https:\/\/adl-regalosempresa.com\/tiendaonline\/#website","url":"https:\/\/adl-regalosempresa.com\/tiendaonline\/","name":"ADL Comunicaci\u00f3n","description":"Regalos de empresa","publisher":{"@id":"https:\/\/adl-regalosempresa.com\/tiendaonline\/#organization"},"potentialAction":[{"@type":"SearchAction","target":{"@type":"EntryPoint","urlTemplate":"https:\/\/adl-regalosempresa.com\/tiendaonline\/?s={search_term_string}"},"query-input":{"@type":"PropertyValueSpecification","valueRequired":true,"valueName":"search_term_string"}}],"inLanguage":"es"},{"@type":"Organization","@id":"https:\/\/adl-regalosempresa.com\/tiendaonline\/#organization","name":"ADL Comunicaci\u00f3n","url":"https:\/\/adl-regalosempresa.com\/tiendaonline\/","logo":{"@type":"ImageObject","inLanguage":"es","@id":"https:\/\/adl-regalosempresa.com\/tiendaonline\/#\/schema\/logo\/image\/","url":"https:\/\/adl-regalosempresa.com\/tiendaonline\/wp-content\/uploads\/2017\/09\/logo-adl-wp.png","contentUrl":"https:\/\/adl-regalosempresa.com\/tiendaonline\/wp-content\/uploads\/2017\/09\/logo-adl-wp.png","width":407,"height":185,"caption":"ADL Comunicaci\u00f3n"},"image":{"@id":"https:\/\/adl-regalosempresa.com\/tiendaonline\/#\/schema\/logo\/image\/"}}]}},"_links":{"self":[{"href":"https:\/\/adl-regalosempresa.com\/tiendaonline\/wp-json\/wp\/v2\/product\/135306","targetHints":{"allow":["GET"]}}],"collection":[{"href":"https:\/\/adl-regalosempresa.com\/tiendaonline\/wp-json\/wp\/v2\/product"}],"about":[{"href":"https:\/\/adl-regalosempresa.com\/tiendaonline\/wp-json\/wp\/v2\/types\/product"}],"wp:featuredmedia":[{"embeddable":true,"href":"https:\/\/adl-regalosempresa.com\/tiendaonline\/wp-json\/wp\/v2\/media\/135308"}],"wp:attachment":[{"href":"https:\/\/adl-regalosempresa.com\/tiendaonline\/wp-json\/wp\/v2\/media?parent=135306"}],"wp:term":[{"taxonomy":"product_brand","embeddable":true,"href":"https:\/\/adl-regalosempresa.com\/tiendaonline\/wp-json\/wp\/v2\/product_brand?post=135306"},{"taxonomy":"product_cat","embeddable":true,"href":"https:\/\/adl-regalosempresa.com\/tiendaonline\/wp-json\/wp\/v2\/product_cat?post=135306"},{"taxonomy":"product_tag","embeddable":true,"href":"https:\/\/adl-regalosempresa.com\/tiendaonline\/wp-json\/wp\/v2\/product_tag?post=135306"}],"curies":[{"name":"wp","href":"https:\/\/api.w.org\/{rel}","templated":true}]}}