{"id":130160,"date":"2026-03-31T05:00:09","date_gmt":"2026-03-31T05:00:09","guid":{"rendered":"https:\/\/adl-regalosempresa.com\/tiendaonline\/articulos\/merchandising\/polo-deportivo-de-manga-corta-para-mujer-para-personalizar-con-logo\/"},"modified":"2026-04-19T09:34:07","modified_gmt":"2026-04-19T09:34:07","slug":"polo-deportivo-de-manga-corta-para-mujer-para-personalizar-con-logo","status":"publish","type":"product","link":"https:\/\/adl-regalosempresa.com\/tiendaonline\/articulos\/merchandising\/polo-deportivo-de-manga-corta-para-mujer-para-personalizar-con-logo\/","title":{"rendered":"Polo deportivo de manga corta para mujer  para personalizar con logo"},"content":{"rendered":"<p>Polo t\u00e9cnico de manga corta para mujer. Cuello tejido con tapeta de tres botones. Corte entallado. Tejido transpirable, de f\u00e1cil lavado y secado. Etiqueta extra\u00edble. Tejido t\u00e9cnico y transpirable. La modelo mide 173 cms y lleva la talla S.<\/p>\n","protected":false},"excerpt":{"rendered":"<p><strong>Descuentos por cantidades<\/strong><br \/>&#8211; a partir de 100 unidades: 5,07 \u20ac\/ud<br \/>&#8211; a partir de 250 unidades: 5,07 \u20ac\/ud<br \/>&#8211; a partir de 1000 unidades: 5,02 \u20ac\/ud<\/p>\n<p>Para cantidades superiores a las aqu\u00ed indicadas, no dudes en ponerte en contacto con nuestro departamento comercial o <a href='https:\/\/adl-regalosempresa.com\/tiendaonline\/solicitud-presupuesto\/'>pedirnos presupuesto personalizado<\/a>, ajustaremos el presupuesto a tus necesidades.<\/p>\n","protected":false},"featured_media":130162,"template":"","meta":{"_kad_post_transparent":"","_kad_post_title":"","_kad_post_layout":"","_kad_post_sidebar_id":"","_kad_post_content_style":"","_kad_post_vertical_padding":"","_kad_post_feature":"","_kad_post_feature_position":"","_kad_post_header":false,"_kad_post_footer":false,"_kad_post_classname":""},"product_brand":[],"product_cat":[5414,3649],"product_tag":[],"class_list":{"0":"post-130160","1":"product","2":"type-product","3":"status-publish","4":"has-post-thumbnail","6":"product_cat-polos","7":"product_cat-ropa","8":"pa_color-amarillo-fluor","9":"pa_color-azul-celeste","10":"pa_color-azul-marino","11":"pa_color-azul-real","12":"pa_color-azul-turquesa","13":"pa_color-blanco","14":"pa_color-fluor-yellow","15":"pa_color-lima","16":"pa_color-lime-green-lime","17":"pa_color-naranja-fluor","18":"pa_color-navy-blue","19":"pa_color-negro-intenso","20":"pa_color-plomo","21":"pa_color-rojo","22":"pa_color-verde-helecho","23":"pa_color-simple-amarillo","24":"pa_color-simple-azul","25":"pa_color-simple-blanco","26":"pa_color-simple-gris","27":"pa_color-simple-naranja","28":"pa_color-simple-negro-intenso","29":"pa_color-simple-rojo","30":"pa_color-simple-verde","31":"pa_genero-mujer","32":"pa_marca-roly","33":"pa_material-punto-pique-100-poliester-150-g-m2","34":"pa_peso-102-gr","35":"pa_talla-2xl","36":"pa_talla-s","37":"pa_talla-m","38":"pa_talla-l","39":"pa_talla-xl","41":"first","42":"instock","43":"taxable","44":"shipping-taxable","45":"purchasable","46":"product-type-variable","47":"entry","48":"content-bg","49":"loop-entry"},"yoast_head":"<!-- This site is optimized with the Yoast SEO plugin v26.3 - https:\/\/yoast.com\/wordpress\/plugins\/seo\/ -->\n<title>Merchandising Polo deportivo de manga corta para mujer para personalizar con logo - ADL<\/title>\n<meta name=\"description\" content=\"Art\u00edculo de merchandising Polo deportivo de manga corta para mujer &quot;Monzha&quot;. Polo t\u00e9cnico de manga corta para mujer. Cuello tejido con tapeta de tres botones. Corte entallado. Tejido transpirable, de f\u00e1cil lavado y secado. Etiqueta extra\u00edble. Tejido t\u00e9cnico y transpirable. La modelo mide 173 cms y lleva la talla S.\" \/>\n<meta name=\"robots\" content=\"index, follow, max-snippet:-1, max-image-preview:large, max-video-preview:-1\" \/>\n<link rel=\"canonical\" href=\"https:\/\/adl-regalosempresa.com\/tiendaonline\/articulos\/merchandising\/polo-deportivo-de-manga-corta-para-mujer-para-personalizar-con-logo\/\" \/>\n<meta property=\"og:locale\" content=\"es_ES\" \/>\n<meta property=\"og:type\" content=\"article\" \/>\n<meta property=\"og:title\" content=\"Merchandising Polo deportivo de manga corta para mujer para personalizar con logo - ADL\" \/>\n<meta property=\"og:description\" content=\"Art\u00edculo de merchandising Polo deportivo de manga corta para mujer &quot;Monzha&quot;. Polo t\u00e9cnico de manga corta para mujer. Cuello tejido con tapeta de tres botones. Corte entallado. Tejido transpirable, de f\u00e1cil lavado y secado. Etiqueta extra\u00edble. Tejido t\u00e9cnico y transpirable. La modelo mide 173 cms y lleva la talla S.\" \/>\n<meta property=\"og:url\" content=\"https:\/\/adl-regalosempresa.com\/tiendaonline\/articulos\/merchandising\/polo-deportivo-de-manga-corta-para-mujer-para-personalizar-con-logo\/\" \/>\n<meta property=\"og:site_name\" content=\"ADL Comunicaci\u00f3n\" \/>\n<meta property=\"article:modified_time\" content=\"2026-04-19T09:34:07+00:00\" \/>\n<meta property=\"og:image\" content=\"https:\/\/adl-regalosempresa.com\/tiendaonline\/wp-content\/uploads\/2024\/01\/R04101C.jpg\" \/>\n\t<meta property=\"og:image:width\" content=\"1600\" \/>\n\t<meta property=\"og:image:height\" content=\"1600\" \/>\n\t<meta property=\"og:image:type\" content=\"image\/jpeg\" \/>\n<meta name=\"twitter:card\" content=\"summary_large_image\" \/>\n<meta name=\"twitter:title\" content=\"Merchandising Polo deportivo de manga corta para mujer para personalizar con logo - ADL\" \/>\n<script type=\"application\/ld+json\" class=\"yoast-schema-graph\">{\"@context\":\"https:\/\/schema.org\",\"@graph\":[{\"@type\":\"WebPage\",\"@id\":\"https:\/\/adl-regalosempresa.com\/tiendaonline\/articulos\/merchandising\/polo-deportivo-de-manga-corta-para-mujer-para-personalizar-con-logo\/\",\"url\":\"https:\/\/adl-regalosempresa.com\/tiendaonline\/articulos\/merchandising\/polo-deportivo-de-manga-corta-para-mujer-para-personalizar-con-logo\/\",\"name\":\"Merchandising Polo deportivo de manga corta para mujer para personalizar con logo - ADL\",\"isPartOf\":{\"@id\":\"https:\/\/adl-regalosempresa.com\/tiendaonline\/#website\"},\"primaryImageOfPage\":{\"@id\":\"https:\/\/adl-regalosempresa.com\/tiendaonline\/articulos\/merchandising\/polo-deportivo-de-manga-corta-para-mujer-para-personalizar-con-logo\/#primaryimage\"},\"image\":{\"@id\":\"https:\/\/adl-regalosempresa.com\/tiendaonline\/articulos\/merchandising\/polo-deportivo-de-manga-corta-para-mujer-para-personalizar-con-logo\/#primaryimage\"},\"thumbnailUrl\":\"https:\/\/adl-regalosempresa.com\/tiendaonline\/wp-content\/uploads\/2024\/01\/R04101C.jpg\",\"datePublished\":\"2026-03-31T05:00:09+00:00\",\"dateModified\":\"2026-04-19T09:34:07+00:00\",\"description\":\"Art\u00edculo de merchandising Polo deportivo de manga corta para mujer \\\"Monzha\\\". Polo t\u00e9cnico de manga corta para mujer. Cuello tejido con tapeta de tres botones. Corte entallado. Tejido transpirable, de f\u00e1cil lavado y secado. Etiqueta extra\u00edble. Tejido t\u00e9cnico y transpirable. La modelo mide 173 cms y lleva la talla S.\",\"breadcrumb\":{\"@id\":\"https:\/\/adl-regalosempresa.com\/tiendaonline\/articulos\/merchandising\/polo-deportivo-de-manga-corta-para-mujer-para-personalizar-con-logo\/#breadcrumb\"},\"inLanguage\":\"es\",\"potentialAction\":[{\"@type\":\"ReadAction\",\"target\":[\"https:\/\/adl-regalosempresa.com\/tiendaonline\/articulos\/merchandising\/polo-deportivo-de-manga-corta-para-mujer-para-personalizar-con-logo\/\"]}]},{\"@type\":\"ImageObject\",\"inLanguage\":\"es\",\"@id\":\"https:\/\/adl-regalosempresa.com\/tiendaonline\/articulos\/merchandising\/polo-deportivo-de-manga-corta-para-mujer-para-personalizar-con-logo\/#primaryimage\",\"url\":\"https:\/\/adl-regalosempresa.com\/tiendaonline\/wp-content\/uploads\/2024\/01\/R04101C.jpg\",\"contentUrl\":\"https:\/\/adl-regalosempresa.com\/tiendaonline\/wp-content\/uploads\/2024\/01\/R04101C.jpg\",\"width\":1600,\"height\":1600,\"caption\":\"Polo deportivo de manga corta para mujer \\\"Monzha\\\"\"},{\"@type\":\"BreadcrumbList\",\"@id\":\"https:\/\/adl-regalosempresa.com\/tiendaonline\/articulos\/merchandising\/polo-deportivo-de-manga-corta-para-mujer-para-personalizar-con-logo\/#breadcrumb\",\"itemListElement\":[{\"@type\":\"ListItem\",\"position\":1,\"name\":\"Portada\",\"item\":\"https:\/\/adl-regalosempresa.com\/tiendaonline\/\"},{\"@type\":\"ListItem\",\"position\":2,\"name\":\"Tienda\",\"item\":\"https:\/\/adl-regalosempresa.com\/tiendaonline\/tienda\/\"},{\"@type\":\"ListItem\",\"position\":3,\"name\":\"Polo deportivo de manga corta para mujer para personalizar con logo\"}]},{\"@type\":\"WebSite\",\"@id\":\"https:\/\/adl-regalosempresa.com\/tiendaonline\/#website\",\"url\":\"https:\/\/adl-regalosempresa.com\/tiendaonline\/\",\"name\":\"ADL Comunicaci\u00f3n\",\"description\":\"Regalos de empresa\",\"publisher\":{\"@id\":\"https:\/\/adl-regalosempresa.com\/tiendaonline\/#organization\"},\"potentialAction\":[{\"@type\":\"SearchAction\",\"target\":{\"@type\":\"EntryPoint\",\"urlTemplate\":\"https:\/\/adl-regalosempresa.com\/tiendaonline\/?s={search_term_string}\"},\"query-input\":{\"@type\":\"PropertyValueSpecification\",\"valueRequired\":true,\"valueName\":\"search_term_string\"}}],\"inLanguage\":\"es\"},{\"@type\":\"Organization\",\"@id\":\"https:\/\/adl-regalosempresa.com\/tiendaonline\/#organization\",\"name\":\"ADL Comunicaci\u00f3n\",\"url\":\"https:\/\/adl-regalosempresa.com\/tiendaonline\/\",\"logo\":{\"@type\":\"ImageObject\",\"inLanguage\":\"es\",\"@id\":\"https:\/\/adl-regalosempresa.com\/tiendaonline\/#\/schema\/logo\/image\/\",\"url\":\"https:\/\/adl-regalosempresa.com\/tiendaonline\/wp-content\/uploads\/2017\/09\/logo-adl-wp.png\",\"contentUrl\":\"https:\/\/adl-regalosempresa.com\/tiendaonline\/wp-content\/uploads\/2017\/09\/logo-adl-wp.png\",\"width\":407,\"height\":185,\"caption\":\"ADL Comunicaci\u00f3n\"},\"image\":{\"@id\":\"https:\/\/adl-regalosempresa.com\/tiendaonline\/#\/schema\/logo\/image\/\"}}]}<\/script>\n<!-- \/ Yoast SEO plugin. -->","yoast_head_json":{"title":"Merchandising Polo deportivo de manga corta para mujer para personalizar con logo - ADL","description":"Art\u00edculo de merchandising Polo deportivo de manga corta para mujer \"Monzha\". Polo t\u00e9cnico de manga corta para mujer. Cuello tejido con tapeta de tres botones. Corte entallado. Tejido transpirable, de f\u00e1cil lavado y secado. Etiqueta extra\u00edble. Tejido t\u00e9cnico y transpirable. La modelo mide 173 cms y lleva la talla S.","robots":{"index":"index","follow":"follow","max-snippet":"max-snippet:-1","max-image-preview":"max-image-preview:large","max-video-preview":"max-video-preview:-1"},"canonical":"https:\/\/adl-regalosempresa.com\/tiendaonline\/articulos\/merchandising\/polo-deportivo-de-manga-corta-para-mujer-para-personalizar-con-logo\/","og_locale":"es_ES","og_type":"article","og_title":"Merchandising Polo deportivo de manga corta para mujer para personalizar con logo - ADL","og_description":"Art\u00edculo de merchandising Polo deportivo de manga corta para mujer \"Monzha\". Polo t\u00e9cnico de manga corta para mujer. Cuello tejido con tapeta de tres botones. Corte entallado. Tejido transpirable, de f\u00e1cil lavado y secado. Etiqueta extra\u00edble. Tejido t\u00e9cnico y transpirable. La modelo mide 173 cms y lleva la talla S.","og_url":"https:\/\/adl-regalosempresa.com\/tiendaonline\/articulos\/merchandising\/polo-deportivo-de-manga-corta-para-mujer-para-personalizar-con-logo\/","og_site_name":"ADL Comunicaci\u00f3n","article_modified_time":"2026-04-19T09:34:07+00:00","og_image":[{"width":1600,"height":1600,"url":"https:\/\/adl-regalosempresa.com\/tiendaonline\/wp-content\/uploads\/2024\/01\/R04101C.jpg","type":"image\/jpeg"}],"twitter_card":"summary_large_image","twitter_title":"Merchandising Polo deportivo de manga corta para mujer para personalizar con logo - ADL","schema":{"@context":"https:\/\/schema.org","@graph":[{"@type":"WebPage","@id":"https:\/\/adl-regalosempresa.com\/tiendaonline\/articulos\/merchandising\/polo-deportivo-de-manga-corta-para-mujer-para-personalizar-con-logo\/","url":"https:\/\/adl-regalosempresa.com\/tiendaonline\/articulos\/merchandising\/polo-deportivo-de-manga-corta-para-mujer-para-personalizar-con-logo\/","name":"Merchandising Polo deportivo de manga corta para mujer para personalizar con logo - ADL","isPartOf":{"@id":"https:\/\/adl-regalosempresa.com\/tiendaonline\/#website"},"primaryImageOfPage":{"@id":"https:\/\/adl-regalosempresa.com\/tiendaonline\/articulos\/merchandising\/polo-deportivo-de-manga-corta-para-mujer-para-personalizar-con-logo\/#primaryimage"},"image":{"@id":"https:\/\/adl-regalosempresa.com\/tiendaonline\/articulos\/merchandising\/polo-deportivo-de-manga-corta-para-mujer-para-personalizar-con-logo\/#primaryimage"},"thumbnailUrl":"https:\/\/adl-regalosempresa.com\/tiendaonline\/wp-content\/uploads\/2024\/01\/R04101C.jpg","datePublished":"2026-03-31T05:00:09+00:00","dateModified":"2026-04-19T09:34:07+00:00","description":"Art\u00edculo de merchandising Polo deportivo de manga corta para mujer \"Monzha\". Polo t\u00e9cnico de manga corta para mujer. Cuello tejido con tapeta de tres botones. Corte entallado. Tejido transpirable, de f\u00e1cil lavado y secado. Etiqueta extra\u00edble. Tejido t\u00e9cnico y transpirable. La modelo mide 173 cms y lleva la talla S.","breadcrumb":{"@id":"https:\/\/adl-regalosempresa.com\/tiendaonline\/articulos\/merchandising\/polo-deportivo-de-manga-corta-para-mujer-para-personalizar-con-logo\/#breadcrumb"},"inLanguage":"es","potentialAction":[{"@type":"ReadAction","target":["https:\/\/adl-regalosempresa.com\/tiendaonline\/articulos\/merchandising\/polo-deportivo-de-manga-corta-para-mujer-para-personalizar-con-logo\/"]}]},{"@type":"ImageObject","inLanguage":"es","@id":"https:\/\/adl-regalosempresa.com\/tiendaonline\/articulos\/merchandising\/polo-deportivo-de-manga-corta-para-mujer-para-personalizar-con-logo\/#primaryimage","url":"https:\/\/adl-regalosempresa.com\/tiendaonline\/wp-content\/uploads\/2024\/01\/R04101C.jpg","contentUrl":"https:\/\/adl-regalosempresa.com\/tiendaonline\/wp-content\/uploads\/2024\/01\/R04101C.jpg","width":1600,"height":1600,"caption":"Polo deportivo de manga corta para mujer \"Monzha\""},{"@type":"BreadcrumbList","@id":"https:\/\/adl-regalosempresa.com\/tiendaonline\/articulos\/merchandising\/polo-deportivo-de-manga-corta-para-mujer-para-personalizar-con-logo\/#breadcrumb","itemListElement":[{"@type":"ListItem","position":1,"name":"Portada","item":"https:\/\/adl-regalosempresa.com\/tiendaonline\/"},{"@type":"ListItem","position":2,"name":"Tienda","item":"https:\/\/adl-regalosempresa.com\/tiendaonline\/tienda\/"},{"@type":"ListItem","position":3,"name":"Polo deportivo de manga corta para mujer para personalizar con logo"}]},{"@type":"WebSite","@id":"https:\/\/adl-regalosempresa.com\/tiendaonline\/#website","url":"https:\/\/adl-regalosempresa.com\/tiendaonline\/","name":"ADL Comunicaci\u00f3n","description":"Regalos de empresa","publisher":{"@id":"https:\/\/adl-regalosempresa.com\/tiendaonline\/#organization"},"potentialAction":[{"@type":"SearchAction","target":{"@type":"EntryPoint","urlTemplate":"https:\/\/adl-regalosempresa.com\/tiendaonline\/?s={search_term_string}"},"query-input":{"@type":"PropertyValueSpecification","valueRequired":true,"valueName":"search_term_string"}}],"inLanguage":"es"},{"@type":"Organization","@id":"https:\/\/adl-regalosempresa.com\/tiendaonline\/#organization","name":"ADL Comunicaci\u00f3n","url":"https:\/\/adl-regalosempresa.com\/tiendaonline\/","logo":{"@type":"ImageObject","inLanguage":"es","@id":"https:\/\/adl-regalosempresa.com\/tiendaonline\/#\/schema\/logo\/image\/","url":"https:\/\/adl-regalosempresa.com\/tiendaonline\/wp-content\/uploads\/2017\/09\/logo-adl-wp.png","contentUrl":"https:\/\/adl-regalosempresa.com\/tiendaonline\/wp-content\/uploads\/2017\/09\/logo-adl-wp.png","width":407,"height":185,"caption":"ADL Comunicaci\u00f3n"},"image":{"@id":"https:\/\/adl-regalosempresa.com\/tiendaonline\/#\/schema\/logo\/image\/"}}]}},"_links":{"self":[{"href":"https:\/\/adl-regalosempresa.com\/tiendaonline\/wp-json\/wp\/v2\/product\/130160","targetHints":{"allow":["GET"]}}],"collection":[{"href":"https:\/\/adl-regalosempresa.com\/tiendaonline\/wp-json\/wp\/v2\/product"}],"about":[{"href":"https:\/\/adl-regalosempresa.com\/tiendaonline\/wp-json\/wp\/v2\/types\/product"}],"wp:featuredmedia":[{"embeddable":true,"href":"https:\/\/adl-regalosempresa.com\/tiendaonline\/wp-json\/wp\/v2\/media\/130162"}],"wp:attachment":[{"href":"https:\/\/adl-regalosempresa.com\/tiendaonline\/wp-json\/wp\/v2\/media?parent=130160"}],"wp:term":[{"taxonomy":"product_brand","embeddable":true,"href":"https:\/\/adl-regalosempresa.com\/tiendaonline\/wp-json\/wp\/v2\/product_brand?post=130160"},{"taxonomy":"product_cat","embeddable":true,"href":"https:\/\/adl-regalosempresa.com\/tiendaonline\/wp-json\/wp\/v2\/product_cat?post=130160"},{"taxonomy":"product_tag","embeddable":true,"href":"https:\/\/adl-regalosempresa.com\/tiendaonline\/wp-json\/wp\/v2\/product_tag?post=130160"}],"curies":[{"name":"wp","href":"https:\/\/api.w.org\/{rel}","templated":true}]}}