{"id":122780,"date":"2026-03-31T04:31:03","date_gmt":"2026-03-31T04:31:03","guid":{"rendered":"https:\/\/adl-regalosempresa.com\/tiendaonline\/articulos\/merchandising\/base-de-carga-inalambrica-con-doble-bobina-de-15w-en-plastico-reciclado-con-certificacion-rcs-para-personalizar-con-logo\/"},"modified":"2026-04-21T08:04:18","modified_gmt":"2026-04-21T08:04:18","slug":"base-de-carga-inalambrica-con-doble-bobina-de-15w-en-plastico-reciclado-con-certificacion-rcs-para-personalizar-con-logo","status":"publish","type":"product","link":"https:\/\/adl-regalosempresa.com\/tiendaonline\/articulos\/merchandising\/base-de-carga-inalambrica-con-doble-bobina-de-15w-en-plastico-reciclado-con-certificacion-rcs-para-personalizar-con-logo\/","title":{"rendered":"Base de carga inal\u00e1mbrica con doble bobina de 15W en pl\u00e1stico reciclado con certificaci\u00f3n RCS  para personalizar con logo"},"content":{"rendered":"<p>La base de carga inal\u00e1mbrica de doble bobina de 15\u00a0W \u00abLoop\u00bb est\u00e1 fabricada con pl\u00e1stico reciclado con certificaci\u00f3n RCS y resulta pr\u00e1ctica para cualquier escritorio o mesilla de noche. La parte inferior es de goma antideslizante para evitar que el dispositivo se mueva. Gracias a la doble bobina, se puede cargar r\u00e1pidamente un dispositivo inal\u00e1mbrico compatible tanto en orientaci\u00f3n vertical como horizontal. Compatible con todos los dispositivos habilitados para Qi (iPhone 8 o superior y dispositivos Android que admitan carga inal\u00e1mbrica). Incorpora la caracter\u00edstica FOD (Foreign Object Detection) para identificar objetos no deseados y garantizar un proceso de carga sin problemas. Se entrega con un manual de instrucciones y un cable de carga USB tipo A-C de 100 cm, y empaquetado en una caja de papel kraft 100\u00a0% reciclado. Algunas fundas o carcasas de tel\u00e9fono pueden afectar a la capacidad de carga inal\u00e1mbrica.<\/p>\n","protected":false},"excerpt":{"rendered":"<p><strong>Descuentos por cantidades<\/strong><br \/>&#8211; a partir de 100 unidades: 16,68 \u20ac\/ud<br \/>&#8211; a partir de 250 unidades: 16,18 \u20ac\/ud<br \/>&#8211; a partir de 1000 unidades: 15,88 \u20ac\/ud<\/p>\n<p>Para cantidades superiores a las aqu\u00ed indicadas, no dudes en ponerte en contacto con nuestro departamento comercial o <a href='https:\/\/adl-regalosempresa.com\/tiendaonline\/solicitud-presupuesto\/'>pedirnos presupuesto personalizado<\/a>, ajustaremos el presupuesto a tus necesidades.<\/p>\n","protected":false},"featured_media":122782,"template":"","meta":{"_kad_post_transparent":"","_kad_post_title":"","_kad_post_layout":"","_kad_post_sidebar_id":"","_kad_post_content_style":"","_kad_post_vertical_padding":"","_kad_post_feature":"","_kad_post_feature_position":"","_kad_post_header":false,"_kad_post_footer":false,"_kad_post_classname":""},"product_brand":[],"product_cat":[5104,486],"product_tag":[],"class_list":{"0":"post-122780","1":"product","2":"type-product","3":"status-publish","4":"has-post-thumbnail","6":"product_cat-cargadores-inalambricos","7":"product_cat-tecnologia","8":"pa_alto-104-cm","9":"pa_ancho-96-cm","10":"pa_color-negro-intenso","11":"pa_color-simple-negro-intenso","12":"pa_largo-7-cm","13":"pa_marca-unbranded","14":"pa_material-plastico-abs-reciclado","15":"pa_peso-78-gr","17":"first","18":"instock","19":"taxable","20":"shipping-taxable","21":"purchasable","22":"product-type-variable","23":"entry","24":"content-bg","25":"loop-entry"},"yoast_head":"<!-- This site is optimized with the Yoast SEO plugin v26.3 - https:\/\/yoast.com\/wordpress\/plugins\/seo\/ -->\n<title>Merchandising Base de carga inal\u00e1mbrica con doble bobina de 15W en pl\u00e1stico reciclado con certificaci\u00f3n RCS para personalizar con logo - ADL<\/title>\n<meta name=\"description\" content=\"Art\u00edculo de merchandising Base de carga inal\u00e1mbrica con doble bobina de 15W en pl\u00e1stico reciclado con certificaci\u00f3n RCS &quot;Loop&quot;. La base de carga inal\u00e1mbrica de doble bobina de 15\u00a0W &quot;Loop&quot; est\u00e1 fabricada con pl\u00e1stico reciclado con certificaci\u00f3n RCS y resulta pr\u00e1ctica para cualquier escritorio o mesilla de noche. La parte inferior es de goma antideslizante para evitar que el dispositivo se mueva. Gracias a la doble bobina, se puede cargar r\u00e1pidamente un dispositivo inal\u00e1mbrico compatible tanto en orientaci\u00f3n vertical como horizontal. Compatible con todos los dispositivos habilitados para Qi (iPhone 8 o superior y dispositivos Android que admitan carga inal\u00e1mbrica). Incorpora la caracter\u00edstica FOD (Foreign Object Detection) para identificar objetos no deseados y garantizar un proceso de carga sin problemas. Se entrega con un manual de instrucciones y un cable de carga USB tipo A-C de 100 cm, y empaquetado en una caja de papel kraft 100\u00a0% reciclado. Algunas fundas o carcasas de tel\u00e9fono pueden afectar a la capacidad de carga inal\u00e1mbrica.\" \/>\n<meta name=\"robots\" content=\"index, follow, max-snippet:-1, max-image-preview:large, max-video-preview:-1\" \/>\n<link rel=\"canonical\" href=\"https:\/\/adl-regalosempresa.com\/tiendaonline\/articulos\/merchandising\/base-de-carga-inalambrica-con-doble-bobina-de-15w-en-plastico-reciclado-con-certificacion-rcs-para-personalizar-con-logo\/\" \/>\n<meta property=\"og:locale\" content=\"es_ES\" \/>\n<meta property=\"og:type\" content=\"article\" \/>\n<meta property=\"og:title\" content=\"Merchandising Base de carga inal\u00e1mbrica con doble bobina de 15W en pl\u00e1stico reciclado con certificaci\u00f3n RCS para personalizar con logo - ADL\" \/>\n<meta property=\"og:description\" content=\"Art\u00edculo de merchandising Base de carga inal\u00e1mbrica con doble bobina de 15W en pl\u00e1stico reciclado con certificaci\u00f3n RCS &quot;Loop&quot;. La base de carga inal\u00e1mbrica de doble bobina de 15\u00a0W &quot;Loop&quot; est\u00e1 fabricada con pl\u00e1stico reciclado con certificaci\u00f3n RCS y resulta pr\u00e1ctica para cualquier escritorio o mesilla de noche. La parte inferior es de goma antideslizante para evitar que el dispositivo se mueva. Gracias a la doble bobina, se puede cargar r\u00e1pidamente un dispositivo inal\u00e1mbrico compatible tanto en orientaci\u00f3n vertical como horizontal. Compatible con todos los dispositivos habilitados para Qi (iPhone 8 o superior y dispositivos Android que admitan carga inal\u00e1mbrica). Incorpora la caracter\u00edstica FOD (Foreign Object Detection) para identificar objetos no deseados y garantizar un proceso de carga sin problemas. Se entrega con un manual de instrucciones y un cable de carga USB tipo A-C de 100 cm, y empaquetado en una caja de papel kraft 100\u00a0% reciclado. Algunas fundas o carcasas de tel\u00e9fono pueden afectar a la capacidad de carga inal\u00e1mbrica.\" \/>\n<meta property=\"og:url\" content=\"https:\/\/adl-regalosempresa.com\/tiendaonline\/articulos\/merchandising\/base-de-carga-inalambrica-con-doble-bobina-de-15w-en-plastico-reciclado-con-certificacion-rcs-para-personalizar-con-logo\/\" \/>\n<meta property=\"og:site_name\" content=\"ADL Comunicaci\u00f3n\" \/>\n<meta property=\"article:modified_time\" content=\"2026-04-21T08:04:18+00:00\" \/>\n<meta property=\"og:image\" content=\"https:\/\/adl-regalosempresa.com\/tiendaonline\/wp-content\/uploads\/2024\/01\/12434090.jpg\" \/>\n\t<meta property=\"og:image:width\" content=\"1600\" \/>\n\t<meta property=\"og:image:height\" content=\"1600\" \/>\n\t<meta property=\"og:image:type\" content=\"image\/jpeg\" \/>\n<meta name=\"twitter:card\" content=\"summary_large_image\" \/>\n<meta name=\"twitter:title\" content=\"Merchandising Base de carga inal\u00e1mbrica con doble bobina de 15W en pl\u00e1stico reciclado con certificaci\u00f3n RCS para personalizar con logo - ADL\" \/>\n<meta name=\"twitter:label1\" content=\"Tiempo de lectura\" \/>\n\t<meta name=\"twitter:data1\" content=\"1 minuto\" \/>\n<script type=\"application\/ld+json\" class=\"yoast-schema-graph\">{\"@context\":\"https:\/\/schema.org\",\"@graph\":[{\"@type\":\"WebPage\",\"@id\":\"https:\/\/adl-regalosempresa.com\/tiendaonline\/articulos\/merchandising\/base-de-carga-inalambrica-con-doble-bobina-de-15w-en-plastico-reciclado-con-certificacion-rcs-para-personalizar-con-logo\/\",\"url\":\"https:\/\/adl-regalosempresa.com\/tiendaonline\/articulos\/merchandising\/base-de-carga-inalambrica-con-doble-bobina-de-15w-en-plastico-reciclado-con-certificacion-rcs-para-personalizar-con-logo\/\",\"name\":\"Merchandising Base de carga inal\u00e1mbrica con doble bobina de 15W en pl\u00e1stico reciclado con certificaci\u00f3n RCS para personalizar con logo - ADL\",\"isPartOf\":{\"@id\":\"https:\/\/adl-regalosempresa.com\/tiendaonline\/#website\"},\"primaryImageOfPage\":{\"@id\":\"https:\/\/adl-regalosempresa.com\/tiendaonline\/articulos\/merchandising\/base-de-carga-inalambrica-con-doble-bobina-de-15w-en-plastico-reciclado-con-certificacion-rcs-para-personalizar-con-logo\/#primaryimage\"},\"image\":{\"@id\":\"https:\/\/adl-regalosempresa.com\/tiendaonline\/articulos\/merchandising\/base-de-carga-inalambrica-con-doble-bobina-de-15w-en-plastico-reciclado-con-certificacion-rcs-para-personalizar-con-logo\/#primaryimage\"},\"thumbnailUrl\":\"https:\/\/adl-regalosempresa.com\/tiendaonline\/wp-content\/uploads\/2024\/01\/12434090.jpg\",\"datePublished\":\"2026-03-31T04:31:03+00:00\",\"dateModified\":\"2026-04-21T08:04:18+00:00\",\"description\":\"Art\u00edculo de merchandising Base de carga inal\u00e1mbrica con doble bobina de 15W en pl\u00e1stico reciclado con certificaci\u00f3n RCS \\\"Loop\\\". La base de carga inal\u00e1mbrica de doble bobina de 15\u00a0W \\\"Loop\\\" est\u00e1 fabricada con pl\u00e1stico reciclado con certificaci\u00f3n RCS y resulta pr\u00e1ctica para cualquier escritorio o mesilla de noche. La parte inferior es de goma antideslizante para evitar que el dispositivo se mueva. Gracias a la doble bobina, se puede cargar r\u00e1pidamente un dispositivo inal\u00e1mbrico compatible tanto en orientaci\u00f3n vertical como horizontal. Compatible con todos los dispositivos habilitados para Qi (iPhone 8 o superior y dispositivos Android que admitan carga inal\u00e1mbrica). Incorpora la caracter\u00edstica FOD (Foreign Object Detection) para identificar objetos no deseados y garantizar un proceso de carga sin problemas. Se entrega con un manual de instrucciones y un cable de carga USB tipo A-C de 100 cm, y empaquetado en una caja de papel kraft 100\u00a0% reciclado. Algunas fundas o carcasas de tel\u00e9fono pueden afectar a la capacidad de carga inal\u00e1mbrica.\",\"breadcrumb\":{\"@id\":\"https:\/\/adl-regalosempresa.com\/tiendaonline\/articulos\/merchandising\/base-de-carga-inalambrica-con-doble-bobina-de-15w-en-plastico-reciclado-con-certificacion-rcs-para-personalizar-con-logo\/#breadcrumb\"},\"inLanguage\":\"es\",\"potentialAction\":[{\"@type\":\"ReadAction\",\"target\":[\"https:\/\/adl-regalosempresa.com\/tiendaonline\/articulos\/merchandising\/base-de-carga-inalambrica-con-doble-bobina-de-15w-en-plastico-reciclado-con-certificacion-rcs-para-personalizar-con-logo\/\"]}]},{\"@type\":\"ImageObject\",\"inLanguage\":\"es\",\"@id\":\"https:\/\/adl-regalosempresa.com\/tiendaonline\/articulos\/merchandising\/base-de-carga-inalambrica-con-doble-bobina-de-15w-en-plastico-reciclado-con-certificacion-rcs-para-personalizar-con-logo\/#primaryimage\",\"url\":\"https:\/\/adl-regalosempresa.com\/tiendaonline\/wp-content\/uploads\/2024\/01\/12434090.jpg\",\"contentUrl\":\"https:\/\/adl-regalosempresa.com\/tiendaonline\/wp-content\/uploads\/2024\/01\/12434090.jpg\",\"width\":1600,\"height\":1600,\"caption\":\"Base de carga inal\u00e1mbrica con doble bobina de 15W en pl\u00e1stico reciclado con certificaci\u00f3n RCS \\\"Loop\\\"\"},{\"@type\":\"BreadcrumbList\",\"@id\":\"https:\/\/adl-regalosempresa.com\/tiendaonline\/articulos\/merchandising\/base-de-carga-inalambrica-con-doble-bobina-de-15w-en-plastico-reciclado-con-certificacion-rcs-para-personalizar-con-logo\/#breadcrumb\",\"itemListElement\":[{\"@type\":\"ListItem\",\"position\":1,\"name\":\"Portada\",\"item\":\"https:\/\/adl-regalosempresa.com\/tiendaonline\/\"},{\"@type\":\"ListItem\",\"position\":2,\"name\":\"Tienda\",\"item\":\"https:\/\/adl-regalosempresa.com\/tiendaonline\/tienda\/\"},{\"@type\":\"ListItem\",\"position\":3,\"name\":\"Base de carga inal\u00e1mbrica con doble bobina de 15W en pl\u00e1stico reciclado con certificaci\u00f3n RCS para personalizar con logo\"}]},{\"@type\":\"WebSite\",\"@id\":\"https:\/\/adl-regalosempresa.com\/tiendaonline\/#website\",\"url\":\"https:\/\/adl-regalosempresa.com\/tiendaonline\/\",\"name\":\"ADL Comunicaci\u00f3n\",\"description\":\"Regalos de empresa\",\"publisher\":{\"@id\":\"https:\/\/adl-regalosempresa.com\/tiendaonline\/#organization\"},\"potentialAction\":[{\"@type\":\"SearchAction\",\"target\":{\"@type\":\"EntryPoint\",\"urlTemplate\":\"https:\/\/adl-regalosempresa.com\/tiendaonline\/?s={search_term_string}\"},\"query-input\":{\"@type\":\"PropertyValueSpecification\",\"valueRequired\":true,\"valueName\":\"search_term_string\"}}],\"inLanguage\":\"es\"},{\"@type\":\"Organization\",\"@id\":\"https:\/\/adl-regalosempresa.com\/tiendaonline\/#organization\",\"name\":\"ADL Comunicaci\u00f3n\",\"url\":\"https:\/\/adl-regalosempresa.com\/tiendaonline\/\",\"logo\":{\"@type\":\"ImageObject\",\"inLanguage\":\"es\",\"@id\":\"https:\/\/adl-regalosempresa.com\/tiendaonline\/#\/schema\/logo\/image\/\",\"url\":\"https:\/\/adl-regalosempresa.com\/tiendaonline\/wp-content\/uploads\/2017\/09\/logo-adl-wp.png\",\"contentUrl\":\"https:\/\/adl-regalosempresa.com\/tiendaonline\/wp-content\/uploads\/2017\/09\/logo-adl-wp.png\",\"width\":407,\"height\":185,\"caption\":\"ADL Comunicaci\u00f3n\"},\"image\":{\"@id\":\"https:\/\/adl-regalosempresa.com\/tiendaonline\/#\/schema\/logo\/image\/\"}}]}<\/script>\n<!-- \/ Yoast SEO plugin. -->","yoast_head_json":{"title":"Merchandising Base de carga inal\u00e1mbrica con doble bobina de 15W en pl\u00e1stico reciclado con certificaci\u00f3n RCS para personalizar con logo - ADL","description":"Art\u00edculo de merchandising Base de carga inal\u00e1mbrica con doble bobina de 15W en pl\u00e1stico reciclado con certificaci\u00f3n RCS \"Loop\". La base de carga inal\u00e1mbrica de doble bobina de 15\u00a0W \"Loop\" est\u00e1 fabricada con pl\u00e1stico reciclado con certificaci\u00f3n RCS y resulta pr\u00e1ctica para cualquier escritorio o mesilla de noche. La parte inferior es de goma antideslizante para evitar que el dispositivo se mueva. Gracias a la doble bobina, se puede cargar r\u00e1pidamente un dispositivo inal\u00e1mbrico compatible tanto en orientaci\u00f3n vertical como horizontal. Compatible con todos los dispositivos habilitados para Qi (iPhone 8 o superior y dispositivos Android que admitan carga inal\u00e1mbrica). Incorpora la caracter\u00edstica FOD (Foreign Object Detection) para identificar objetos no deseados y garantizar un proceso de carga sin problemas. Se entrega con un manual de instrucciones y un cable de carga USB tipo A-C de 100 cm, y empaquetado en una caja de papel kraft 100\u00a0% reciclado. Algunas fundas o carcasas de tel\u00e9fono pueden afectar a la capacidad de carga inal\u00e1mbrica.","robots":{"index":"index","follow":"follow","max-snippet":"max-snippet:-1","max-image-preview":"max-image-preview:large","max-video-preview":"max-video-preview:-1"},"canonical":"https:\/\/adl-regalosempresa.com\/tiendaonline\/articulos\/merchandising\/base-de-carga-inalambrica-con-doble-bobina-de-15w-en-plastico-reciclado-con-certificacion-rcs-para-personalizar-con-logo\/","og_locale":"es_ES","og_type":"article","og_title":"Merchandising Base de carga inal\u00e1mbrica con doble bobina de 15W en pl\u00e1stico reciclado con certificaci\u00f3n RCS para personalizar con logo - ADL","og_description":"Art\u00edculo de merchandising Base de carga inal\u00e1mbrica con doble bobina de 15W en pl\u00e1stico reciclado con certificaci\u00f3n RCS \"Loop\". La base de carga inal\u00e1mbrica de doble bobina de 15\u00a0W \"Loop\" est\u00e1 fabricada con pl\u00e1stico reciclado con certificaci\u00f3n RCS y resulta pr\u00e1ctica para cualquier escritorio o mesilla de noche. La parte inferior es de goma antideslizante para evitar que el dispositivo se mueva. Gracias a la doble bobina, se puede cargar r\u00e1pidamente un dispositivo inal\u00e1mbrico compatible tanto en orientaci\u00f3n vertical como horizontal. Compatible con todos los dispositivos habilitados para Qi (iPhone 8 o superior y dispositivos Android que admitan carga inal\u00e1mbrica). Incorpora la caracter\u00edstica FOD (Foreign Object Detection) para identificar objetos no deseados y garantizar un proceso de carga sin problemas. Se entrega con un manual de instrucciones y un cable de carga USB tipo A-C de 100 cm, y empaquetado en una caja de papel kraft 100\u00a0% reciclado. Algunas fundas o carcasas de tel\u00e9fono pueden afectar a la capacidad de carga inal\u00e1mbrica.","og_url":"https:\/\/adl-regalosempresa.com\/tiendaonline\/articulos\/merchandising\/base-de-carga-inalambrica-con-doble-bobina-de-15w-en-plastico-reciclado-con-certificacion-rcs-para-personalizar-con-logo\/","og_site_name":"ADL Comunicaci\u00f3n","article_modified_time":"2026-04-21T08:04:18+00:00","og_image":[{"width":1600,"height":1600,"url":"https:\/\/adl-regalosempresa.com\/tiendaonline\/wp-content\/uploads\/2024\/01\/12434090.jpg","type":"image\/jpeg"}],"twitter_card":"summary_large_image","twitter_title":"Merchandising Base de carga inal\u00e1mbrica con doble bobina de 15W en pl\u00e1stico reciclado con certificaci\u00f3n RCS para personalizar con logo - ADL","twitter_misc":{"Tiempo de lectura":"1 minuto"},"schema":{"@context":"https:\/\/schema.org","@graph":[{"@type":"WebPage","@id":"https:\/\/adl-regalosempresa.com\/tiendaonline\/articulos\/merchandising\/base-de-carga-inalambrica-con-doble-bobina-de-15w-en-plastico-reciclado-con-certificacion-rcs-para-personalizar-con-logo\/","url":"https:\/\/adl-regalosempresa.com\/tiendaonline\/articulos\/merchandising\/base-de-carga-inalambrica-con-doble-bobina-de-15w-en-plastico-reciclado-con-certificacion-rcs-para-personalizar-con-logo\/","name":"Merchandising Base de carga inal\u00e1mbrica con doble bobina de 15W en pl\u00e1stico reciclado con certificaci\u00f3n RCS para personalizar con logo - ADL","isPartOf":{"@id":"https:\/\/adl-regalosempresa.com\/tiendaonline\/#website"},"primaryImageOfPage":{"@id":"https:\/\/adl-regalosempresa.com\/tiendaonline\/articulos\/merchandising\/base-de-carga-inalambrica-con-doble-bobina-de-15w-en-plastico-reciclado-con-certificacion-rcs-para-personalizar-con-logo\/#primaryimage"},"image":{"@id":"https:\/\/adl-regalosempresa.com\/tiendaonline\/articulos\/merchandising\/base-de-carga-inalambrica-con-doble-bobina-de-15w-en-plastico-reciclado-con-certificacion-rcs-para-personalizar-con-logo\/#primaryimage"},"thumbnailUrl":"https:\/\/adl-regalosempresa.com\/tiendaonline\/wp-content\/uploads\/2024\/01\/12434090.jpg","datePublished":"2026-03-31T04:31:03+00:00","dateModified":"2026-04-21T08:04:18+00:00","description":"Art\u00edculo de merchandising Base de carga inal\u00e1mbrica con doble bobina de 15W en pl\u00e1stico reciclado con certificaci\u00f3n RCS \"Loop\". La base de carga inal\u00e1mbrica de doble bobina de 15\u00a0W \"Loop\" est\u00e1 fabricada con pl\u00e1stico reciclado con certificaci\u00f3n RCS y resulta pr\u00e1ctica para cualquier escritorio o mesilla de noche. La parte inferior es de goma antideslizante para evitar que el dispositivo se mueva. Gracias a la doble bobina, se puede cargar r\u00e1pidamente un dispositivo inal\u00e1mbrico compatible tanto en orientaci\u00f3n vertical como horizontal. Compatible con todos los dispositivos habilitados para Qi (iPhone 8 o superior y dispositivos Android que admitan carga inal\u00e1mbrica). Incorpora la caracter\u00edstica FOD (Foreign Object Detection) para identificar objetos no deseados y garantizar un proceso de carga sin problemas. Se entrega con un manual de instrucciones y un cable de carga USB tipo A-C de 100 cm, y empaquetado en una caja de papel kraft 100\u00a0% reciclado. Algunas fundas o carcasas de tel\u00e9fono pueden afectar a la capacidad de carga inal\u00e1mbrica.","breadcrumb":{"@id":"https:\/\/adl-regalosempresa.com\/tiendaonline\/articulos\/merchandising\/base-de-carga-inalambrica-con-doble-bobina-de-15w-en-plastico-reciclado-con-certificacion-rcs-para-personalizar-con-logo\/#breadcrumb"},"inLanguage":"es","potentialAction":[{"@type":"ReadAction","target":["https:\/\/adl-regalosempresa.com\/tiendaonline\/articulos\/merchandising\/base-de-carga-inalambrica-con-doble-bobina-de-15w-en-plastico-reciclado-con-certificacion-rcs-para-personalizar-con-logo\/"]}]},{"@type":"ImageObject","inLanguage":"es","@id":"https:\/\/adl-regalosempresa.com\/tiendaonline\/articulos\/merchandising\/base-de-carga-inalambrica-con-doble-bobina-de-15w-en-plastico-reciclado-con-certificacion-rcs-para-personalizar-con-logo\/#primaryimage","url":"https:\/\/adl-regalosempresa.com\/tiendaonline\/wp-content\/uploads\/2024\/01\/12434090.jpg","contentUrl":"https:\/\/adl-regalosempresa.com\/tiendaonline\/wp-content\/uploads\/2024\/01\/12434090.jpg","width":1600,"height":1600,"caption":"Base de carga inal\u00e1mbrica con doble bobina de 15W en pl\u00e1stico reciclado con certificaci\u00f3n RCS \"Loop\""},{"@type":"BreadcrumbList","@id":"https:\/\/adl-regalosempresa.com\/tiendaonline\/articulos\/merchandising\/base-de-carga-inalambrica-con-doble-bobina-de-15w-en-plastico-reciclado-con-certificacion-rcs-para-personalizar-con-logo\/#breadcrumb","itemListElement":[{"@type":"ListItem","position":1,"name":"Portada","item":"https:\/\/adl-regalosempresa.com\/tiendaonline\/"},{"@type":"ListItem","position":2,"name":"Tienda","item":"https:\/\/adl-regalosempresa.com\/tiendaonline\/tienda\/"},{"@type":"ListItem","position":3,"name":"Base de carga inal\u00e1mbrica con doble bobina de 15W en pl\u00e1stico reciclado con certificaci\u00f3n RCS para personalizar con logo"}]},{"@type":"WebSite","@id":"https:\/\/adl-regalosempresa.com\/tiendaonline\/#website","url":"https:\/\/adl-regalosempresa.com\/tiendaonline\/","name":"ADL Comunicaci\u00f3n","description":"Regalos de empresa","publisher":{"@id":"https:\/\/adl-regalosempresa.com\/tiendaonline\/#organization"},"potentialAction":[{"@type":"SearchAction","target":{"@type":"EntryPoint","urlTemplate":"https:\/\/adl-regalosempresa.com\/tiendaonline\/?s={search_term_string}"},"query-input":{"@type":"PropertyValueSpecification","valueRequired":true,"valueName":"search_term_string"}}],"inLanguage":"es"},{"@type":"Organization","@id":"https:\/\/adl-regalosempresa.com\/tiendaonline\/#organization","name":"ADL Comunicaci\u00f3n","url":"https:\/\/adl-regalosempresa.com\/tiendaonline\/","logo":{"@type":"ImageObject","inLanguage":"es","@id":"https:\/\/adl-regalosempresa.com\/tiendaonline\/#\/schema\/logo\/image\/","url":"https:\/\/adl-regalosempresa.com\/tiendaonline\/wp-content\/uploads\/2017\/09\/logo-adl-wp.png","contentUrl":"https:\/\/adl-regalosempresa.com\/tiendaonline\/wp-content\/uploads\/2017\/09\/logo-adl-wp.png","width":407,"height":185,"caption":"ADL Comunicaci\u00f3n"},"image":{"@id":"https:\/\/adl-regalosempresa.com\/tiendaonline\/#\/schema\/logo\/image\/"}}]}},"_links":{"self":[{"href":"https:\/\/adl-regalosempresa.com\/tiendaonline\/wp-json\/wp\/v2\/product\/122780","targetHints":{"allow":["GET"]}}],"collection":[{"href":"https:\/\/adl-regalosempresa.com\/tiendaonline\/wp-json\/wp\/v2\/product"}],"about":[{"href":"https:\/\/adl-regalosempresa.com\/tiendaonline\/wp-json\/wp\/v2\/types\/product"}],"wp:featuredmedia":[{"embeddable":true,"href":"https:\/\/adl-regalosempresa.com\/tiendaonline\/wp-json\/wp\/v2\/media\/122782"}],"wp:attachment":[{"href":"https:\/\/adl-regalosempresa.com\/tiendaonline\/wp-json\/wp\/v2\/media?parent=122780"}],"wp:term":[{"taxonomy":"product_brand","embeddable":true,"href":"https:\/\/adl-regalosempresa.com\/tiendaonline\/wp-json\/wp\/v2\/product_brand?post=122780"},{"taxonomy":"product_cat","embeddable":true,"href":"https:\/\/adl-regalosempresa.com\/tiendaonline\/wp-json\/wp\/v2\/product_cat?post=122780"},{"taxonomy":"product_tag","embeddable":true,"href":"https:\/\/adl-regalosempresa.com\/tiendaonline\/wp-json\/wp\/v2\/product_tag?post=122780"}],"curies":[{"name":"wp","href":"https:\/\/api.w.org\/{rel}","templated":true}]}}