{"id":122298,"date":"2026-03-24T06:15:33","date_gmt":"2026-03-24T06:15:33","guid":{"rendered":"https:\/\/adl-regalosempresa.com\/tiendaonline\/articulos\/merchandising\/rollerball-para-personalizar-con-logo-5\/"},"modified":"2026-04-29T08:26:05","modified_gmt":"2026-04-29T08:26:05","slug":"rollerball-para-personalizar-con-logo-5","status":"publish","type":"product","link":"https:\/\/adl-regalosempresa.com\/tiendaonline\/articulos\/merchandising\/rollerball-para-personalizar-con-logo-5\/","title":{"rendered":"Rollerball  para personalizar con logo"},"content":{"rendered":"<p>Altamente profesional y fiable. Una compa\u00f1era ideal con un potencial ilimitado, Parker IM es a la vez elegante, pulida y consolidada. Con un duradero plum\u00edn de acero inoxidable y acabados que reflejan el legado Parker, cada detalle se ha refinado para ofrecer una experiencia de escritura siempre fiable. Incluye estuche de regalo Parker. Se entrega con un cartucho. Dise\u00f1o exclusivo.<\/p>\n","protected":false},"excerpt":{"rendered":"<p><strong>Descuentos por cantidades<\/strong><br \/>&#8211; a partir de 25 unidades: 43,93 \u20ac\/ud<br \/>&#8211; a partir de 50 unidades: 43,04 \u20ac\/ud<br \/>&#8211; a partir de 100 unidades: 42,62 \u20ac\/ud<\/p>\n<p>Para cantidades superiores a las aqu\u00ed indicadas, no dudes en ponerte en contacto con nuestro departamento comercial o <a href='https:\/\/adl-regalosempresa.com\/tiendaonline\/solicitud-presupuesto\/'>pedirnos presupuesto personalizado<\/a>, ajustaremos el presupuesto a tus necesidades.<\/p>\n","protected":false},"featured_media":122300,"template":"","meta":{"_kad_post_transparent":"","_kad_post_title":"","_kad_post_layout":"","_kad_post_sidebar_id":"","_kad_post_content_style":"","_kad_post_vertical_padding":"","_kad_post_feature":"","_kad_post_feature_position":"","_kad_post_header":false,"_kad_post_footer":false,"_kad_post_classname":""},"product_brand":[],"product_cat":[4287,4294],"product_tag":[],"class_list":{"0":"post-122298","1":"product","2":"type-product","3":"status-publish","4":"has-post-thumbnail","6":"product_cat-boligrafos-y-escritura","7":"product_cat-rollerballs","8":"pa_color-azul","9":"pa_color-burdeos","10":"pa_color-champan","11":"pa_color-negro-intenso","12":"pa_color-simple-azul","13":"pa_color-simple-blanco","14":"pa_color-simple-negro-intenso","15":"pa_color-simple-rojo","16":"pa_diametro-12-cm","17":"pa_largo-136-cm","18":"pa_marca-parker","19":"pa_material-metal","20":"pa_peso-32-gr","22":"first","23":"instock","24":"taxable","25":"shipping-taxable","26":"purchasable","27":"product-type-variable","28":"entry","29":"content-bg","30":"loop-entry"},"yoast_head":"<!-- This site is optimized with the Yoast SEO plugin v26.3 - https:\/\/yoast.com\/wordpress\/plugins\/seo\/ -->\n<title>Merchandising Rollerball para personalizar con logo - ADL<\/title>\n<meta name=\"description\" content=\"Art\u00edculo de merchandising Rollerball &quot;Parker IM&quot; (tinta negra). Altamente profesional y fiable. Una compa\u00f1era ideal con un potencial ilimitado, Parker IM es a la vez elegante, pulida y consolidada. Con un duradero plum\u00edn de acero inoxidable y acabados que reflejan el legado Parker, cada detalle se ha refinado para ofrecer una experiencia de escritura siempre fiable. Incluye estuche de regalo Parker. Se entrega con un cartucho. Dise\u00f1o exclusivo.\" \/>\n<meta name=\"robots\" content=\"index, follow, max-snippet:-1, max-image-preview:large, max-video-preview:-1\" \/>\n<link rel=\"canonical\" href=\"https:\/\/adl-regalosempresa.com\/tiendaonline\/articulos\/merchandising\/rollerball-para-personalizar-con-logo-5\/\" \/>\n<meta property=\"og:locale\" content=\"es_ES\" \/>\n<meta property=\"og:type\" content=\"article\" \/>\n<meta property=\"og:title\" content=\"Merchandising Rollerball para personalizar con logo - ADL\" \/>\n<meta property=\"og:description\" content=\"Art\u00edculo de merchandising Rollerball &quot;Parker IM&quot; (tinta negra). Altamente profesional y fiable. Una compa\u00f1era ideal con un potencial ilimitado, Parker IM es a la vez elegante, pulida y consolidada. Con un duradero plum\u00edn de acero inoxidable y acabados que reflejan el legado Parker, cada detalle se ha refinado para ofrecer una experiencia de escritura siempre fiable. Incluye estuche de regalo Parker. Se entrega con un cartucho. Dise\u00f1o exclusivo.\" \/>\n<meta property=\"og:url\" content=\"https:\/\/adl-regalosempresa.com\/tiendaonline\/articulos\/merchandising\/rollerball-para-personalizar-con-logo-5\/\" \/>\n<meta property=\"og:site_name\" content=\"ADL Comunicaci\u00f3n\" \/>\n<meta property=\"article:modified_time\" content=\"2026-04-29T08:26:05+00:00\" \/>\n<meta property=\"og:image\" content=\"https:\/\/adl-regalosempresa.com\/tiendaonline\/wp-content\/uploads\/2023\/08\/10786402.jpg\" \/>\n\t<meta property=\"og:image:width\" content=\"1600\" \/>\n\t<meta property=\"og:image:height\" content=\"1600\" \/>\n\t<meta property=\"og:image:type\" content=\"image\/jpeg\" \/>\n<meta name=\"twitter:card\" content=\"summary_large_image\" \/>\n<meta name=\"twitter:title\" content=\"Merchandising Rollerball para personalizar con logo - ADL\" \/>\n<script type=\"application\/ld+json\" class=\"yoast-schema-graph\">{\"@context\":\"https:\/\/schema.org\",\"@graph\":[{\"@type\":\"WebPage\",\"@id\":\"https:\/\/adl-regalosempresa.com\/tiendaonline\/articulos\/merchandising\/rollerball-para-personalizar-con-logo-5\/\",\"url\":\"https:\/\/adl-regalosempresa.com\/tiendaonline\/articulos\/merchandising\/rollerball-para-personalizar-con-logo-5\/\",\"name\":\"Merchandising Rollerball para personalizar con logo - ADL\",\"isPartOf\":{\"@id\":\"https:\/\/adl-regalosempresa.com\/tiendaonline\/#website\"},\"primaryImageOfPage\":{\"@id\":\"https:\/\/adl-regalosempresa.com\/tiendaonline\/articulos\/merchandising\/rollerball-para-personalizar-con-logo-5\/#primaryimage\"},\"image\":{\"@id\":\"https:\/\/adl-regalosempresa.com\/tiendaonline\/articulos\/merchandising\/rollerball-para-personalizar-con-logo-5\/#primaryimage\"},\"thumbnailUrl\":\"https:\/\/adl-regalosempresa.com\/tiendaonline\/wp-content\/uploads\/2023\/08\/10786402.jpg\",\"datePublished\":\"2026-03-24T06:15:33+00:00\",\"dateModified\":\"2026-04-29T08:26:05+00:00\",\"description\":\"Art\u00edculo de merchandising Rollerball \\\"Parker IM\\\" (tinta negra). Altamente profesional y fiable. Una compa\u00f1era ideal con un potencial ilimitado, Parker IM es a la vez elegante, pulida y consolidada. Con un duradero plum\u00edn de acero inoxidable y acabados que reflejan el legado Parker, cada detalle se ha refinado para ofrecer una experiencia de escritura siempre fiable. Incluye estuche de regalo Parker. Se entrega con un cartucho. Dise\u00f1o exclusivo.\",\"breadcrumb\":{\"@id\":\"https:\/\/adl-regalosempresa.com\/tiendaonline\/articulos\/merchandising\/rollerball-para-personalizar-con-logo-5\/#breadcrumb\"},\"inLanguage\":\"es\",\"potentialAction\":[{\"@type\":\"ReadAction\",\"target\":[\"https:\/\/adl-regalosempresa.com\/tiendaonline\/articulos\/merchandising\/rollerball-para-personalizar-con-logo-5\/\"]}]},{\"@type\":\"ImageObject\",\"inLanguage\":\"es\",\"@id\":\"https:\/\/adl-regalosempresa.com\/tiendaonline\/articulos\/merchandising\/rollerball-para-personalizar-con-logo-5\/#primaryimage\",\"url\":\"https:\/\/adl-regalosempresa.com\/tiendaonline\/wp-content\/uploads\/2023\/08\/10786402.jpg\",\"contentUrl\":\"https:\/\/adl-regalosempresa.com\/tiendaonline\/wp-content\/uploads\/2023\/08\/10786402.jpg\",\"width\":1600,\"height\":1600,\"caption\":\"Rollerball \\\"Parker IM\\\" (tinta negra)\"},{\"@type\":\"BreadcrumbList\",\"@id\":\"https:\/\/adl-regalosempresa.com\/tiendaonline\/articulos\/merchandising\/rollerball-para-personalizar-con-logo-5\/#breadcrumb\",\"itemListElement\":[{\"@type\":\"ListItem\",\"position\":1,\"name\":\"Portada\",\"item\":\"https:\/\/adl-regalosempresa.com\/tiendaonline\/\"},{\"@type\":\"ListItem\",\"position\":2,\"name\":\"Tienda\",\"item\":\"https:\/\/adl-regalosempresa.com\/tiendaonline\/tienda\/\"},{\"@type\":\"ListItem\",\"position\":3,\"name\":\"Rollerball para personalizar con logo\"}]},{\"@type\":\"WebSite\",\"@id\":\"https:\/\/adl-regalosempresa.com\/tiendaonline\/#website\",\"url\":\"https:\/\/adl-regalosempresa.com\/tiendaonline\/\",\"name\":\"ADL Comunicaci\u00f3n\",\"description\":\"Regalos de empresa\",\"publisher\":{\"@id\":\"https:\/\/adl-regalosempresa.com\/tiendaonline\/#organization\"},\"potentialAction\":[{\"@type\":\"SearchAction\",\"target\":{\"@type\":\"EntryPoint\",\"urlTemplate\":\"https:\/\/adl-regalosempresa.com\/tiendaonline\/?s={search_term_string}\"},\"query-input\":{\"@type\":\"PropertyValueSpecification\",\"valueRequired\":true,\"valueName\":\"search_term_string\"}}],\"inLanguage\":\"es\"},{\"@type\":\"Organization\",\"@id\":\"https:\/\/adl-regalosempresa.com\/tiendaonline\/#organization\",\"name\":\"ADL Comunicaci\u00f3n\",\"url\":\"https:\/\/adl-regalosempresa.com\/tiendaonline\/\",\"logo\":{\"@type\":\"ImageObject\",\"inLanguage\":\"es\",\"@id\":\"https:\/\/adl-regalosempresa.com\/tiendaonline\/#\/schema\/logo\/image\/\",\"url\":\"https:\/\/adl-regalosempresa.com\/tiendaonline\/wp-content\/uploads\/2017\/09\/logo-adl-wp.png\",\"contentUrl\":\"https:\/\/adl-regalosempresa.com\/tiendaonline\/wp-content\/uploads\/2017\/09\/logo-adl-wp.png\",\"width\":407,\"height\":185,\"caption\":\"ADL Comunicaci\u00f3n\"},\"image\":{\"@id\":\"https:\/\/adl-regalosempresa.com\/tiendaonline\/#\/schema\/logo\/image\/\"}}]}<\/script>\n<!-- \/ Yoast SEO plugin. -->","yoast_head_json":{"title":"Merchandising Rollerball para personalizar con logo - ADL","description":"Art\u00edculo de merchandising Rollerball \"Parker IM\" (tinta negra). Altamente profesional y fiable. Una compa\u00f1era ideal con un potencial ilimitado, Parker IM es a la vez elegante, pulida y consolidada. Con un duradero plum\u00edn de acero inoxidable y acabados que reflejan el legado Parker, cada detalle se ha refinado para ofrecer una experiencia de escritura siempre fiable. Incluye estuche de regalo Parker. Se entrega con un cartucho. Dise\u00f1o exclusivo.","robots":{"index":"index","follow":"follow","max-snippet":"max-snippet:-1","max-image-preview":"max-image-preview:large","max-video-preview":"max-video-preview:-1"},"canonical":"https:\/\/adl-regalosempresa.com\/tiendaonline\/articulos\/merchandising\/rollerball-para-personalizar-con-logo-5\/","og_locale":"es_ES","og_type":"article","og_title":"Merchandising Rollerball para personalizar con logo - ADL","og_description":"Art\u00edculo de merchandising Rollerball \"Parker IM\" (tinta negra). Altamente profesional y fiable. Una compa\u00f1era ideal con un potencial ilimitado, Parker IM es a la vez elegante, pulida y consolidada. Con un duradero plum\u00edn de acero inoxidable y acabados que reflejan el legado Parker, cada detalle se ha refinado para ofrecer una experiencia de escritura siempre fiable. Incluye estuche de regalo Parker. Se entrega con un cartucho. Dise\u00f1o exclusivo.","og_url":"https:\/\/adl-regalosempresa.com\/tiendaonline\/articulos\/merchandising\/rollerball-para-personalizar-con-logo-5\/","og_site_name":"ADL Comunicaci\u00f3n","article_modified_time":"2026-04-29T08:26:05+00:00","og_image":[{"width":1600,"height":1600,"url":"https:\/\/adl-regalosempresa.com\/tiendaonline\/wp-content\/uploads\/2023\/08\/10786402.jpg","type":"image\/jpeg"}],"twitter_card":"summary_large_image","twitter_title":"Merchandising Rollerball para personalizar con logo - ADL","schema":{"@context":"https:\/\/schema.org","@graph":[{"@type":"WebPage","@id":"https:\/\/adl-regalosempresa.com\/tiendaonline\/articulos\/merchandising\/rollerball-para-personalizar-con-logo-5\/","url":"https:\/\/adl-regalosempresa.com\/tiendaonline\/articulos\/merchandising\/rollerball-para-personalizar-con-logo-5\/","name":"Merchandising Rollerball para personalizar con logo - ADL","isPartOf":{"@id":"https:\/\/adl-regalosempresa.com\/tiendaonline\/#website"},"primaryImageOfPage":{"@id":"https:\/\/adl-regalosempresa.com\/tiendaonline\/articulos\/merchandising\/rollerball-para-personalizar-con-logo-5\/#primaryimage"},"image":{"@id":"https:\/\/adl-regalosempresa.com\/tiendaonline\/articulos\/merchandising\/rollerball-para-personalizar-con-logo-5\/#primaryimage"},"thumbnailUrl":"https:\/\/adl-regalosempresa.com\/tiendaonline\/wp-content\/uploads\/2023\/08\/10786402.jpg","datePublished":"2026-03-24T06:15:33+00:00","dateModified":"2026-04-29T08:26:05+00:00","description":"Art\u00edculo de merchandising Rollerball \"Parker IM\" (tinta negra). Altamente profesional y fiable. Una compa\u00f1era ideal con un potencial ilimitado, Parker IM es a la vez elegante, pulida y consolidada. Con un duradero plum\u00edn de acero inoxidable y acabados que reflejan el legado Parker, cada detalle se ha refinado para ofrecer una experiencia de escritura siempre fiable. Incluye estuche de regalo Parker. Se entrega con un cartucho. Dise\u00f1o exclusivo.","breadcrumb":{"@id":"https:\/\/adl-regalosempresa.com\/tiendaonline\/articulos\/merchandising\/rollerball-para-personalizar-con-logo-5\/#breadcrumb"},"inLanguage":"es","potentialAction":[{"@type":"ReadAction","target":["https:\/\/adl-regalosempresa.com\/tiendaonline\/articulos\/merchandising\/rollerball-para-personalizar-con-logo-5\/"]}]},{"@type":"ImageObject","inLanguage":"es","@id":"https:\/\/adl-regalosempresa.com\/tiendaonline\/articulos\/merchandising\/rollerball-para-personalizar-con-logo-5\/#primaryimage","url":"https:\/\/adl-regalosempresa.com\/tiendaonline\/wp-content\/uploads\/2023\/08\/10786402.jpg","contentUrl":"https:\/\/adl-regalosempresa.com\/tiendaonline\/wp-content\/uploads\/2023\/08\/10786402.jpg","width":1600,"height":1600,"caption":"Rollerball \"Parker IM\" (tinta negra)"},{"@type":"BreadcrumbList","@id":"https:\/\/adl-regalosempresa.com\/tiendaonline\/articulos\/merchandising\/rollerball-para-personalizar-con-logo-5\/#breadcrumb","itemListElement":[{"@type":"ListItem","position":1,"name":"Portada","item":"https:\/\/adl-regalosempresa.com\/tiendaonline\/"},{"@type":"ListItem","position":2,"name":"Tienda","item":"https:\/\/adl-regalosempresa.com\/tiendaonline\/tienda\/"},{"@type":"ListItem","position":3,"name":"Rollerball para personalizar con logo"}]},{"@type":"WebSite","@id":"https:\/\/adl-regalosempresa.com\/tiendaonline\/#website","url":"https:\/\/adl-regalosempresa.com\/tiendaonline\/","name":"ADL Comunicaci\u00f3n","description":"Regalos de empresa","publisher":{"@id":"https:\/\/adl-regalosempresa.com\/tiendaonline\/#organization"},"potentialAction":[{"@type":"SearchAction","target":{"@type":"EntryPoint","urlTemplate":"https:\/\/adl-regalosempresa.com\/tiendaonline\/?s={search_term_string}"},"query-input":{"@type":"PropertyValueSpecification","valueRequired":true,"valueName":"search_term_string"}}],"inLanguage":"es"},{"@type":"Organization","@id":"https:\/\/adl-regalosempresa.com\/tiendaonline\/#organization","name":"ADL Comunicaci\u00f3n","url":"https:\/\/adl-regalosempresa.com\/tiendaonline\/","logo":{"@type":"ImageObject","inLanguage":"es","@id":"https:\/\/adl-regalosempresa.com\/tiendaonline\/#\/schema\/logo\/image\/","url":"https:\/\/adl-regalosempresa.com\/tiendaonline\/wp-content\/uploads\/2017\/09\/logo-adl-wp.png","contentUrl":"https:\/\/adl-regalosempresa.com\/tiendaonline\/wp-content\/uploads\/2017\/09\/logo-adl-wp.png","width":407,"height":185,"caption":"ADL Comunicaci\u00f3n"},"image":{"@id":"https:\/\/adl-regalosempresa.com\/tiendaonline\/#\/schema\/logo\/image\/"}}]}},"_links":{"self":[{"href":"https:\/\/adl-regalosempresa.com\/tiendaonline\/wp-json\/wp\/v2\/product\/122298","targetHints":{"allow":["GET"]}}],"collection":[{"href":"https:\/\/adl-regalosempresa.com\/tiendaonline\/wp-json\/wp\/v2\/product"}],"about":[{"href":"https:\/\/adl-regalosempresa.com\/tiendaonline\/wp-json\/wp\/v2\/types\/product"}],"wp:featuredmedia":[{"embeddable":true,"href":"https:\/\/adl-regalosempresa.com\/tiendaonline\/wp-json\/wp\/v2\/media\/122300"}],"wp:attachment":[{"href":"https:\/\/adl-regalosempresa.com\/tiendaonline\/wp-json\/wp\/v2\/media?parent=122298"}],"wp:term":[{"taxonomy":"product_brand","embeddable":true,"href":"https:\/\/adl-regalosempresa.com\/tiendaonline\/wp-json\/wp\/v2\/product_brand?post=122298"},{"taxonomy":"product_cat","embeddable":true,"href":"https:\/\/adl-regalosempresa.com\/tiendaonline\/wp-json\/wp\/v2\/product_cat?post=122298"},{"taxonomy":"product_tag","embeddable":true,"href":"https:\/\/adl-regalosempresa.com\/tiendaonline\/wp-json\/wp\/v2\/product_tag?post=122298"}],"curies":[{"name":"wp","href":"https:\/\/api.w.org\/{rel}","templated":true}]}}