{"id":121478,"date":"2026-04-24T04:15:58","date_gmt":"2026-04-24T04:15:58","guid":{"rendered":"https:\/\/adl-regalosempresa.com\/tiendaonline\/articulos\/merchandising\/proyector-p10-prixton-para-personalizar-con-logo-2\/"},"modified":"2026-04-24T04:17:03","modified_gmt":"2026-04-24T04:17:03","slug":"proyector-p10-prixton-para-personalizar-con-logo-2","status":"publish","type":"product","link":"https:\/\/adl-regalosempresa.com\/tiendaonline\/articulos\/merchandising\/proyector-p10-prixton-para-personalizar-con-logo-2\/","title":{"rendered":"Proyector P10 Prixton  para personalizar con logo"},"content":{"rendered":"<p>Proyector con una resoluci\u00f3n de 800 x 480 y una distancia de proyecci\u00f3n de hasta 5 metros. L\u00e1mpara con una potencia de hasta 2800 l\u00famenes. Luz LED blanca de 40 l\u00famenes ANSI. Contraste 500:1. Bombilla LED con m\u00e1s de 50\u00a0000 horas de reproducci\u00f3n. Proyecci\u00f3n de 76 a 381 cm. Puede conectarse a todo tipo de dispositivos con conexi\u00f3n HDMI. Reproducci\u00f3n de v\u00eddeo, audio, fotos y texto. Entradas: VGA, 2\u00a0HDMI, USB 2.0, tarjeta Micro-SD y AV IN. Incluye 2 altavoces est\u00e9reo y mando a distancia. Se entrega en una lujosa caja de regalo.<\/p>\n","protected":false},"excerpt":{"rendered":"<p>Proyector con una resoluci\u00f3n de 800 x 480 y una distancia de proyecci\u00f3n de hasta 5 metros. L\u00e1mpara con una potencia de hasta 2800 l\u00famenes. Luz LED blanca de 40 l\u00famenes ANSI. Contraste 500:1. Bombilla LED con m\u00e1s de 50\u00a0000 horas de reproducci\u00f3n. Proyecci\u00f3n de 76 a 381 cm. Puede conectarse a todo tipo de&#8230;<\/p>\n","protected":false},"featured_media":121546,"template":"","meta":{"_kad_post_transparent":"","_kad_post_title":"","_kad_post_layout":"","_kad_post_sidebar_id":"","_kad_post_content_style":"","_kad_post_vertical_padding":"","_kad_post_feature":"","_kad_post_feature_position":"","_kad_post_header":false,"_kad_post_footer":false,"_kad_post_classname":""},"product_brand":[],"product_cat":[4285,486],"product_tag":[],"class_list":{"0":"post-121478","1":"product","2":"type-product","3":"status-publish","4":"has-post-thumbnail","6":"product_cat-gadgets","7":"product_cat-tecnologia","8":"pa_alto-83-cm","9":"pa_ancho-15-cm","10":"pa_color-blanco","11":"pa_color-negro-intenso","12":"pa_color-simple-blanco","13":"pa_color-simple-negro-intenso","14":"pa_largo-20-cm","15":"pa_marca-prixton","16":"pa_material-plastico","17":"pa_peso-850-gr","19":"first","20":"instock","21":"taxable","22":"shipping-taxable","23":"product-type-variable","24":"entry","25":"content-bg","26":"loop-entry"},"yoast_head":"<!-- This site is optimized with the Yoast SEO plugin v26.3 - https:\/\/yoast.com\/wordpress\/plugins\/seo\/ -->\n<title>Merchandising Proyector P10 Prixton para personalizar con logo - ADL<\/title>\n<meta name=\"description\" content=\"Art\u00edculo de merchandising Proyector P10 Prixton &quot;Goya&quot;. Proyector con una resoluci\u00f3n de 800 x 480 y una distancia de proyecci\u00f3n de hasta 5 metros. L\u00e1mpara con una potencia de hasta 2800 l\u00famenes. Luz LED blanca de 40 l\u00famenes ANSI. Contraste 500:1. Bombilla LED con m\u00e1s de 50\u00a0000 horas de reproducci\u00f3n. Proyecci\u00f3n de 76 a 381 cm. Puede conectarse a todo tipo de dispositivos con conexi\u00f3n HDMI. Reproducci\u00f3n de v\u00eddeo, audio, fotos y texto. Entradas: VGA, 2\u00a0HDMI, USB 2.0, tarjeta Micro-SD y AV IN. Incluye 2 altavoces est\u00e9reo y mando a distancia. Se entrega en una lujosa caja de regalo.\" \/>\n<meta name=\"robots\" content=\"index, follow, max-snippet:-1, max-image-preview:large, max-video-preview:-1\" \/>\n<link rel=\"canonical\" href=\"https:\/\/adl-regalosempresa.com\/tiendaonline\/articulos\/merchandising\/proyector-p10-prixton-para-personalizar-con-logo-2\/\" \/>\n<meta property=\"og:locale\" content=\"es_ES\" \/>\n<meta property=\"og:type\" content=\"article\" \/>\n<meta property=\"og:title\" content=\"Merchandising Proyector P10 Prixton para personalizar con logo - ADL\" \/>\n<meta property=\"og:description\" content=\"Art\u00edculo de merchandising Proyector P10 Prixton &quot;Goya&quot;. Proyector con una resoluci\u00f3n de 800 x 480 y una distancia de proyecci\u00f3n de hasta 5 metros. L\u00e1mpara con una potencia de hasta 2800 l\u00famenes. Luz LED blanca de 40 l\u00famenes ANSI. Contraste 500:1. Bombilla LED con m\u00e1s de 50\u00a0000 horas de reproducci\u00f3n. Proyecci\u00f3n de 76 a 381 cm. Puede conectarse a todo tipo de dispositivos con conexi\u00f3n HDMI. Reproducci\u00f3n de v\u00eddeo, audio, fotos y texto. Entradas: VGA, 2\u00a0HDMI, USB 2.0, tarjeta Micro-SD y AV IN. Incluye 2 altavoces est\u00e9reo y mando a distancia. Se entrega en una lujosa caja de regalo.\" \/>\n<meta property=\"og:url\" content=\"https:\/\/adl-regalosempresa.com\/tiendaonline\/articulos\/merchandising\/proyector-p10-prixton-para-personalizar-con-logo-2\/\" \/>\n<meta property=\"og:site_name\" content=\"ADL Comunicaci\u00f3n\" \/>\n<meta property=\"article:modified_time\" content=\"2026-04-24T04:17:03+00:00\" \/>\n<meta property=\"og:image\" content=\"https:\/\/adl-regalosempresa.com\/tiendaonline\/wp-content\/uploads\/2023\/03\/2PA03790.jpg\" \/>\n\t<meta property=\"og:image:width\" content=\"1600\" \/>\n\t<meta property=\"og:image:height\" content=\"1600\" \/>\n\t<meta property=\"og:image:type\" content=\"image\/jpeg\" \/>\n<meta name=\"twitter:card\" content=\"summary_large_image\" \/>\n<meta name=\"twitter:title\" content=\"Merchandising Proyector P10 Prixton para personalizar con logo - ADL\" \/>\n<script type=\"application\/ld+json\" class=\"yoast-schema-graph\">{\"@context\":\"https:\/\/schema.org\",\"@graph\":[{\"@type\":\"WebPage\",\"@id\":\"https:\/\/adl-regalosempresa.com\/tiendaonline\/articulos\/merchandising\/proyector-p10-prixton-para-personalizar-con-logo-2\/\",\"url\":\"https:\/\/adl-regalosempresa.com\/tiendaonline\/articulos\/merchandising\/proyector-p10-prixton-para-personalizar-con-logo-2\/\",\"name\":\"Merchandising Proyector P10 Prixton para personalizar con logo - ADL\",\"isPartOf\":{\"@id\":\"https:\/\/adl-regalosempresa.com\/tiendaonline\/#website\"},\"primaryImageOfPage\":{\"@id\":\"https:\/\/adl-regalosempresa.com\/tiendaonline\/articulos\/merchandising\/proyector-p10-prixton-para-personalizar-con-logo-2\/#primaryimage\"},\"image\":{\"@id\":\"https:\/\/adl-regalosempresa.com\/tiendaonline\/articulos\/merchandising\/proyector-p10-prixton-para-personalizar-con-logo-2\/#primaryimage\"},\"thumbnailUrl\":\"https:\/\/adl-regalosempresa.com\/tiendaonline\/wp-content\/uploads\/2023\/03\/2PA03790.jpg\",\"datePublished\":\"2026-04-24T04:15:58+00:00\",\"dateModified\":\"2026-04-24T04:17:03+00:00\",\"description\":\"Art\u00edculo de merchandising Proyector P10 Prixton \\\"Goya\\\". Proyector con una resoluci\u00f3n de 800 x 480 y una distancia de proyecci\u00f3n de hasta 5 metros. L\u00e1mpara con una potencia de hasta 2800 l\u00famenes. Luz LED blanca de 40 l\u00famenes ANSI. Contraste 500:1. Bombilla LED con m\u00e1s de 50\u00a0000 horas de reproducci\u00f3n. Proyecci\u00f3n de 76 a 381 cm. Puede conectarse a todo tipo de dispositivos con conexi\u00f3n HDMI. Reproducci\u00f3n de v\u00eddeo, audio, fotos y texto. Entradas: VGA, 2\u00a0HDMI, USB 2.0, tarjeta Micro-SD y AV IN. Incluye 2 altavoces est\u00e9reo y mando a distancia. Se entrega en una lujosa caja de regalo.\",\"breadcrumb\":{\"@id\":\"https:\/\/adl-regalosempresa.com\/tiendaonline\/articulos\/merchandising\/proyector-p10-prixton-para-personalizar-con-logo-2\/#breadcrumb\"},\"inLanguage\":\"es\",\"potentialAction\":[{\"@type\":\"ReadAction\",\"target\":[\"https:\/\/adl-regalosempresa.com\/tiendaonline\/articulos\/merchandising\/proyector-p10-prixton-para-personalizar-con-logo-2\/\"]}]},{\"@type\":\"ImageObject\",\"inLanguage\":\"es\",\"@id\":\"https:\/\/adl-regalosempresa.com\/tiendaonline\/articulos\/merchandising\/proyector-p10-prixton-para-personalizar-con-logo-2\/#primaryimage\",\"url\":\"https:\/\/adl-regalosempresa.com\/tiendaonline\/wp-content\/uploads\/2023\/03\/2PA03790.jpg\",\"contentUrl\":\"https:\/\/adl-regalosempresa.com\/tiendaonline\/wp-content\/uploads\/2023\/03\/2PA03790.jpg\",\"width\":1600,\"height\":1600,\"caption\":\"Proyector P10 Prixton \\\"Goya\\\"\"},{\"@type\":\"BreadcrumbList\",\"@id\":\"https:\/\/adl-regalosempresa.com\/tiendaonline\/articulos\/merchandising\/proyector-p10-prixton-para-personalizar-con-logo-2\/#breadcrumb\",\"itemListElement\":[{\"@type\":\"ListItem\",\"position\":1,\"name\":\"Portada\",\"item\":\"https:\/\/adl-regalosempresa.com\/tiendaonline\/\"},{\"@type\":\"ListItem\",\"position\":2,\"name\":\"Tienda\",\"item\":\"https:\/\/adl-regalosempresa.com\/tiendaonline\/tienda\/\"},{\"@type\":\"ListItem\",\"position\":3,\"name\":\"Proyector P10 Prixton para personalizar con logo\"}]},{\"@type\":\"WebSite\",\"@id\":\"https:\/\/adl-regalosempresa.com\/tiendaonline\/#website\",\"url\":\"https:\/\/adl-regalosempresa.com\/tiendaonline\/\",\"name\":\"ADL Comunicaci\u00f3n\",\"description\":\"Regalos de empresa\",\"publisher\":{\"@id\":\"https:\/\/adl-regalosempresa.com\/tiendaonline\/#organization\"},\"potentialAction\":[{\"@type\":\"SearchAction\",\"target\":{\"@type\":\"EntryPoint\",\"urlTemplate\":\"https:\/\/adl-regalosempresa.com\/tiendaonline\/?s={search_term_string}\"},\"query-input\":{\"@type\":\"PropertyValueSpecification\",\"valueRequired\":true,\"valueName\":\"search_term_string\"}}],\"inLanguage\":\"es\"},{\"@type\":\"Organization\",\"@id\":\"https:\/\/adl-regalosempresa.com\/tiendaonline\/#organization\",\"name\":\"ADL Comunicaci\u00f3n\",\"url\":\"https:\/\/adl-regalosempresa.com\/tiendaonline\/\",\"logo\":{\"@type\":\"ImageObject\",\"inLanguage\":\"es\",\"@id\":\"https:\/\/adl-regalosempresa.com\/tiendaonline\/#\/schema\/logo\/image\/\",\"url\":\"https:\/\/adl-regalosempresa.com\/tiendaonline\/wp-content\/uploads\/2017\/09\/logo-adl-wp.png\",\"contentUrl\":\"https:\/\/adl-regalosempresa.com\/tiendaonline\/wp-content\/uploads\/2017\/09\/logo-adl-wp.png\",\"width\":407,\"height\":185,\"caption\":\"ADL Comunicaci\u00f3n\"},\"image\":{\"@id\":\"https:\/\/adl-regalosempresa.com\/tiendaonline\/#\/schema\/logo\/image\/\"}}]}<\/script>\n<!-- \/ Yoast SEO plugin. -->","yoast_head_json":{"title":"Merchandising Proyector P10 Prixton para personalizar con logo - ADL","description":"Art\u00edculo de merchandising Proyector P10 Prixton \"Goya\". Proyector con una resoluci\u00f3n de 800 x 480 y una distancia de proyecci\u00f3n de hasta 5 metros. L\u00e1mpara con una potencia de hasta 2800 l\u00famenes. Luz LED blanca de 40 l\u00famenes ANSI. Contraste 500:1. Bombilla LED con m\u00e1s de 50\u00a0000 horas de reproducci\u00f3n. Proyecci\u00f3n de 76 a 381 cm. Puede conectarse a todo tipo de dispositivos con conexi\u00f3n HDMI. Reproducci\u00f3n de v\u00eddeo, audio, fotos y texto. Entradas: VGA, 2\u00a0HDMI, USB 2.0, tarjeta Micro-SD y AV IN. Incluye 2 altavoces est\u00e9reo y mando a distancia. Se entrega en una lujosa caja de regalo.","robots":{"index":"index","follow":"follow","max-snippet":"max-snippet:-1","max-image-preview":"max-image-preview:large","max-video-preview":"max-video-preview:-1"},"canonical":"https:\/\/adl-regalosempresa.com\/tiendaonline\/articulos\/merchandising\/proyector-p10-prixton-para-personalizar-con-logo-2\/","og_locale":"es_ES","og_type":"article","og_title":"Merchandising Proyector P10 Prixton para personalizar con logo - ADL","og_description":"Art\u00edculo de merchandising Proyector P10 Prixton \"Goya\". Proyector con una resoluci\u00f3n de 800 x 480 y una distancia de proyecci\u00f3n de hasta 5 metros. L\u00e1mpara con una potencia de hasta 2800 l\u00famenes. Luz LED blanca de 40 l\u00famenes ANSI. Contraste 500:1. Bombilla LED con m\u00e1s de 50\u00a0000 horas de reproducci\u00f3n. Proyecci\u00f3n de 76 a 381 cm. Puede conectarse a todo tipo de dispositivos con conexi\u00f3n HDMI. Reproducci\u00f3n de v\u00eddeo, audio, fotos y texto. Entradas: VGA, 2\u00a0HDMI, USB 2.0, tarjeta Micro-SD y AV IN. Incluye 2 altavoces est\u00e9reo y mando a distancia. Se entrega en una lujosa caja de regalo.","og_url":"https:\/\/adl-regalosempresa.com\/tiendaonline\/articulos\/merchandising\/proyector-p10-prixton-para-personalizar-con-logo-2\/","og_site_name":"ADL Comunicaci\u00f3n","article_modified_time":"2026-04-24T04:17:03+00:00","og_image":[{"width":1600,"height":1600,"url":"https:\/\/adl-regalosempresa.com\/tiendaonline\/wp-content\/uploads\/2023\/03\/2PA03790.jpg","type":"image\/jpeg"}],"twitter_card":"summary_large_image","twitter_title":"Merchandising Proyector P10 Prixton para personalizar con logo - ADL","schema":{"@context":"https:\/\/schema.org","@graph":[{"@type":"WebPage","@id":"https:\/\/adl-regalosempresa.com\/tiendaonline\/articulos\/merchandising\/proyector-p10-prixton-para-personalizar-con-logo-2\/","url":"https:\/\/adl-regalosempresa.com\/tiendaonline\/articulos\/merchandising\/proyector-p10-prixton-para-personalizar-con-logo-2\/","name":"Merchandising Proyector P10 Prixton para personalizar con logo - ADL","isPartOf":{"@id":"https:\/\/adl-regalosempresa.com\/tiendaonline\/#website"},"primaryImageOfPage":{"@id":"https:\/\/adl-regalosempresa.com\/tiendaonline\/articulos\/merchandising\/proyector-p10-prixton-para-personalizar-con-logo-2\/#primaryimage"},"image":{"@id":"https:\/\/adl-regalosempresa.com\/tiendaonline\/articulos\/merchandising\/proyector-p10-prixton-para-personalizar-con-logo-2\/#primaryimage"},"thumbnailUrl":"https:\/\/adl-regalosempresa.com\/tiendaonline\/wp-content\/uploads\/2023\/03\/2PA03790.jpg","datePublished":"2026-04-24T04:15:58+00:00","dateModified":"2026-04-24T04:17:03+00:00","description":"Art\u00edculo de merchandising Proyector P10 Prixton \"Goya\". Proyector con una resoluci\u00f3n de 800 x 480 y una distancia de proyecci\u00f3n de hasta 5 metros. L\u00e1mpara con una potencia de hasta 2800 l\u00famenes. Luz LED blanca de 40 l\u00famenes ANSI. Contraste 500:1. Bombilla LED con m\u00e1s de 50\u00a0000 horas de reproducci\u00f3n. Proyecci\u00f3n de 76 a 381 cm. Puede conectarse a todo tipo de dispositivos con conexi\u00f3n HDMI. Reproducci\u00f3n de v\u00eddeo, audio, fotos y texto. Entradas: VGA, 2\u00a0HDMI, USB 2.0, tarjeta Micro-SD y AV IN. Incluye 2 altavoces est\u00e9reo y mando a distancia. Se entrega en una lujosa caja de regalo.","breadcrumb":{"@id":"https:\/\/adl-regalosempresa.com\/tiendaonline\/articulos\/merchandising\/proyector-p10-prixton-para-personalizar-con-logo-2\/#breadcrumb"},"inLanguage":"es","potentialAction":[{"@type":"ReadAction","target":["https:\/\/adl-regalosempresa.com\/tiendaonline\/articulos\/merchandising\/proyector-p10-prixton-para-personalizar-con-logo-2\/"]}]},{"@type":"ImageObject","inLanguage":"es","@id":"https:\/\/adl-regalosempresa.com\/tiendaonline\/articulos\/merchandising\/proyector-p10-prixton-para-personalizar-con-logo-2\/#primaryimage","url":"https:\/\/adl-regalosempresa.com\/tiendaonline\/wp-content\/uploads\/2023\/03\/2PA03790.jpg","contentUrl":"https:\/\/adl-regalosempresa.com\/tiendaonline\/wp-content\/uploads\/2023\/03\/2PA03790.jpg","width":1600,"height":1600,"caption":"Proyector P10 Prixton \"Goya\""},{"@type":"BreadcrumbList","@id":"https:\/\/adl-regalosempresa.com\/tiendaonline\/articulos\/merchandising\/proyector-p10-prixton-para-personalizar-con-logo-2\/#breadcrumb","itemListElement":[{"@type":"ListItem","position":1,"name":"Portada","item":"https:\/\/adl-regalosempresa.com\/tiendaonline\/"},{"@type":"ListItem","position":2,"name":"Tienda","item":"https:\/\/adl-regalosempresa.com\/tiendaonline\/tienda\/"},{"@type":"ListItem","position":3,"name":"Proyector P10 Prixton para personalizar con logo"}]},{"@type":"WebSite","@id":"https:\/\/adl-regalosempresa.com\/tiendaonline\/#website","url":"https:\/\/adl-regalosempresa.com\/tiendaonline\/","name":"ADL Comunicaci\u00f3n","description":"Regalos de empresa","publisher":{"@id":"https:\/\/adl-regalosempresa.com\/tiendaonline\/#organization"},"potentialAction":[{"@type":"SearchAction","target":{"@type":"EntryPoint","urlTemplate":"https:\/\/adl-regalosempresa.com\/tiendaonline\/?s={search_term_string}"},"query-input":{"@type":"PropertyValueSpecification","valueRequired":true,"valueName":"search_term_string"}}],"inLanguage":"es"},{"@type":"Organization","@id":"https:\/\/adl-regalosempresa.com\/tiendaonline\/#organization","name":"ADL Comunicaci\u00f3n","url":"https:\/\/adl-regalosempresa.com\/tiendaonline\/","logo":{"@type":"ImageObject","inLanguage":"es","@id":"https:\/\/adl-regalosempresa.com\/tiendaonline\/#\/schema\/logo\/image\/","url":"https:\/\/adl-regalosempresa.com\/tiendaonline\/wp-content\/uploads\/2017\/09\/logo-adl-wp.png","contentUrl":"https:\/\/adl-regalosempresa.com\/tiendaonline\/wp-content\/uploads\/2017\/09\/logo-adl-wp.png","width":407,"height":185,"caption":"ADL Comunicaci\u00f3n"},"image":{"@id":"https:\/\/adl-regalosempresa.com\/tiendaonline\/#\/schema\/logo\/image\/"}}]}},"_links":{"self":[{"href":"https:\/\/adl-regalosempresa.com\/tiendaonline\/wp-json\/wp\/v2\/product\/121478","targetHints":{"allow":["GET"]}}],"collection":[{"href":"https:\/\/adl-regalosempresa.com\/tiendaonline\/wp-json\/wp\/v2\/product"}],"about":[{"href":"https:\/\/adl-regalosempresa.com\/tiendaonline\/wp-json\/wp\/v2\/types\/product"}],"wp:featuredmedia":[{"embeddable":true,"href":"https:\/\/adl-regalosempresa.com\/tiendaonline\/wp-json\/wp\/v2\/media\/121546"}],"wp:attachment":[{"href":"https:\/\/adl-regalosempresa.com\/tiendaonline\/wp-json\/wp\/v2\/media?parent=121478"}],"wp:term":[{"taxonomy":"product_brand","embeddable":true,"href":"https:\/\/adl-regalosempresa.com\/tiendaonline\/wp-json\/wp\/v2\/product_brand?post=121478"},{"taxonomy":"product_cat","embeddable":true,"href":"https:\/\/adl-regalosempresa.com\/tiendaonline\/wp-json\/wp\/v2\/product_cat?post=121478"},{"taxonomy":"product_tag","embeddable":true,"href":"https:\/\/adl-regalosempresa.com\/tiendaonline\/wp-json\/wp\/v2\/product_tag?post=121478"}],"curies":[{"name":"wp","href":"https:\/\/api.w.org\/{rel}","templated":true}]}}