{"id":120938,"date":"2026-04-11T04:22:06","date_gmt":"2026-04-11T04:22:06","guid":{"rendered":"https:\/\/adl-regalosempresa.com\/tiendaonline\/articulos\/merchandising\/notus-mens-padded-softshell-jacket-para-personalizar-con-logo\/"},"modified":"2026-04-30T08:48:11","modified_gmt":"2026-04-30T08:48:11","slug":"chaqueta-softshell-acolchada-para-hombre-para-personalizar-con-logo","status":"publish","type":"product","link":"https:\/\/adl-regalosempresa.com\/tiendaonline\/articulos\/merchandising\/chaqueta-softshell-acolchada-para-hombre-para-personalizar-con-logo\/","title":{"rendered":"Chaqueta softshell acolchada para hombre  para personalizar con logo"},"content":{"rendered":"<p>La chaqueta softshell acolchada para hombre Notus es una combinaci\u00f3n perfecta de estilo, funcionalidad y comodidad. Dise\u00f1ada con un look moderno, esta chaqueta cuenta con una capucha desmontable con botones a presi\u00f3n, que te permite personalizar tu look f\u00e1cilmente. La etiqueta principal extra\u00edble garantiza una mayor comodidad sobre la piel. Enfrentarse a las inclemencias del tiempo es muy f\u00e1cil gracias a la cremallera en espiral invertida en contraste en el centro de la parte delantera y a la solapa antitormentas interior con protecci\u00f3n para la barbilla. Los bolsillos delanteros con cremallera y el pr\u00e1ctico bolsillo de la manga con cremallera permiten guardar todo lo necesario. Si necesitas m\u00e1s espacio, tambi\u00e9n hay un bolsillo interior de malla. Fabricado en poli\u00e9ster el\u00e1stico mec\u00e1nico de 250 g\/m\u00b2 con forro de tafet\u00e1n de poli\u00e9ster, que no s\u00f3lo proporciona un acolchado y un relleno \u00f3ptimos, sino que tambi\u00e9n presenta un llamativo estampado. Con la chaqueta softshell acolchada Notus no tendr\u00e1s que renunciar ni al estilo ni al rendimiento.<\/p>\n","protected":false},"excerpt":{"rendered":"<p><strong>Descuentos por cantidades<\/strong><br \/>&#8211; a partir de 25 unidades: 30,58 \u20ac\/ud<br \/>&#8211; a partir de 50 unidades: 30,58 \u20ac\/ud<br \/>&#8211; a partir de 100 unidades: 30,58 \u20ac\/ud<\/p>\n<p>Para cantidades superiores a las aqu\u00ed indicadas, no dudes en ponerte en contacto con nuestro departamento comercial o <a href='https:\/\/adl-regalosempresa.com\/tiendaonline\/solicitud-presupuesto\/'>pedirnos presupuesto personalizado<\/a>, ajustaremos el presupuesto a tus necesidades.<\/p>\n","protected":false},"featured_media":121968,"template":"","meta":{"_kad_post_transparent":"","_kad_post_title":"","_kad_post_layout":"","_kad_post_sidebar_id":"","_kad_post_content_style":"","_kad_post_vertical_padding":"","_kad_post_feature":"","_kad_post_feature_position":"","_kad_post_header":false,"_kad_post_footer":false,"_kad_post_classname":""},"product_brand":[],"product_cat":[5423,3649],"product_tag":[],"class_list":{"0":"post-120938","1":"product","2":"type-product","3":"status-publish","4":"has-post-thumbnail","6":"product_cat-chaquetas-ropa","7":"product_cat-ropa","8":"pa_color-azul","9":"pa_color-azul-marino","10":"pa_color-gris-tormenta","11":"pa_color-naranja","12":"pa_color-negro-intenso","13":"pa_color-rojo","14":"pa_color-simple-azul","15":"pa_color-simple-gris","16":"pa_color-simple-naranja","17":"pa_color-simple-negro-intenso","18":"pa_color-simple-rojo","19":"pa_genero-hombre","20":"pa_marca-elevate","21":"pa_material-tejido-de-estiramiento-mecanico-poliester-250-g-m2-padding-filling-tafetan-poliester","22":"pa_peso-950-gr","23":"pa_talla-xs","24":"pa_talla-s","25":"pa_talla-m","26":"pa_talla-l","27":"pa_talla-xl","28":"pa_talla-xxl","29":"pa_talla-3xl","31":"first","32":"instock","33":"taxable","34":"shipping-taxable","35":"purchasable","36":"product-type-variable","37":"entry","38":"content-bg","39":"loop-entry"},"yoast_head":"<!-- This site is optimized with the Yoast SEO plugin v26.3 - https:\/\/yoast.com\/wordpress\/plugins\/seo\/ -->\n<title>Merchandising Chaqueta softshell acolchada para hombre para personalizar con logo - ADL<\/title>\n<meta name=\"description\" content=\"Art\u00edculo de merchandising Chaqueta softshell acolchada para hombre &quot;Notus&quot;. La chaqueta softshell acolchada para hombre Notus es una combinaci\u00f3n perfecta de estilo, funcionalidad y comodidad. Dise\u00f1ada con un look moderno, esta chaqueta cuenta con una capucha desmontable con botones a presi\u00f3n, que te permite personalizar tu look f\u00e1cilmente. La etiqueta principal extra\u00edble garantiza una mayor comodidad sobre la piel. Enfrentarse a las inclemencias del tiempo es muy f\u00e1cil gracias a la cremallera en espiral invertida en contraste en el centro de la parte delantera y a la solapa antitormentas interior con protecci\u00f3n para la barbilla. Los bolsillos delanteros con cremallera y el pr\u00e1ctico bolsillo de la manga con cremallera permiten guardar todo lo necesario. Si necesitas m\u00e1s espacio, tambi\u00e9n hay un bolsillo interior de malla. Fabricado en poli\u00e9ster el\u00e1stico mec\u00e1nico de 250 g\/m\u00b2 con forro de tafet\u00e1n de poli\u00e9ster, que no s\u00f3lo proporciona un acolchado y un relleno \u00f3ptimos, sino que tambi\u00e9n presenta un llamativo estampado. Con la chaqueta softshell acolchada Notus no tendr\u00e1s que renunciar ni al estilo ni al rendimiento.\" \/>\n<meta name=\"robots\" content=\"index, follow, max-snippet:-1, max-image-preview:large, max-video-preview:-1\" \/>\n<link rel=\"canonical\" href=\"https:\/\/adl-regalosempresa.com\/tiendaonline\/articulos\/merchandising\/chaqueta-softshell-acolchada-para-hombre-para-personalizar-con-logo\/\" \/>\n<meta property=\"og:locale\" content=\"es_ES\" \/>\n<meta property=\"og:type\" content=\"article\" \/>\n<meta property=\"og:title\" content=\"Merchandising Chaqueta softshell acolchada para hombre para personalizar con logo - ADL\" \/>\n<meta property=\"og:description\" content=\"Art\u00edculo de merchandising Chaqueta softshell acolchada para hombre &quot;Notus&quot;. La chaqueta softshell acolchada para hombre Notus es una combinaci\u00f3n perfecta de estilo, funcionalidad y comodidad. Dise\u00f1ada con un look moderno, esta chaqueta cuenta con una capucha desmontable con botones a presi\u00f3n, que te permite personalizar tu look f\u00e1cilmente. La etiqueta principal extra\u00edble garantiza una mayor comodidad sobre la piel. Enfrentarse a las inclemencias del tiempo es muy f\u00e1cil gracias a la cremallera en espiral invertida en contraste en el centro de la parte delantera y a la solapa antitormentas interior con protecci\u00f3n para la barbilla. Los bolsillos delanteros con cremallera y el pr\u00e1ctico bolsillo de la manga con cremallera permiten guardar todo lo necesario. Si necesitas m\u00e1s espacio, tambi\u00e9n hay un bolsillo interior de malla. Fabricado en poli\u00e9ster el\u00e1stico mec\u00e1nico de 250 g\/m\u00b2 con forro de tafet\u00e1n de poli\u00e9ster, que no s\u00f3lo proporciona un acolchado y un relleno \u00f3ptimos, sino que tambi\u00e9n presenta un llamativo estampado. Con la chaqueta softshell acolchada Notus no tendr\u00e1s que renunciar ni al estilo ni al rendimiento.\" \/>\n<meta property=\"og:url\" content=\"https:\/\/adl-regalosempresa.com\/tiendaonline\/articulos\/merchandising\/chaqueta-softshell-acolchada-para-hombre-para-personalizar-con-logo\/\" \/>\n<meta property=\"og:site_name\" content=\"ADL Comunicaci\u00f3n\" \/>\n<meta property=\"article:modified_time\" content=\"2026-04-30T08:48:11+00:00\" \/>\n<meta property=\"og:image\" content=\"https:\/\/adl-regalosempresa.com\/tiendaonline\/wp-content\/uploads\/2023\/08\/3833821.jpg\" \/>\n\t<meta property=\"og:image:width\" content=\"1600\" \/>\n\t<meta property=\"og:image:height\" content=\"1600\" \/>\n\t<meta property=\"og:image:type\" content=\"image\/jpeg\" \/>\n<meta name=\"twitter:card\" content=\"summary_large_image\" \/>\n<meta name=\"twitter:title\" content=\"Merchandising Chaqueta softshell acolchada para hombre para personalizar con logo - ADL\" \/>\n<meta name=\"twitter:label1\" content=\"Tiempo de lectura\" \/>\n\t<meta name=\"twitter:data1\" content=\"1 minuto\" \/>\n<script type=\"application\/ld+json\" class=\"yoast-schema-graph\">{\"@context\":\"https:\/\/schema.org\",\"@graph\":[{\"@type\":\"WebPage\",\"@id\":\"https:\/\/adl-regalosempresa.com\/tiendaonline\/articulos\/merchandising\/chaqueta-softshell-acolchada-para-hombre-para-personalizar-con-logo\/\",\"url\":\"https:\/\/adl-regalosempresa.com\/tiendaonline\/articulos\/merchandising\/chaqueta-softshell-acolchada-para-hombre-para-personalizar-con-logo\/\",\"name\":\"Merchandising Chaqueta softshell acolchada para hombre para personalizar con logo - ADL\",\"isPartOf\":{\"@id\":\"https:\/\/adl-regalosempresa.com\/tiendaonline\/#website\"},\"primaryImageOfPage\":{\"@id\":\"https:\/\/adl-regalosempresa.com\/tiendaonline\/articulos\/merchandising\/chaqueta-softshell-acolchada-para-hombre-para-personalizar-con-logo\/#primaryimage\"},\"image\":{\"@id\":\"https:\/\/adl-regalosempresa.com\/tiendaonline\/articulos\/merchandising\/chaqueta-softshell-acolchada-para-hombre-para-personalizar-con-logo\/#primaryimage\"},\"thumbnailUrl\":\"https:\/\/adl-regalosempresa.com\/tiendaonline\/wp-content\/uploads\/2023\/08\/3833821.jpg\",\"datePublished\":\"2026-04-11T04:22:06+00:00\",\"dateModified\":\"2026-04-30T08:48:11+00:00\",\"description\":\"Art\u00edculo de merchandising Chaqueta softshell acolchada para hombre \\\"Notus\\\". La chaqueta softshell acolchada para hombre Notus es una combinaci\u00f3n perfecta de estilo, funcionalidad y comodidad. Dise\u00f1ada con un look moderno, esta chaqueta cuenta con una capucha desmontable con botones a presi\u00f3n, que te permite personalizar tu look f\u00e1cilmente. La etiqueta principal extra\u00edble garantiza una mayor comodidad sobre la piel. Enfrentarse a las inclemencias del tiempo es muy f\u00e1cil gracias a la cremallera en espiral invertida en contraste en el centro de la parte delantera y a la solapa antitormentas interior con protecci\u00f3n para la barbilla. Los bolsillos delanteros con cremallera y el pr\u00e1ctico bolsillo de la manga con cremallera permiten guardar todo lo necesario. Si necesitas m\u00e1s espacio, tambi\u00e9n hay un bolsillo interior de malla. Fabricado en poli\u00e9ster el\u00e1stico mec\u00e1nico de 250 g\/m\u00b2 con forro de tafet\u00e1n de poli\u00e9ster, que no s\u00f3lo proporciona un acolchado y un relleno \u00f3ptimos, sino que tambi\u00e9n presenta un llamativo estampado. Con la chaqueta softshell acolchada Notus no tendr\u00e1s que renunciar ni al estilo ni al rendimiento.\",\"breadcrumb\":{\"@id\":\"https:\/\/adl-regalosempresa.com\/tiendaonline\/articulos\/merchandising\/chaqueta-softshell-acolchada-para-hombre-para-personalizar-con-logo\/#breadcrumb\"},\"inLanguage\":\"es\",\"potentialAction\":[{\"@type\":\"ReadAction\",\"target\":[\"https:\/\/adl-regalosempresa.com\/tiendaonline\/articulos\/merchandising\/chaqueta-softshell-acolchada-para-hombre-para-personalizar-con-logo\/\"]}]},{\"@type\":\"ImageObject\",\"inLanguage\":\"es\",\"@id\":\"https:\/\/adl-regalosempresa.com\/tiendaonline\/articulos\/merchandising\/chaqueta-softshell-acolchada-para-hombre-para-personalizar-con-logo\/#primaryimage\",\"url\":\"https:\/\/adl-regalosempresa.com\/tiendaonline\/wp-content\/uploads\/2023\/08\/3833821.jpg\",\"contentUrl\":\"https:\/\/adl-regalosempresa.com\/tiendaonline\/wp-content\/uploads\/2023\/08\/3833821.jpg\",\"width\":1600,\"height\":1600,\"caption\":\"Chaqueta softshell acolchada para hombre \\\"Notus\\\"\"},{\"@type\":\"BreadcrumbList\",\"@id\":\"https:\/\/adl-regalosempresa.com\/tiendaonline\/articulos\/merchandising\/chaqueta-softshell-acolchada-para-hombre-para-personalizar-con-logo\/#breadcrumb\",\"itemListElement\":[{\"@type\":\"ListItem\",\"position\":1,\"name\":\"Portada\",\"item\":\"https:\/\/adl-regalosempresa.com\/tiendaonline\/\"},{\"@type\":\"ListItem\",\"position\":2,\"name\":\"Tienda\",\"item\":\"https:\/\/adl-regalosempresa.com\/tiendaonline\/tienda\/\"},{\"@type\":\"ListItem\",\"position\":3,\"name\":\"Chaqueta softshell acolchada para hombre para personalizar con logo\"}]},{\"@type\":\"WebSite\",\"@id\":\"https:\/\/adl-regalosempresa.com\/tiendaonline\/#website\",\"url\":\"https:\/\/adl-regalosempresa.com\/tiendaonline\/\",\"name\":\"ADL Comunicaci\u00f3n\",\"description\":\"Regalos de empresa\",\"publisher\":{\"@id\":\"https:\/\/adl-regalosempresa.com\/tiendaonline\/#organization\"},\"potentialAction\":[{\"@type\":\"SearchAction\",\"target\":{\"@type\":\"EntryPoint\",\"urlTemplate\":\"https:\/\/adl-regalosempresa.com\/tiendaonline\/?s={search_term_string}\"},\"query-input\":{\"@type\":\"PropertyValueSpecification\",\"valueRequired\":true,\"valueName\":\"search_term_string\"}}],\"inLanguage\":\"es\"},{\"@type\":\"Organization\",\"@id\":\"https:\/\/adl-regalosempresa.com\/tiendaonline\/#organization\",\"name\":\"ADL Comunicaci\u00f3n\",\"url\":\"https:\/\/adl-regalosempresa.com\/tiendaonline\/\",\"logo\":{\"@type\":\"ImageObject\",\"inLanguage\":\"es\",\"@id\":\"https:\/\/adl-regalosempresa.com\/tiendaonline\/#\/schema\/logo\/image\/\",\"url\":\"https:\/\/adl-regalosempresa.com\/tiendaonline\/wp-content\/uploads\/2017\/09\/logo-adl-wp.png\",\"contentUrl\":\"https:\/\/adl-regalosempresa.com\/tiendaonline\/wp-content\/uploads\/2017\/09\/logo-adl-wp.png\",\"width\":407,\"height\":185,\"caption\":\"ADL Comunicaci\u00f3n\"},\"image\":{\"@id\":\"https:\/\/adl-regalosempresa.com\/tiendaonline\/#\/schema\/logo\/image\/\"}}]}<\/script>\n<!-- \/ Yoast SEO plugin. -->","yoast_head_json":{"title":"Merchandising Chaqueta softshell acolchada para hombre para personalizar con logo - ADL","description":"Art\u00edculo de merchandising Chaqueta softshell acolchada para hombre \"Notus\". La chaqueta softshell acolchada para hombre Notus es una combinaci\u00f3n perfecta de estilo, funcionalidad y comodidad. Dise\u00f1ada con un look moderno, esta chaqueta cuenta con una capucha desmontable con botones a presi\u00f3n, que te permite personalizar tu look f\u00e1cilmente. La etiqueta principal extra\u00edble garantiza una mayor comodidad sobre la piel. Enfrentarse a las inclemencias del tiempo es muy f\u00e1cil gracias a la cremallera en espiral invertida en contraste en el centro de la parte delantera y a la solapa antitormentas interior con protecci\u00f3n para la barbilla. Los bolsillos delanteros con cremallera y el pr\u00e1ctico bolsillo de la manga con cremallera permiten guardar todo lo necesario. Si necesitas m\u00e1s espacio, tambi\u00e9n hay un bolsillo interior de malla. Fabricado en poli\u00e9ster el\u00e1stico mec\u00e1nico de 250 g\/m\u00b2 con forro de tafet\u00e1n de poli\u00e9ster, que no s\u00f3lo proporciona un acolchado y un relleno \u00f3ptimos, sino que tambi\u00e9n presenta un llamativo estampado. Con la chaqueta softshell acolchada Notus no tendr\u00e1s que renunciar ni al estilo ni al rendimiento.","robots":{"index":"index","follow":"follow","max-snippet":"max-snippet:-1","max-image-preview":"max-image-preview:large","max-video-preview":"max-video-preview:-1"},"canonical":"https:\/\/adl-regalosempresa.com\/tiendaonline\/articulos\/merchandising\/chaqueta-softshell-acolchada-para-hombre-para-personalizar-con-logo\/","og_locale":"es_ES","og_type":"article","og_title":"Merchandising Chaqueta softshell acolchada para hombre para personalizar con logo - ADL","og_description":"Art\u00edculo de merchandising Chaqueta softshell acolchada para hombre \"Notus\". La chaqueta softshell acolchada para hombre Notus es una combinaci\u00f3n perfecta de estilo, funcionalidad y comodidad. Dise\u00f1ada con un look moderno, esta chaqueta cuenta con una capucha desmontable con botones a presi\u00f3n, que te permite personalizar tu look f\u00e1cilmente. La etiqueta principal extra\u00edble garantiza una mayor comodidad sobre la piel. Enfrentarse a las inclemencias del tiempo es muy f\u00e1cil gracias a la cremallera en espiral invertida en contraste en el centro de la parte delantera y a la solapa antitormentas interior con protecci\u00f3n para la barbilla. Los bolsillos delanteros con cremallera y el pr\u00e1ctico bolsillo de la manga con cremallera permiten guardar todo lo necesario. Si necesitas m\u00e1s espacio, tambi\u00e9n hay un bolsillo interior de malla. Fabricado en poli\u00e9ster el\u00e1stico mec\u00e1nico de 250 g\/m\u00b2 con forro de tafet\u00e1n de poli\u00e9ster, que no s\u00f3lo proporciona un acolchado y un relleno \u00f3ptimos, sino que tambi\u00e9n presenta un llamativo estampado. Con la chaqueta softshell acolchada Notus no tendr\u00e1s que renunciar ni al estilo ni al rendimiento.","og_url":"https:\/\/adl-regalosempresa.com\/tiendaonline\/articulos\/merchandising\/chaqueta-softshell-acolchada-para-hombre-para-personalizar-con-logo\/","og_site_name":"ADL Comunicaci\u00f3n","article_modified_time":"2026-04-30T08:48:11+00:00","og_image":[{"width":1600,"height":1600,"url":"https:\/\/adl-regalosempresa.com\/tiendaonline\/wp-content\/uploads\/2023\/08\/3833821.jpg","type":"image\/jpeg"}],"twitter_card":"summary_large_image","twitter_title":"Merchandising Chaqueta softshell acolchada para hombre para personalizar con logo - ADL","twitter_misc":{"Tiempo de lectura":"1 minuto"},"schema":{"@context":"https:\/\/schema.org","@graph":[{"@type":"WebPage","@id":"https:\/\/adl-regalosempresa.com\/tiendaonline\/articulos\/merchandising\/chaqueta-softshell-acolchada-para-hombre-para-personalizar-con-logo\/","url":"https:\/\/adl-regalosempresa.com\/tiendaonline\/articulos\/merchandising\/chaqueta-softshell-acolchada-para-hombre-para-personalizar-con-logo\/","name":"Merchandising Chaqueta softshell acolchada para hombre para personalizar con logo - ADL","isPartOf":{"@id":"https:\/\/adl-regalosempresa.com\/tiendaonline\/#website"},"primaryImageOfPage":{"@id":"https:\/\/adl-regalosempresa.com\/tiendaonline\/articulos\/merchandising\/chaqueta-softshell-acolchada-para-hombre-para-personalizar-con-logo\/#primaryimage"},"image":{"@id":"https:\/\/adl-regalosempresa.com\/tiendaonline\/articulos\/merchandising\/chaqueta-softshell-acolchada-para-hombre-para-personalizar-con-logo\/#primaryimage"},"thumbnailUrl":"https:\/\/adl-regalosempresa.com\/tiendaonline\/wp-content\/uploads\/2023\/08\/3833821.jpg","datePublished":"2026-04-11T04:22:06+00:00","dateModified":"2026-04-30T08:48:11+00:00","description":"Art\u00edculo de merchandising Chaqueta softshell acolchada para hombre \"Notus\". La chaqueta softshell acolchada para hombre Notus es una combinaci\u00f3n perfecta de estilo, funcionalidad y comodidad. Dise\u00f1ada con un look moderno, esta chaqueta cuenta con una capucha desmontable con botones a presi\u00f3n, que te permite personalizar tu look f\u00e1cilmente. La etiqueta principal extra\u00edble garantiza una mayor comodidad sobre la piel. Enfrentarse a las inclemencias del tiempo es muy f\u00e1cil gracias a la cremallera en espiral invertida en contraste en el centro de la parte delantera y a la solapa antitormentas interior con protecci\u00f3n para la barbilla. Los bolsillos delanteros con cremallera y el pr\u00e1ctico bolsillo de la manga con cremallera permiten guardar todo lo necesario. Si necesitas m\u00e1s espacio, tambi\u00e9n hay un bolsillo interior de malla. Fabricado en poli\u00e9ster el\u00e1stico mec\u00e1nico de 250 g\/m\u00b2 con forro de tafet\u00e1n de poli\u00e9ster, que no s\u00f3lo proporciona un acolchado y un relleno \u00f3ptimos, sino que tambi\u00e9n presenta un llamativo estampado. Con la chaqueta softshell acolchada Notus no tendr\u00e1s que renunciar ni al estilo ni al rendimiento.","breadcrumb":{"@id":"https:\/\/adl-regalosempresa.com\/tiendaonline\/articulos\/merchandising\/chaqueta-softshell-acolchada-para-hombre-para-personalizar-con-logo\/#breadcrumb"},"inLanguage":"es","potentialAction":[{"@type":"ReadAction","target":["https:\/\/adl-regalosempresa.com\/tiendaonline\/articulos\/merchandising\/chaqueta-softshell-acolchada-para-hombre-para-personalizar-con-logo\/"]}]},{"@type":"ImageObject","inLanguage":"es","@id":"https:\/\/adl-regalosempresa.com\/tiendaonline\/articulos\/merchandising\/chaqueta-softshell-acolchada-para-hombre-para-personalizar-con-logo\/#primaryimage","url":"https:\/\/adl-regalosempresa.com\/tiendaonline\/wp-content\/uploads\/2023\/08\/3833821.jpg","contentUrl":"https:\/\/adl-regalosempresa.com\/tiendaonline\/wp-content\/uploads\/2023\/08\/3833821.jpg","width":1600,"height":1600,"caption":"Chaqueta softshell acolchada para hombre \"Notus\""},{"@type":"BreadcrumbList","@id":"https:\/\/adl-regalosempresa.com\/tiendaonline\/articulos\/merchandising\/chaqueta-softshell-acolchada-para-hombre-para-personalizar-con-logo\/#breadcrumb","itemListElement":[{"@type":"ListItem","position":1,"name":"Portada","item":"https:\/\/adl-regalosempresa.com\/tiendaonline\/"},{"@type":"ListItem","position":2,"name":"Tienda","item":"https:\/\/adl-regalosempresa.com\/tiendaonline\/tienda\/"},{"@type":"ListItem","position":3,"name":"Chaqueta softshell acolchada para hombre para personalizar con logo"}]},{"@type":"WebSite","@id":"https:\/\/adl-regalosempresa.com\/tiendaonline\/#website","url":"https:\/\/adl-regalosempresa.com\/tiendaonline\/","name":"ADL Comunicaci\u00f3n","description":"Regalos de empresa","publisher":{"@id":"https:\/\/adl-regalosempresa.com\/tiendaonline\/#organization"},"potentialAction":[{"@type":"SearchAction","target":{"@type":"EntryPoint","urlTemplate":"https:\/\/adl-regalosempresa.com\/tiendaonline\/?s={search_term_string}"},"query-input":{"@type":"PropertyValueSpecification","valueRequired":true,"valueName":"search_term_string"}}],"inLanguage":"es"},{"@type":"Organization","@id":"https:\/\/adl-regalosempresa.com\/tiendaonline\/#organization","name":"ADL Comunicaci\u00f3n","url":"https:\/\/adl-regalosempresa.com\/tiendaonline\/","logo":{"@type":"ImageObject","inLanguage":"es","@id":"https:\/\/adl-regalosempresa.com\/tiendaonline\/#\/schema\/logo\/image\/","url":"https:\/\/adl-regalosempresa.com\/tiendaonline\/wp-content\/uploads\/2017\/09\/logo-adl-wp.png","contentUrl":"https:\/\/adl-regalosempresa.com\/tiendaonline\/wp-content\/uploads\/2017\/09\/logo-adl-wp.png","width":407,"height":185,"caption":"ADL Comunicaci\u00f3n"},"image":{"@id":"https:\/\/adl-regalosempresa.com\/tiendaonline\/#\/schema\/logo\/image\/"}}]}},"_links":{"self":[{"href":"https:\/\/adl-regalosempresa.com\/tiendaonline\/wp-json\/wp\/v2\/product\/120938","targetHints":{"allow":["GET"]}}],"collection":[{"href":"https:\/\/adl-regalosempresa.com\/tiendaonline\/wp-json\/wp\/v2\/product"}],"about":[{"href":"https:\/\/adl-regalosempresa.com\/tiendaonline\/wp-json\/wp\/v2\/types\/product"}],"wp:featuredmedia":[{"embeddable":true,"href":"https:\/\/adl-regalosempresa.com\/tiendaonline\/wp-json\/wp\/v2\/media\/121968"}],"wp:attachment":[{"href":"https:\/\/adl-regalosempresa.com\/tiendaonline\/wp-json\/wp\/v2\/media?parent=120938"}],"wp:term":[{"taxonomy":"product_brand","embeddable":true,"href":"https:\/\/adl-regalosempresa.com\/tiendaonline\/wp-json\/wp\/v2\/product_brand?post=120938"},{"taxonomy":"product_cat","embeddable":true,"href":"https:\/\/adl-regalosempresa.com\/tiendaonline\/wp-json\/wp\/v2\/product_cat?post=120938"},{"taxonomy":"product_tag","embeddable":true,"href":"https:\/\/adl-regalosempresa.com\/tiendaonline\/wp-json\/wp\/v2\/product_tag?post=120938"}],"curies":[{"name":"wp","href":"https:\/\/api.w.org\/{rel}","templated":true}]}}