{"id":117635,"date":"2026-05-17T04:28:16","date_gmt":"2026-05-17T04:28:16","guid":{"rendered":"https:\/\/adl-regalosempresa.com\/tiendaonline\/articulos\/merchandising\/lanyard-para-telefono-para-personalizar-con-logo\/"},"modified":"2026-05-17T04:29:31","modified_gmt":"2026-05-17T04:29:31","slug":"lanyard-para-telefono-kubi-para-personalizar-con-logo","status":"publish","type":"product","link":"https:\/\/adl-regalosempresa.com\/tiendaonline\/articulos\/merchandising\/lanyard-para-telefono-kubi-para-personalizar-con-logo\/","title":{"rendered":"Lanyard para tel\u00e9fono Kubi para personalizar con logo"},"content":{"rendered":"<p>Lanyard universal de alta calidad para fundas de tel\u00e9fono m\u00f3vil, ideal para todos los smartphones con funda. La longitud m\u00e1xima del lanyard es de 160\u00a0cm y, con el lazo ajustable, se puede regular seg\u00fan sea necesario. El lanyard se puede soltar f\u00e1cilmente con el gancho de metal, pero la cinta queda dentro de la carcasa del tel\u00e9fono para fijarla de nuevo r\u00e1pidamente.<\/p>\n","protected":false},"excerpt":{"rendered":"<p><strong>Descuentos por cantidades<\/strong><br \/>&#8211; a partir de 250 unidades: 3,49 \u20ac\/ud<br \/>&#8211; a partir de 500 unidades: 3,38 \u20ac\/ud<br \/>&#8211; a partir de 1000 unidades: 3,32 \u20ac\/ud<\/p>\n<p>Para cantidades superiores a las aqu\u00ed indicadas, no dudes en ponerte en contacto con nuestro departamento comercial o <a href='https:\/\/adl-regalosempresa.com\/tiendaonline\/solicitud-presupuesto\/'>pedirnos presupuesto personalizado<\/a>, ajustaremos el presupuesto a tus necesidades.<\/p>\n","protected":false},"featured_media":117637,"template":"","meta":{"_kad_post_transparent":"","_kad_post_title":"","_kad_post_layout":"","_kad_post_sidebar_id":"","_kad_post_content_style":"","_kad_post_vertical_padding":"","_kad_post_feature":"","_kad_post_feature_position":"","_kad_post_header":false,"_kad_post_footer":false,"_kad_post_classname":""},"product_brand":[],"product_cat":[3952,486],"product_tag":[],"class_list":{"0":"post-117635","1":"product","2":"type-product","3":"status-publish","4":"has-post-thumbnail","6":"product_cat-accesorios-para-telefonos-y-tablet","7":"product_cat-tecnologia","8":"pa_alto-01-cm","9":"pa_ancho-53-cm","10":"pa_color-azul-real","11":"pa_color-blanco","12":"pa_color-negro-intenso","13":"pa_color-rojo","14":"pa_color-simple-azul","15":"pa_color-simple-blanco","16":"pa_color-simple-negro-intenso","17":"pa_color-simple-rojo","18":"pa_largo-58-cm","19":"pa_marca-unbranded","20":"pa_material-nylon-plastico-abs","21":"pa_peso-30-gr","23":"first","24":"instock","25":"taxable","26":"shipping-taxable","27":"purchasable","28":"product-type-variable","29":"entry","30":"content-bg","31":"loop-entry"},"yoast_head":"<!-- This site is optimized with the Yoast SEO plugin v26.3 - https:\/\/yoast.com\/wordpress\/plugins\/seo\/ -->\n<title>Merchandising Lanyard para tel\u00e9fono Kubi para personalizar con logo - ADL<\/title>\n<meta name=\"description\" content=\"Art\u00edculo de merchandising Lanyard para tel\u00e9fono Kubi. Lanyard universal de alta calidad para fundas de tel\u00e9fono m\u00f3vil, ideal para todos los smartphones con funda. La longitud m\u00e1xima del lanyard es de 160\u00a0cm y, con el lazo ajustable, se puede regular seg\u00fan sea necesario. El lanyard se puede soltar f\u00e1cilmente con el gancho de metal, pero la cinta queda dentro de la carcasa del tel\u00e9fono para fijarla de nuevo r\u00e1pidamente.\" \/>\n<meta name=\"robots\" content=\"index, follow, max-snippet:-1, max-image-preview:large, max-video-preview:-1\" \/>\n<link rel=\"canonical\" href=\"https:\/\/adl-regalosempresa.com\/tiendaonline\/articulos\/merchandising\/lanyard-para-telefono-kubi-para-personalizar-con-logo\/\" \/>\n<meta property=\"og:locale\" content=\"es_ES\" \/>\n<meta property=\"og:type\" content=\"article\" \/>\n<meta property=\"og:title\" content=\"Merchandising Lanyard para tel\u00e9fono Kubi para personalizar con logo - ADL\" \/>\n<meta property=\"og:description\" content=\"Art\u00edculo de merchandising Lanyard para tel\u00e9fono Kubi. Lanyard universal de alta calidad para fundas de tel\u00e9fono m\u00f3vil, ideal para todos los smartphones con funda. La longitud m\u00e1xima del lanyard es de 160\u00a0cm y, con el lazo ajustable, se puede regular seg\u00fan sea necesario. El lanyard se puede soltar f\u00e1cilmente con el gancho de metal, pero la cinta queda dentro de la carcasa del tel\u00e9fono para fijarla de nuevo r\u00e1pidamente.\" \/>\n<meta property=\"og:url\" content=\"https:\/\/adl-regalosempresa.com\/tiendaonline\/articulos\/merchandising\/lanyard-para-telefono-kubi-para-personalizar-con-logo\/\" \/>\n<meta property=\"og:site_name\" content=\"ADL Comunicaci\u00f3n\" \/>\n<meta property=\"article:modified_time\" content=\"2026-05-17T04:29:31+00:00\" \/>\n<meta property=\"og:image\" content=\"https:\/\/adl-regalosempresa.com\/tiendaonline\/wp-content\/uploads\/2022\/07\/12426301.jpg\" \/>\n\t<meta property=\"og:image:width\" content=\"1600\" \/>\n\t<meta property=\"og:image:height\" content=\"1600\" \/>\n\t<meta property=\"og:image:type\" content=\"image\/jpeg\" \/>\n<meta name=\"twitter:card\" content=\"summary_large_image\" \/>\n<meta name=\"twitter:title\" content=\"Merchandising Lanyard para tel\u00e9fono Kubi para personalizar con logo - ADL\" \/>\n<script type=\"application\/ld+json\" class=\"yoast-schema-graph\">{\"@context\":\"https:\/\/schema.org\",\"@graph\":[{\"@type\":\"WebPage\",\"@id\":\"https:\/\/adl-regalosempresa.com\/tiendaonline\/articulos\/merchandising\/lanyard-para-telefono-kubi-para-personalizar-con-logo\/\",\"url\":\"https:\/\/adl-regalosempresa.com\/tiendaonline\/articulos\/merchandising\/lanyard-para-telefono-kubi-para-personalizar-con-logo\/\",\"name\":\"Merchandising Lanyard para tel\u00e9fono Kubi para personalizar con logo - ADL\",\"isPartOf\":{\"@id\":\"https:\/\/adl-regalosempresa.com\/tiendaonline\/#website\"},\"primaryImageOfPage\":{\"@id\":\"https:\/\/adl-regalosempresa.com\/tiendaonline\/articulos\/merchandising\/lanyard-para-telefono-kubi-para-personalizar-con-logo\/#primaryimage\"},\"image\":{\"@id\":\"https:\/\/adl-regalosempresa.com\/tiendaonline\/articulos\/merchandising\/lanyard-para-telefono-kubi-para-personalizar-con-logo\/#primaryimage\"},\"thumbnailUrl\":\"https:\/\/adl-regalosempresa.com\/tiendaonline\/wp-content\/uploads\/2022\/07\/12426301.jpg\",\"datePublished\":\"2026-05-17T04:28:16+00:00\",\"dateModified\":\"2026-05-17T04:29:31+00:00\",\"description\":\"Art\u00edculo de merchandising Lanyard para tel\u00e9fono Kubi. Lanyard universal de alta calidad para fundas de tel\u00e9fono m\u00f3vil, ideal para todos los smartphones con funda. La longitud m\u00e1xima del lanyard es de 160\u00a0cm y, con el lazo ajustable, se puede regular seg\u00fan sea necesario. El lanyard se puede soltar f\u00e1cilmente con el gancho de metal, pero la cinta queda dentro de la carcasa del tel\u00e9fono para fijarla de nuevo r\u00e1pidamente.\",\"breadcrumb\":{\"@id\":\"https:\/\/adl-regalosempresa.com\/tiendaonline\/articulos\/merchandising\/lanyard-para-telefono-kubi-para-personalizar-con-logo\/#breadcrumb\"},\"inLanguage\":\"es\",\"potentialAction\":[{\"@type\":\"ReadAction\",\"target\":[\"https:\/\/adl-regalosempresa.com\/tiendaonline\/articulos\/merchandising\/lanyard-para-telefono-kubi-para-personalizar-con-logo\/\"]}]},{\"@type\":\"ImageObject\",\"inLanguage\":\"es\",\"@id\":\"https:\/\/adl-regalosempresa.com\/tiendaonline\/articulos\/merchandising\/lanyard-para-telefono-kubi-para-personalizar-con-logo\/#primaryimage\",\"url\":\"https:\/\/adl-regalosempresa.com\/tiendaonline\/wp-content\/uploads\/2022\/07\/12426301.jpg\",\"contentUrl\":\"https:\/\/adl-regalosempresa.com\/tiendaonline\/wp-content\/uploads\/2022\/07\/12426301.jpg\",\"width\":1600,\"height\":1600,\"caption\":\"Lanyard para tel\u00e9fono Kubi\"},{\"@type\":\"BreadcrumbList\",\"@id\":\"https:\/\/adl-regalosempresa.com\/tiendaonline\/articulos\/merchandising\/lanyard-para-telefono-kubi-para-personalizar-con-logo\/#breadcrumb\",\"itemListElement\":[{\"@type\":\"ListItem\",\"position\":1,\"name\":\"Portada\",\"item\":\"https:\/\/adl-regalosempresa.com\/tiendaonline\/\"},{\"@type\":\"ListItem\",\"position\":2,\"name\":\"Tienda\",\"item\":\"https:\/\/adl-regalosempresa.com\/tiendaonline\/tienda\/\"},{\"@type\":\"ListItem\",\"position\":3,\"name\":\"Lanyard para tel\u00e9fono Kubi para personalizar con logo\"}]},{\"@type\":\"WebSite\",\"@id\":\"https:\/\/adl-regalosempresa.com\/tiendaonline\/#website\",\"url\":\"https:\/\/adl-regalosempresa.com\/tiendaonline\/\",\"name\":\"ADL Comunicaci\u00f3n\",\"description\":\"Regalos de empresa\",\"publisher\":{\"@id\":\"https:\/\/adl-regalosempresa.com\/tiendaonline\/#organization\"},\"potentialAction\":[{\"@type\":\"SearchAction\",\"target\":{\"@type\":\"EntryPoint\",\"urlTemplate\":\"https:\/\/adl-regalosempresa.com\/tiendaonline\/?s={search_term_string}\"},\"query-input\":{\"@type\":\"PropertyValueSpecification\",\"valueRequired\":true,\"valueName\":\"search_term_string\"}}],\"inLanguage\":\"es\"},{\"@type\":\"Organization\",\"@id\":\"https:\/\/adl-regalosempresa.com\/tiendaonline\/#organization\",\"name\":\"ADL Comunicaci\u00f3n\",\"url\":\"https:\/\/adl-regalosempresa.com\/tiendaonline\/\",\"logo\":{\"@type\":\"ImageObject\",\"inLanguage\":\"es\",\"@id\":\"https:\/\/adl-regalosempresa.com\/tiendaonline\/#\/schema\/logo\/image\/\",\"url\":\"https:\/\/adl-regalosempresa.com\/tiendaonline\/wp-content\/uploads\/2017\/09\/logo-adl-wp.png\",\"contentUrl\":\"https:\/\/adl-regalosempresa.com\/tiendaonline\/wp-content\/uploads\/2017\/09\/logo-adl-wp.png\",\"width\":407,\"height\":185,\"caption\":\"ADL Comunicaci\u00f3n\"},\"image\":{\"@id\":\"https:\/\/adl-regalosempresa.com\/tiendaonline\/#\/schema\/logo\/image\/\"}}]}<\/script>\n<!-- \/ Yoast SEO plugin. -->","yoast_head_json":{"title":"Merchandising Lanyard para tel\u00e9fono Kubi para personalizar con logo - ADL","description":"Art\u00edculo de merchandising Lanyard para tel\u00e9fono Kubi. Lanyard universal de alta calidad para fundas de tel\u00e9fono m\u00f3vil, ideal para todos los smartphones con funda. La longitud m\u00e1xima del lanyard es de 160\u00a0cm y, con el lazo ajustable, se puede regular seg\u00fan sea necesario. El lanyard se puede soltar f\u00e1cilmente con el gancho de metal, pero la cinta queda dentro de la carcasa del tel\u00e9fono para fijarla de nuevo r\u00e1pidamente.","robots":{"index":"index","follow":"follow","max-snippet":"max-snippet:-1","max-image-preview":"max-image-preview:large","max-video-preview":"max-video-preview:-1"},"canonical":"https:\/\/adl-regalosempresa.com\/tiendaonline\/articulos\/merchandising\/lanyard-para-telefono-kubi-para-personalizar-con-logo\/","og_locale":"es_ES","og_type":"article","og_title":"Merchandising Lanyard para tel\u00e9fono Kubi para personalizar con logo - ADL","og_description":"Art\u00edculo de merchandising Lanyard para tel\u00e9fono Kubi. Lanyard universal de alta calidad para fundas de tel\u00e9fono m\u00f3vil, ideal para todos los smartphones con funda. La longitud m\u00e1xima del lanyard es de 160\u00a0cm y, con el lazo ajustable, se puede regular seg\u00fan sea necesario. El lanyard se puede soltar f\u00e1cilmente con el gancho de metal, pero la cinta queda dentro de la carcasa del tel\u00e9fono para fijarla de nuevo r\u00e1pidamente.","og_url":"https:\/\/adl-regalosempresa.com\/tiendaonline\/articulos\/merchandising\/lanyard-para-telefono-kubi-para-personalizar-con-logo\/","og_site_name":"ADL Comunicaci\u00f3n","article_modified_time":"2026-05-17T04:29:31+00:00","og_image":[{"width":1600,"height":1600,"url":"https:\/\/adl-regalosempresa.com\/tiendaonline\/wp-content\/uploads\/2022\/07\/12426301.jpg","type":"image\/jpeg"}],"twitter_card":"summary_large_image","twitter_title":"Merchandising Lanyard para tel\u00e9fono Kubi para personalizar con logo - ADL","schema":{"@context":"https:\/\/schema.org","@graph":[{"@type":"WebPage","@id":"https:\/\/adl-regalosempresa.com\/tiendaonline\/articulos\/merchandising\/lanyard-para-telefono-kubi-para-personalizar-con-logo\/","url":"https:\/\/adl-regalosempresa.com\/tiendaonline\/articulos\/merchandising\/lanyard-para-telefono-kubi-para-personalizar-con-logo\/","name":"Merchandising Lanyard para tel\u00e9fono Kubi para personalizar con logo - ADL","isPartOf":{"@id":"https:\/\/adl-regalosempresa.com\/tiendaonline\/#website"},"primaryImageOfPage":{"@id":"https:\/\/adl-regalosempresa.com\/tiendaonline\/articulos\/merchandising\/lanyard-para-telefono-kubi-para-personalizar-con-logo\/#primaryimage"},"image":{"@id":"https:\/\/adl-regalosempresa.com\/tiendaonline\/articulos\/merchandising\/lanyard-para-telefono-kubi-para-personalizar-con-logo\/#primaryimage"},"thumbnailUrl":"https:\/\/adl-regalosempresa.com\/tiendaonline\/wp-content\/uploads\/2022\/07\/12426301.jpg","datePublished":"2026-05-17T04:28:16+00:00","dateModified":"2026-05-17T04:29:31+00:00","description":"Art\u00edculo de merchandising Lanyard para tel\u00e9fono Kubi. Lanyard universal de alta calidad para fundas de tel\u00e9fono m\u00f3vil, ideal para todos los smartphones con funda. La longitud m\u00e1xima del lanyard es de 160\u00a0cm y, con el lazo ajustable, se puede regular seg\u00fan sea necesario. El lanyard se puede soltar f\u00e1cilmente con el gancho de metal, pero la cinta queda dentro de la carcasa del tel\u00e9fono para fijarla de nuevo r\u00e1pidamente.","breadcrumb":{"@id":"https:\/\/adl-regalosempresa.com\/tiendaonline\/articulos\/merchandising\/lanyard-para-telefono-kubi-para-personalizar-con-logo\/#breadcrumb"},"inLanguage":"es","potentialAction":[{"@type":"ReadAction","target":["https:\/\/adl-regalosempresa.com\/tiendaonline\/articulos\/merchandising\/lanyard-para-telefono-kubi-para-personalizar-con-logo\/"]}]},{"@type":"ImageObject","inLanguage":"es","@id":"https:\/\/adl-regalosempresa.com\/tiendaonline\/articulos\/merchandising\/lanyard-para-telefono-kubi-para-personalizar-con-logo\/#primaryimage","url":"https:\/\/adl-regalosempresa.com\/tiendaonline\/wp-content\/uploads\/2022\/07\/12426301.jpg","contentUrl":"https:\/\/adl-regalosempresa.com\/tiendaonline\/wp-content\/uploads\/2022\/07\/12426301.jpg","width":1600,"height":1600,"caption":"Lanyard para tel\u00e9fono Kubi"},{"@type":"BreadcrumbList","@id":"https:\/\/adl-regalosempresa.com\/tiendaonline\/articulos\/merchandising\/lanyard-para-telefono-kubi-para-personalizar-con-logo\/#breadcrumb","itemListElement":[{"@type":"ListItem","position":1,"name":"Portada","item":"https:\/\/adl-regalosempresa.com\/tiendaonline\/"},{"@type":"ListItem","position":2,"name":"Tienda","item":"https:\/\/adl-regalosempresa.com\/tiendaonline\/tienda\/"},{"@type":"ListItem","position":3,"name":"Lanyard para tel\u00e9fono Kubi para personalizar con logo"}]},{"@type":"WebSite","@id":"https:\/\/adl-regalosempresa.com\/tiendaonline\/#website","url":"https:\/\/adl-regalosempresa.com\/tiendaonline\/","name":"ADL Comunicaci\u00f3n","description":"Regalos de empresa","publisher":{"@id":"https:\/\/adl-regalosempresa.com\/tiendaonline\/#organization"},"potentialAction":[{"@type":"SearchAction","target":{"@type":"EntryPoint","urlTemplate":"https:\/\/adl-regalosempresa.com\/tiendaonline\/?s={search_term_string}"},"query-input":{"@type":"PropertyValueSpecification","valueRequired":true,"valueName":"search_term_string"}}],"inLanguage":"es"},{"@type":"Organization","@id":"https:\/\/adl-regalosempresa.com\/tiendaonline\/#organization","name":"ADL Comunicaci\u00f3n","url":"https:\/\/adl-regalosempresa.com\/tiendaonline\/","logo":{"@type":"ImageObject","inLanguage":"es","@id":"https:\/\/adl-regalosempresa.com\/tiendaonline\/#\/schema\/logo\/image\/","url":"https:\/\/adl-regalosempresa.com\/tiendaonline\/wp-content\/uploads\/2017\/09\/logo-adl-wp.png","contentUrl":"https:\/\/adl-regalosempresa.com\/tiendaonline\/wp-content\/uploads\/2017\/09\/logo-adl-wp.png","width":407,"height":185,"caption":"ADL Comunicaci\u00f3n"},"image":{"@id":"https:\/\/adl-regalosempresa.com\/tiendaonline\/#\/schema\/logo\/image\/"}}]}},"_links":{"self":[{"href":"https:\/\/adl-regalosempresa.com\/tiendaonline\/wp-json\/wp\/v2\/product\/117635","targetHints":{"allow":["GET"]}}],"collection":[{"href":"https:\/\/adl-regalosempresa.com\/tiendaonline\/wp-json\/wp\/v2\/product"}],"about":[{"href":"https:\/\/adl-regalosempresa.com\/tiendaonline\/wp-json\/wp\/v2\/types\/product"}],"wp:featuredmedia":[{"embeddable":true,"href":"https:\/\/adl-regalosempresa.com\/tiendaonline\/wp-json\/wp\/v2\/media\/117637"}],"wp:attachment":[{"href":"https:\/\/adl-regalosempresa.com\/tiendaonline\/wp-json\/wp\/v2\/media?parent=117635"}],"wp:term":[{"taxonomy":"product_brand","embeddable":true,"href":"https:\/\/adl-regalosempresa.com\/tiendaonline\/wp-json\/wp\/v2\/product_brand?post=117635"},{"taxonomy":"product_cat","embeddable":true,"href":"https:\/\/adl-regalosempresa.com\/tiendaonline\/wp-json\/wp\/v2\/product_cat?post=117635"},{"taxonomy":"product_tag","embeddable":true,"href":"https:\/\/adl-regalosempresa.com\/tiendaonline\/wp-json\/wp\/v2\/product_tag?post=117635"}],"curies":[{"name":"wp","href":"https:\/\/api.w.org\/{rel}","templated":true}]}}