{"id":107173,"date":"2026-04-14T04:07:52","date_gmt":"2026-04-14T04:07:52","guid":{"rendered":"https:\/\/adl-regalosempresa.com\/tiendaonline\/articulos\/merchandising\/polo-organico-gots-de-manga-corta-para-mujer-para-personalizar\/"},"modified":"2026-04-19T07:42:38","modified_gmt":"2026-04-19T07:42:38","slug":"polo-organico-de-manga-corta-para-mujer-para-personalizar-con-logo","status":"publish","type":"product","link":"https:\/\/adl-regalosempresa.com\/tiendaonline\/articulos\/merchandising\/polo-organico-de-manga-corta-para-mujer-para-personalizar-con-logo\/","title":{"rendered":"Polo org\u00e1nico de manga corta para mujer  para personalizar con logo"},"content":{"rendered":"<p>El polo org\u00e1nico Graphite de manga corta para mujer es un ejemplo de estilo y sostenibilidad. Confeccionado en suave y c\u00f3modo algod\u00f3n org\u00e1nico de 180 g\/m\u00b2, este polo combina la fabricaci\u00f3n \u00e9tica con una comodidad excepcional. Este polo est\u00e1 dise\u00f1ado con un corte entallado para un mayor ajuste. Con su dise\u00f1o atemporal, el polo Graphie realzar\u00e1 tu estilo en cualquier ocasi\u00f3n.<\/p>\n","protected":false},"excerpt":{"rendered":"<p><strong>Descuentos por cantidades<\/strong><br \/>&#8211; a partir de 25 unidades: 9,33 \u20ac\/ud<br \/>&#8211; a partir de 50 unidades: 9,33 \u20ac\/ud<br \/>&#8211; a partir de 100 unidades: 9,33 \u20ac\/ud<\/p>\n<p>Para cantidades superiores a las aqu\u00ed indicadas, no dudes en ponerte en contacto con nuestro departamento comercial o <a href='https:\/\/adl-regalosempresa.com\/tiendaonline\/solicitud-presupuesto\/'>pedirnos presupuesto personalizado<\/a>, ajustaremos el presupuesto a tus necesidades.<\/p>\n","protected":false},"featured_media":107175,"template":"","meta":{"_kad_post_transparent":"","_kad_post_title":"","_kad_post_layout":"","_kad_post_sidebar_id":"","_kad_post_content_style":"","_kad_post_vertical_padding":"","_kad_post_feature":"","_kad_post_feature_position":"","_kad_post_header":false,"_kad_post_footer":false,"_kad_post_classname":""},"product_brand":[],"product_cat":[5414,3649],"product_tag":[],"class_list":{"0":"post-107173","1":"product","2":"type-product","3":"status-publish","4":"has-post-thumbnail","6":"product_cat-polos","7":"product_cat-ropa","8":"pa_color-azul-marino","9":"pa_color-azul-nxt","10":"pa_color-blanco","11":"pa_color-gris-tormenta","12":"pa_color-negro-intenso","13":"pa_color-rojo","14":"pa_color-simple-azul","15":"pa_color-simple-blanco","16":"pa_color-simple-gris","17":"pa_color-simple-negro-intenso","18":"pa_color-simple-rojo","19":"pa_genero-mujer","20":"pa_marca-elevate","21":"pa_material-punto-pique-algodon-organico-180-g-m2","22":"pa_peso-210-gr","23":"pa_talla-xs","24":"pa_talla-s","25":"pa_talla-m","26":"pa_talla-l","27":"pa_talla-xl","28":"pa_talla-xxl","30":"first","31":"instock","32":"taxable","33":"shipping-taxable","34":"purchasable","35":"product-type-variable","36":"entry","37":"content-bg","38":"loop-entry"},"yoast_head":"<!-- This site is optimized with the Yoast SEO plugin v26.3 - https:\/\/yoast.com\/wordpress\/plugins\/seo\/ -->\n<title>Merchandising Polo org\u00e1nico de manga corta para mujer para personalizar con logo - ADL<\/title>\n<meta name=\"description\" content=\"Art\u00edculo de merchandising Polo org\u00e1nico de manga corta para mujer &quot;Graphite&quot;. El polo org\u00e1nico Graphite de manga corta para mujer es un ejemplo de estilo y sostenibilidad. Confeccionado en suave y c\u00f3modo algod\u00f3n org\u00e1nico de 180 g\/m\u00b2, este polo combina la fabricaci\u00f3n \u00e9tica con una comodidad excepcional. Este polo est\u00e1 dise\u00f1ado con un corte entallado para un mayor ajuste. Con su dise\u00f1o atemporal, el polo Graphie realzar\u00e1 tu estilo en cualquier ocasi\u00f3n.\" \/>\n<meta name=\"robots\" content=\"index, follow, max-snippet:-1, max-image-preview:large, max-video-preview:-1\" \/>\n<link rel=\"canonical\" href=\"https:\/\/adl-regalosempresa.com\/tiendaonline\/articulos\/merchandising\/polo-organico-de-manga-corta-para-mujer-para-personalizar-con-logo\/\" \/>\n<meta property=\"og:locale\" content=\"es_ES\" \/>\n<meta property=\"og:type\" content=\"article\" \/>\n<meta property=\"og:title\" content=\"Merchandising Polo org\u00e1nico de manga corta para mujer para personalizar con logo - ADL\" \/>\n<meta property=\"og:description\" content=\"Art\u00edculo de merchandising Polo org\u00e1nico de manga corta para mujer &quot;Graphite&quot;. El polo org\u00e1nico Graphite de manga corta para mujer es un ejemplo de estilo y sostenibilidad. Confeccionado en suave y c\u00f3modo algod\u00f3n org\u00e1nico de 180 g\/m\u00b2, este polo combina la fabricaci\u00f3n \u00e9tica con una comodidad excepcional. Este polo est\u00e1 dise\u00f1ado con un corte entallado para un mayor ajuste. Con su dise\u00f1o atemporal, el polo Graphie realzar\u00e1 tu estilo en cualquier ocasi\u00f3n.\" \/>\n<meta property=\"og:url\" content=\"https:\/\/adl-regalosempresa.com\/tiendaonline\/articulos\/merchandising\/polo-organico-de-manga-corta-para-mujer-para-personalizar-con-logo\/\" \/>\n<meta property=\"og:site_name\" content=\"ADL Comunicaci\u00f3n\" \/>\n<meta property=\"article:modified_time\" content=\"2026-04-19T07:42:38+00:00\" \/>\n<meta property=\"og:image\" content=\"https:\/\/adl-regalosempresa.com\/tiendaonline\/wp-content\/uploads\/2022\/06\/3750901.jpg\" \/>\n\t<meta property=\"og:image:width\" content=\"1600\" \/>\n\t<meta property=\"og:image:height\" content=\"1600\" \/>\n\t<meta property=\"og:image:type\" content=\"image\/jpeg\" \/>\n<meta name=\"twitter:card\" content=\"summary_large_image\" \/>\n<meta name=\"twitter:title\" content=\"Merchandising Polo org\u00e1nico de manga corta para mujer para personalizar con logo - ADL\" \/>\n<script type=\"application\/ld+json\" class=\"yoast-schema-graph\">{\"@context\":\"https:\/\/schema.org\",\"@graph\":[{\"@type\":\"WebPage\",\"@id\":\"https:\/\/adl-regalosempresa.com\/tiendaonline\/articulos\/merchandising\/polo-organico-de-manga-corta-para-mujer-para-personalizar-con-logo\/\",\"url\":\"https:\/\/adl-regalosempresa.com\/tiendaonline\/articulos\/merchandising\/polo-organico-de-manga-corta-para-mujer-para-personalizar-con-logo\/\",\"name\":\"Merchandising Polo org\u00e1nico de manga corta para mujer para personalizar con logo - ADL\",\"isPartOf\":{\"@id\":\"https:\/\/adl-regalosempresa.com\/tiendaonline\/#website\"},\"primaryImageOfPage\":{\"@id\":\"https:\/\/adl-regalosempresa.com\/tiendaonline\/articulos\/merchandising\/polo-organico-de-manga-corta-para-mujer-para-personalizar-con-logo\/#primaryimage\"},\"image\":{\"@id\":\"https:\/\/adl-regalosempresa.com\/tiendaonline\/articulos\/merchandising\/polo-organico-de-manga-corta-para-mujer-para-personalizar-con-logo\/#primaryimage\"},\"thumbnailUrl\":\"https:\/\/adl-regalosempresa.com\/tiendaonline\/wp-content\/uploads\/2022\/06\/3750901.jpg\",\"datePublished\":\"2026-04-14T04:07:52+00:00\",\"dateModified\":\"2026-04-19T07:42:38+00:00\",\"description\":\"Art\u00edculo de merchandising Polo org\u00e1nico de manga corta para mujer \\\"Graphite\\\". El polo org\u00e1nico Graphite de manga corta para mujer es un ejemplo de estilo y sostenibilidad. Confeccionado en suave y c\u00f3modo algod\u00f3n org\u00e1nico de 180 g\/m\u00b2, este polo combina la fabricaci\u00f3n \u00e9tica con una comodidad excepcional. Este polo est\u00e1 dise\u00f1ado con un corte entallado para un mayor ajuste. Con su dise\u00f1o atemporal, el polo Graphie realzar\u00e1 tu estilo en cualquier ocasi\u00f3n.\",\"breadcrumb\":{\"@id\":\"https:\/\/adl-regalosempresa.com\/tiendaonline\/articulos\/merchandising\/polo-organico-de-manga-corta-para-mujer-para-personalizar-con-logo\/#breadcrumb\"},\"inLanguage\":\"es\",\"potentialAction\":[{\"@type\":\"ReadAction\",\"target\":[\"https:\/\/adl-regalosempresa.com\/tiendaonline\/articulos\/merchandising\/polo-organico-de-manga-corta-para-mujer-para-personalizar-con-logo\/\"]}]},{\"@type\":\"ImageObject\",\"inLanguage\":\"es\",\"@id\":\"https:\/\/adl-regalosempresa.com\/tiendaonline\/articulos\/merchandising\/polo-organico-de-manga-corta-para-mujer-para-personalizar-con-logo\/#primaryimage\",\"url\":\"https:\/\/adl-regalosempresa.com\/tiendaonline\/wp-content\/uploads\/2022\/06\/3750901.jpg\",\"contentUrl\":\"https:\/\/adl-regalosempresa.com\/tiendaonline\/wp-content\/uploads\/2022\/06\/3750901.jpg\",\"width\":1600,\"height\":1600,\"caption\":\"Polo org\u00e1nico de manga corta para mujer \\\"Graphite\\\"\"},{\"@type\":\"BreadcrumbList\",\"@id\":\"https:\/\/adl-regalosempresa.com\/tiendaonline\/articulos\/merchandising\/polo-organico-de-manga-corta-para-mujer-para-personalizar-con-logo\/#breadcrumb\",\"itemListElement\":[{\"@type\":\"ListItem\",\"position\":1,\"name\":\"Portada\",\"item\":\"https:\/\/adl-regalosempresa.com\/tiendaonline\/\"},{\"@type\":\"ListItem\",\"position\":2,\"name\":\"Tienda\",\"item\":\"https:\/\/adl-regalosempresa.com\/tiendaonline\/tienda\/\"},{\"@type\":\"ListItem\",\"position\":3,\"name\":\"Polo org\u00e1nico de manga corta para mujer para personalizar con logo\"}]},{\"@type\":\"WebSite\",\"@id\":\"https:\/\/adl-regalosempresa.com\/tiendaonline\/#website\",\"url\":\"https:\/\/adl-regalosempresa.com\/tiendaonline\/\",\"name\":\"ADL Comunicaci\u00f3n\",\"description\":\"Regalos de empresa\",\"publisher\":{\"@id\":\"https:\/\/adl-regalosempresa.com\/tiendaonline\/#organization\"},\"potentialAction\":[{\"@type\":\"SearchAction\",\"target\":{\"@type\":\"EntryPoint\",\"urlTemplate\":\"https:\/\/adl-regalosempresa.com\/tiendaonline\/?s={search_term_string}\"},\"query-input\":{\"@type\":\"PropertyValueSpecification\",\"valueRequired\":true,\"valueName\":\"search_term_string\"}}],\"inLanguage\":\"es\"},{\"@type\":\"Organization\",\"@id\":\"https:\/\/adl-regalosempresa.com\/tiendaonline\/#organization\",\"name\":\"ADL Comunicaci\u00f3n\",\"url\":\"https:\/\/adl-regalosempresa.com\/tiendaonline\/\",\"logo\":{\"@type\":\"ImageObject\",\"inLanguage\":\"es\",\"@id\":\"https:\/\/adl-regalosempresa.com\/tiendaonline\/#\/schema\/logo\/image\/\",\"url\":\"https:\/\/adl-regalosempresa.com\/tiendaonline\/wp-content\/uploads\/2017\/09\/logo-adl-wp.png\",\"contentUrl\":\"https:\/\/adl-regalosempresa.com\/tiendaonline\/wp-content\/uploads\/2017\/09\/logo-adl-wp.png\",\"width\":407,\"height\":185,\"caption\":\"ADL Comunicaci\u00f3n\"},\"image\":{\"@id\":\"https:\/\/adl-regalosempresa.com\/tiendaonline\/#\/schema\/logo\/image\/\"}}]}<\/script>\n<!-- \/ Yoast SEO plugin. -->","yoast_head_json":{"title":"Merchandising Polo org\u00e1nico de manga corta para mujer para personalizar con logo - ADL","description":"Art\u00edculo de merchandising Polo org\u00e1nico de manga corta para mujer \"Graphite\". El polo org\u00e1nico Graphite de manga corta para mujer es un ejemplo de estilo y sostenibilidad. Confeccionado en suave y c\u00f3modo algod\u00f3n org\u00e1nico de 180 g\/m\u00b2, este polo combina la fabricaci\u00f3n \u00e9tica con una comodidad excepcional. Este polo est\u00e1 dise\u00f1ado con un corte entallado para un mayor ajuste. Con su dise\u00f1o atemporal, el polo Graphie realzar\u00e1 tu estilo en cualquier ocasi\u00f3n.","robots":{"index":"index","follow":"follow","max-snippet":"max-snippet:-1","max-image-preview":"max-image-preview:large","max-video-preview":"max-video-preview:-1"},"canonical":"https:\/\/adl-regalosempresa.com\/tiendaonline\/articulos\/merchandising\/polo-organico-de-manga-corta-para-mujer-para-personalizar-con-logo\/","og_locale":"es_ES","og_type":"article","og_title":"Merchandising Polo org\u00e1nico de manga corta para mujer para personalizar con logo - ADL","og_description":"Art\u00edculo de merchandising Polo org\u00e1nico de manga corta para mujer \"Graphite\". El polo org\u00e1nico Graphite de manga corta para mujer es un ejemplo de estilo y sostenibilidad. Confeccionado en suave y c\u00f3modo algod\u00f3n org\u00e1nico de 180 g\/m\u00b2, este polo combina la fabricaci\u00f3n \u00e9tica con una comodidad excepcional. Este polo est\u00e1 dise\u00f1ado con un corte entallado para un mayor ajuste. Con su dise\u00f1o atemporal, el polo Graphie realzar\u00e1 tu estilo en cualquier ocasi\u00f3n.","og_url":"https:\/\/adl-regalosempresa.com\/tiendaonline\/articulos\/merchandising\/polo-organico-de-manga-corta-para-mujer-para-personalizar-con-logo\/","og_site_name":"ADL Comunicaci\u00f3n","article_modified_time":"2026-04-19T07:42:38+00:00","og_image":[{"width":1600,"height":1600,"url":"https:\/\/adl-regalosempresa.com\/tiendaonline\/wp-content\/uploads\/2022\/06\/3750901.jpg","type":"image\/jpeg"}],"twitter_card":"summary_large_image","twitter_title":"Merchandising Polo org\u00e1nico de manga corta para mujer para personalizar con logo - ADL","schema":{"@context":"https:\/\/schema.org","@graph":[{"@type":"WebPage","@id":"https:\/\/adl-regalosempresa.com\/tiendaonline\/articulos\/merchandising\/polo-organico-de-manga-corta-para-mujer-para-personalizar-con-logo\/","url":"https:\/\/adl-regalosempresa.com\/tiendaonline\/articulos\/merchandising\/polo-organico-de-manga-corta-para-mujer-para-personalizar-con-logo\/","name":"Merchandising Polo org\u00e1nico de manga corta para mujer para personalizar con logo - ADL","isPartOf":{"@id":"https:\/\/adl-regalosempresa.com\/tiendaonline\/#website"},"primaryImageOfPage":{"@id":"https:\/\/adl-regalosempresa.com\/tiendaonline\/articulos\/merchandising\/polo-organico-de-manga-corta-para-mujer-para-personalizar-con-logo\/#primaryimage"},"image":{"@id":"https:\/\/adl-regalosempresa.com\/tiendaonline\/articulos\/merchandising\/polo-organico-de-manga-corta-para-mujer-para-personalizar-con-logo\/#primaryimage"},"thumbnailUrl":"https:\/\/adl-regalosempresa.com\/tiendaonline\/wp-content\/uploads\/2022\/06\/3750901.jpg","datePublished":"2026-04-14T04:07:52+00:00","dateModified":"2026-04-19T07:42:38+00:00","description":"Art\u00edculo de merchandising Polo org\u00e1nico de manga corta para mujer \"Graphite\". El polo org\u00e1nico Graphite de manga corta para mujer es un ejemplo de estilo y sostenibilidad. Confeccionado en suave y c\u00f3modo algod\u00f3n org\u00e1nico de 180 g\/m\u00b2, este polo combina la fabricaci\u00f3n \u00e9tica con una comodidad excepcional. Este polo est\u00e1 dise\u00f1ado con un corte entallado para un mayor ajuste. Con su dise\u00f1o atemporal, el polo Graphie realzar\u00e1 tu estilo en cualquier ocasi\u00f3n.","breadcrumb":{"@id":"https:\/\/adl-regalosempresa.com\/tiendaonline\/articulos\/merchandising\/polo-organico-de-manga-corta-para-mujer-para-personalizar-con-logo\/#breadcrumb"},"inLanguage":"es","potentialAction":[{"@type":"ReadAction","target":["https:\/\/adl-regalosempresa.com\/tiendaonline\/articulos\/merchandising\/polo-organico-de-manga-corta-para-mujer-para-personalizar-con-logo\/"]}]},{"@type":"ImageObject","inLanguage":"es","@id":"https:\/\/adl-regalosempresa.com\/tiendaonline\/articulos\/merchandising\/polo-organico-de-manga-corta-para-mujer-para-personalizar-con-logo\/#primaryimage","url":"https:\/\/adl-regalosempresa.com\/tiendaonline\/wp-content\/uploads\/2022\/06\/3750901.jpg","contentUrl":"https:\/\/adl-regalosempresa.com\/tiendaonline\/wp-content\/uploads\/2022\/06\/3750901.jpg","width":1600,"height":1600,"caption":"Polo org\u00e1nico de manga corta para mujer \"Graphite\""},{"@type":"BreadcrumbList","@id":"https:\/\/adl-regalosempresa.com\/tiendaonline\/articulos\/merchandising\/polo-organico-de-manga-corta-para-mujer-para-personalizar-con-logo\/#breadcrumb","itemListElement":[{"@type":"ListItem","position":1,"name":"Portada","item":"https:\/\/adl-regalosempresa.com\/tiendaonline\/"},{"@type":"ListItem","position":2,"name":"Tienda","item":"https:\/\/adl-regalosempresa.com\/tiendaonline\/tienda\/"},{"@type":"ListItem","position":3,"name":"Polo org\u00e1nico de manga corta para mujer para personalizar con logo"}]},{"@type":"WebSite","@id":"https:\/\/adl-regalosempresa.com\/tiendaonline\/#website","url":"https:\/\/adl-regalosempresa.com\/tiendaonline\/","name":"ADL Comunicaci\u00f3n","description":"Regalos de empresa","publisher":{"@id":"https:\/\/adl-regalosempresa.com\/tiendaonline\/#organization"},"potentialAction":[{"@type":"SearchAction","target":{"@type":"EntryPoint","urlTemplate":"https:\/\/adl-regalosempresa.com\/tiendaonline\/?s={search_term_string}"},"query-input":{"@type":"PropertyValueSpecification","valueRequired":true,"valueName":"search_term_string"}}],"inLanguage":"es"},{"@type":"Organization","@id":"https:\/\/adl-regalosempresa.com\/tiendaonline\/#organization","name":"ADL Comunicaci\u00f3n","url":"https:\/\/adl-regalosempresa.com\/tiendaonline\/","logo":{"@type":"ImageObject","inLanguage":"es","@id":"https:\/\/adl-regalosempresa.com\/tiendaonline\/#\/schema\/logo\/image\/","url":"https:\/\/adl-regalosempresa.com\/tiendaonline\/wp-content\/uploads\/2017\/09\/logo-adl-wp.png","contentUrl":"https:\/\/adl-regalosempresa.com\/tiendaonline\/wp-content\/uploads\/2017\/09\/logo-adl-wp.png","width":407,"height":185,"caption":"ADL Comunicaci\u00f3n"},"image":{"@id":"https:\/\/adl-regalosempresa.com\/tiendaonline\/#\/schema\/logo\/image\/"}}]}},"_links":{"self":[{"href":"https:\/\/adl-regalosempresa.com\/tiendaonline\/wp-json\/wp\/v2\/product\/107173","targetHints":{"allow":["GET"]}}],"collection":[{"href":"https:\/\/adl-regalosempresa.com\/tiendaonline\/wp-json\/wp\/v2\/product"}],"about":[{"href":"https:\/\/adl-regalosempresa.com\/tiendaonline\/wp-json\/wp\/v2\/types\/product"}],"wp:featuredmedia":[{"embeddable":true,"href":"https:\/\/adl-regalosempresa.com\/tiendaonline\/wp-json\/wp\/v2\/media\/107175"}],"wp:attachment":[{"href":"https:\/\/adl-regalosempresa.com\/tiendaonline\/wp-json\/wp\/v2\/media?parent=107173"}],"wp:term":[{"taxonomy":"product_brand","embeddable":true,"href":"https:\/\/adl-regalosempresa.com\/tiendaonline\/wp-json\/wp\/v2\/product_brand?post=107173"},{"taxonomy":"product_cat","embeddable":true,"href":"https:\/\/adl-regalosempresa.com\/tiendaonline\/wp-json\/wp\/v2\/product_cat?post=107173"},{"taxonomy":"product_tag","embeddable":true,"href":"https:\/\/adl-regalosempresa.com\/tiendaonline\/wp-json\/wp\/v2\/product_tag?post=107173"}],"curies":[{"name":"wp","href":"https:\/\/api.w.org\/{rel}","templated":true}]}}